* using log directory 'd:/RCompile/CRANincoming/R-devel/groupedHyperframe.Rcheck' * using R Under development (unstable) (2025-10-10 r88914 ucrt) * using platform: x86_64-w64-mingw32 * R was compiled by gcc.exe (GCC) 14.2.0 GNU Fortran (GCC) 14.2.0 * running under: Windows Server 2022 x64 (build 20348) * using session charset: UTF-8 * checking for file 'groupedHyperframe/DESCRIPTION' ... OK * checking extension type ... Package * this is package 'groupedHyperframe' version '0.3.0' * package encoding: UTF-8 * checking CRAN incoming feasibility ... OK * checking package namespace information ... OK * checking package dependencies ... OK * checking if this is a source package ... OK * checking if there is a namespace ... OK * checking for hidden files and directories ... OK * checking for portable file names ... OK * checking whether package 'groupedHyperframe' can be installed ... OK * checking installed package size ... OK * checking package directory ... OK * checking for future file timestamps ... OK * checking 'build' directory ... OK * checking DESCRIPTION meta-information ... OK * checking top-level files ... OK * checking for left-over files ... OK * checking index information ... OK * checking package subdirectories ... OK * checking code files for non-ASCII characters ... OK * checking R files for syntax errors ... OK * checking whether the package can be loaded ... OK * checking whether the package can be loaded with stated dependencies ... OK * checking whether the package can be unloaded cleanly ... OK * checking whether the namespace can be loaded with stated dependencies ... OK * checking whether the namespace can be unloaded cleanly ... OK * checking loading without being on the library search path ... OK * checking whether startup messages can be suppressed ... OK * checking use of S3 registration ... OK * checking dependencies in R code ... OK * checking S3 generic/method consistency ... OK * checking replacement functions ... OK * checking foreign function calls ... OK * checking R code for possible problems ... [20s] OK * checking Rd files ... OK * checking Rd metadata ... OK * checking Rd line widths ... OK * checking Rd cross-references ... OK * checking for missing documentation entries ... OK * checking for code/documentation mismatches ... OK * checking Rd \usage sections ... OK * checking Rd contents ... OK * checking for unstated dependencies in examples ... OK * checking contents of 'data' directory ... OK * checking data for non-ASCII characters ... OK * checking LazyData ... OK * checking data for ASCII and uncompressed saves ... OK * checking installed files from 'inst/doc' ... OK * checking files in 'vignettes' ... OK * checking examples ... ERROR Running examples in 'groupedHyperframe-Ex.R' failed The error occurred in: R Under development (unstable) (2025-10-10 r88914 ucrt) -- "Unsuffered Consequences" Copyright (C) 2025 The R Foundation for Statistical Computing Platform: x86_64-w64-mingw32/x64 R is free software and comes with ABSOLUTELY NO WARRANTY. You are welcome to redistribute it under certain conditions. Type 'license()' or 'licence()' for distribution details. Natural language support but running in an English locale R is a collaborative project with many contributors. Type 'contributors()' for more information and 'citation()' on how to cite R or R packages in publications. Type 'demo()' for some demos, 'help()' for on-line help, or 'help.start()' for an HTML browser interface to help. Type 'q()' to quit R. > pkgname <- "groupedHyperframe" > source(file.path(R.home("share"), "R", "examples-header.R")) > options(warn = 1) > options(pager = "console") > base::assign(".ExTimings", "groupedHyperframe-Ex.timings", pos = 'CheckExEnv') > base::cat("name\tuser\tsystem\telapsed\n", file=base::get(".ExTimings", pos = 'CheckExEnv')) > base::assign(".format_ptime", + function(x) { + if(!is.na(x[4L])) x[1L] <- x[1L] + x[4L] + if(!is.na(x[5L])) x[2L] <- x[2L] + x[5L] + options(OutDec = '.') + format(x[1L:3L], digits = 7L) + }, + pos = 'CheckExEnv') > > ### * > library('groupedHyperframe') > > base::assign(".oldSearch", base::search(), pos = 'CheckExEnv') > base::assign(".old_wd", base::getwd(), pos = 'CheckExEnv') > cleanEx() Error: connections left open: <-CRANwin3.fb05.statistik.uni-dortmund.de:11040 (sockconn) <-CRANwin3.fb05.statistik.uni-dortmund.de:11040 (sockconn) <-CRANwin3.fb05.statistik.uni-dortmund.de:11040 (sockconn) <-CRANwin3.fb05.statistik.uni-dortmund.de:11040 (sockconn) <-CRANwin3.fb05.statistik.uni-dortmund.de:11040 (sockconn) <-CRANwin3.fb05.statistik.uni-dortmund.de:11040 (sockconn) <-CRANwin3.fb05.statistik.uni-dortmund.de:11040 (sockconn) <-CRANwin3.fb05.statistik.uni-dortmund.de:11040 (sockconn) <-CRANwin3.fb05.statistik.uni-dortmund.de:11040 (sockconn) <-CRANwin3.fb05.statistik.uni-dortmund.de:11040 (sockconn) <-CRANwin3.fb05.statistik.uni-dortmund.de:11040 (sockconn) <-CRANwin3.fb05.statistik.uni-dortmund.de:11040 (sockconn) <-CRANwin3.fb05.statistik.uni-dortmund.de:11040 (sockconn) <-CRANwin3.fb05.statistik.uni-dortmund.de:11040 (sockconn) <-CRANwin3.fb05.statistik.uni-dortmund.de:11040 (sockconn) <-CRANwin3.fb05.statistik.uni-dortmund.de:11040 (sockconn) <-CRANwin Execution halted * checking for unstated dependencies in vignettes ... OK * checking package vignettes ... OK * checking re-building of vignette outputs ... [68m] ERROR Error(s) in re-building vignettes: --- re-building 'groupedHyperframe.qmd' using html processing file: groupedHyperframe.qmd Warning message: package "methods" in options("defaultPackages") was not found Mingw-w64 runtime failure: VirtualProtect failed with code 0x5afWarning message: package "methods" in options("defaultPackages") was not found Warning message: package "methods" in options("defaultPackages") was not found Warning message: package "methods" in options("defaultPackages") was not found Warning message: package "methods" in options("defaultPackages") was not found Error in value[[3L]](cond) : object '.slaveRSOCK' not found Calls: tryCatch -> tryCatchList -> tryCatchOne -> Execution halted During startup - Warning messages: 1: package 'utils' in options("defaultPackages") was not found 2: In .getClassesFromCache(Class) : restarting interrupted promise evaluation 3: package 'grDevices' in options("defaultPackages") was not found 4: In grepl(valid_numeric_version_regexp, x) : TRE pattern compilation error 'Out of memory' 5: package 'graphics' in options("defaultPackages") was not found 6: In grepl(valid_numeric_version_regexp, x) : TRE pattern compilation error 'Out of memory' 7: package 'stats' in options("defaultPackages") was not found Mingw-w64 runtime failure: VirtualProtect failed with code 0x5afMingw-w64 runtime failure: VirtualProtect failed with code 0x5afError : memory exhausted Error in gzfile(file, "rb") : cannot open the connection In addition: Warning messages: 1: package 'utils' in options("defaultPackages") was not found 2: In gzfile(file, "rb") : cannot open compressed file 'D:/RCompile/recent/R/library/grDevices/Meta/features.rds', probable reason 'Not enough space' 3: package 'grDevices' in options("defaultPackages") was not found 4: In .getClassesFromCache(Class) : restarting interrupted promise evaluation 5: In gzfile(file, "rb") : cannot open compressed file 'D:/RCompile/recent/R/library/graphics/R/graphics.rdx', probable reason 'Not enough space' Warning message: package "methods" in options("defaultPackages") was not found Mingw-w64 runtime failure: VirtualProtect failed with code 0x5afMingw-w64 runtime failure: VirtualProtect failed with code 0x5afMingw-w64 runtime failure: VirtualProtect failed with code 0x5afMingw-w64 runtime failure: VirtualProtect failed with code 0x5afDuring startup - Warning messages: 1: package 'utils' in options("defaultPackages") was not found 2: In .getClassesFromCache(Class) : restarting interrupted promise evaluation 3: package 'grDevices' in options("defaultPackages") was not found Mingw-w64 runtime failure: VirtualProtect failed with code 0x5afDuring startup - Warning messages: 1: package 'utils' in options("defaultPackages") was not found 2: In .getClassesFromCache(Class) : restarting interrupted promise evaluation During startup - Warning messages: 1: package 'utils' in options("defaultPackages") was not found 2: In .getClassesFromCache(Class) : restarting interrupted promise evaluation During startup - Warning messages: 1: package 'utils' in options("defaultPackages") was not found 2: In .getClassesFromCache(Class) : restarting interrupted promise evaluation Mingw-w64 runtime failure: VirtualProtect failed with code 0x5afMingw-w64 runtime failure: VirtualProtect failed with code 0x5afDuring startup - Warning message: package 'graphics' in options("defaultPackages") was not found During startup - Warning messages: 1: package 'utils' in options("defaultPackages") was not found 2: In .getClassesFromCache(Class) : restarting interrupted promise evaluation 3: package 'stats' in options("defaultPackages") was not found During startup - Warning messages: 1: package 'utils' in options("defaultPackages") was not found 2: In .getClassesFromCache(Class) : restarting interrupted promise evaluation 3: package 'stats' in options("defaultPackages") was not found Mingw-w64 runtime failure: VirtualProtect failed with code 0x5afDuring startup - Warning messages: 1: package 'utils' in options("defaultPackages") was not found 2: In .getClassesFromCache(Class) : restarting interrupted promise evaluation During startup - Warning messages: 1: package 'utils' in options("defaultPackages") was not found 2: In .getClassesFromCache(Class) : restarting interrupted promise evaluation 3: package 'stats' in options("defaultPackages") was not found During startup - Warning messages: 1: package 'utils' in options("defaultPackages") was not found 2: In .getClassesFromCache(Class) : restarting interrupted promise evaluation During startup - Warning messages: 1: package 'utils' in options("defaultPackages") was not found 2: In .getClassesFromCache(Class) : restarting interrupted promise evaluation During startup - Warning messages: 1: package 'utils' in options("defaultPackages") was not found 2: In .getClassesFromCache(Class) : restarting interrupted promise evaluation During startup - Warning messages: 1: package 'utils' in options("defaultPackages") was not found 2: In .getClassesFromCache(Class) : restarting interrupted promise evaluation During startup - Warning messages: 1: package 'utils' in options("defaultPackages") was not found 2: In .getClassesFromCache(Class) : restarting interrupted promise evaluation During startup - Warning messages: 1: package 'utils' in options("defaultPackages") was not found 2: In .getClassesFromCache(Class) : restarting interrupted promise evaluation During startup - Warning messages: 1: package 'utils' in options("defaultPackages") was not found During startup - 2: Warning messages: 1: package 'utils' in options("defaultPackages") was not found In .getClassesFromCache(Class) : restarting interrupted promise evaluation 2: In .getClassesFromCache(Class) : restarting interrupted promise evaluation During startup - Warning messages: 1: package 'utils' in options("defaultPackages") was not found 2: In .getClassesFromCache(Class) : restarting interrupted promise evaluation During startup - Warning messages: 1: package 'utils' in options("defaultPackages") was not found 2: In strsplit(x[ok], "[.-]") : TRE pattern compilation error 'Out of memory' 3: package 'grDevices' in options("defaultPackages") was not found 4: In .getClassesFromCache(Class) : restarting interrupted promise evaluation During startup - Warning messages: 1: package 'utils' in options("defaultPackages") was not found 2: In .getClassesFromCache(Class) : restarting interrupted promise evaluation During startup - Warning messages: 1: package 'utils' in options("defaultPackages") was not found 2: In .getClassesFromCache(Class) : restarting interrupted promise evaluation During startup - Warning messages: 1: package 'utils' in options("defaultPackages") was not found 2: In .getClassesFromCache(Class) : restarting interrupted promise evaluation During startup - Warning messages: 1: package 'utils' in options("defaultPackages") was not found 2: During startup - In .getClassesFromCache(Class) : restarting interrupted promise evaluation Warning messages: 1: package 'utils' in options("defaultPackages") was not found 2: In .getClassesFromCache(Class) : restarting interrupted promise evaluation During startup - Warning messages: 1: package 'utils' in options("defaultPackages") was not found 2: package 'grDevices' in options("defaultPackages") was not found 3: In .getClassesFromCache(Class) : restarting interrupted promise evaluation During startup - Warning message: package 'stats' in options("defaultPackages") was not found During startup - Warning messages: 1: package 'utils' in options("defaultPackages") was not found 2: In .getClassesFromCache(Class) : restarting interrupted promise evaluation During startup - Warning messages: 1: package 'utils' in options("defaultPackages") was not found 2: package 'grDevices' in options("defaultPackages") was not found 3: In .getClassesFromCache(Class) : restarting interrupted promise evaluation During startup - Warning messages: 1: package 'utils' in options("defaultPackages") was not found 2: In .getClassesFromCache(Class) : restarting interrupted promise evaluation During startup - Warning messages: 1: package 'utils' in options("defaultPackages") was not found 2: In fun(libname, pkgname) : restarting interrupted promise evaluation During startup - Warning messages: 1: package 'utils' in options("defaultPackages") was not found 2: In .getClassesFromCache(Class) : restarting interrupted promise evaluation During startup - Warning messages: 1: package 'utils' in options("defaultPackages") was not found 2: In .getClassesFromCache(Class) : restarting interrupted promise evaluation During startup - Warning messages: 1: package 'utils' in options("defaultPackages") was not found 2: In .getClassesFromCache(Class) : restarting interrupted promise evaluation During startup - Warning message: package 'utils' in options("defaultPackages") was not found During startup - Warning messages: 1: package 'utils' in options("defaultPackages") was not found 2: In .getClassesFromCache(Class) : restarting interrupted promise evaluation During startup - Warning messages: 1: In match.arg(event) : restarting interrupted promise evaluation 2: In conditionCall(e) : restarting interrupted promise evaluation 3: package 'utils' in options("defaultPackages") was not found 4: In .getClassesFromCache(Class) : restarting interrupted promise evaluation During startup - Warning messages: 1: package 'utils' in options("defaultPackages") was not found 2: In .getClassesFromCache(Class) : restarting interrupted promise evaluation During startup - Warning messages: 1: package 'utils' in options("defaultPackages") was not found 2: In .getClassesFromCache(Class) : restarting interrupted promise evaluation During startup - Warning messages: 1: package 'utils' in options("defaultPackages") was not found 2: In .getClassesFromCache(Class) : restarting interrupted promise evaluation During startup - Warning messages: 1: package 'utils' in options("defaultPackages") was not found 2: In .getClassesFromCache(Class) : restarting interrupted promise evaluation During startup - Warning messages: 1: package 'utils' in options("defaultPackages") was not found 2: In .getClassesFromCache(Class) : restarting interrupted promise evaluation 3: In gzfile(file, "rb") : cannot open compressed file 'D:/RCompile/recent/R/library/graphics/Meta/package.rds', probable reason 'Not enough space' 4: package 'graphics' in options("defaultPackages") was not found During startup - Warning messages: 1: package 'datasets' in options("defaultPackages") was not found 2: package 'utils' in options("defaultPackages") was not found 3: In .getClassesFromCache(Class) : restarting interrupted promise evaluation During startup - Warning messages: 1: package 'utils' in options("defaultPackages") was not found 2: In .getClassesFromCache(Class) : restarting interrupted promise evaluation Mingw-w64 runtime failure: VirtualProtect failed with code 0x5afDuring startup - Warning messages: 1: package 'utils' in options("defaultPackages") was not found 2: In .getClassesFromCache(Class) : restarting interrupted promise evaluation During startup - Warning messages: 1: package 'utils' in options("defaultPackages") was not found 2: In .getClassesFromCache(Class) : restarting interrupted promise evaluation Fatal error: couldn't allocate node stack Fatal error: couldn't allocate node stack During startup - Warning message: package 'stats' in options("defaultPackages") was not found Fatal error: couldn't allocate node stack Mingw-w64 runtime failure: VirtualProtect failed with code 0x5afFatal error: couldn't allocate node stack Fatal error: couldn't allocate node stack Fatal error: couldn't allocate node stack Fatal error: couldn't allocate node stack Fatal error: couldn't allocate node stack Fatal error: couldn't allocate node stack Fatal error: couldn't allocate memory for pointer stack Fatal error: couldn't allocate node stack Warning message: package "methods" in options("defaultPackages") was not found Error: memory exhausted Execution halted Error in value[[3L]](cond) : object '.slaveRSOCK' not found Calls: tryCatch -> tryCatchList -> tryCatchOne -> Execution halted During startup - Warning messages: 1: In gzfile(file, "rb") : cannot open compressed file 'D:/RCompile/recent/R/library/datasets/Meta/package.rds', probable reason 'Not enough space' 2: package 'datasets' in options("defaultPackages") was not found Error: cannot allocate vector of size 21 Kb Execution halted Mingw-w64 runtime failure: VirtualProtect failed with code 0x5afWarning message: package "methods" in options("defaultPackages") was not found Error: memory exhausted Execution halted Error: memory exhausted Execution halted Warning message: In Sys.info() : cannot resolve current user or domain: 'Zur Verarbeitung dieses Befehls sind nicht genügend Speicherressourcen verfügbar' Error: memory exhausted Execution halted Error: memory exhausted Execution halted Error: memory exhausted Execution halted Warning messages: 1: In grepl(valid_numeric_version_regexp, x) : TRE pattern compilation error 'Out of memory' 2: package "methods" in options("defaultPackages") was not found Warning message: package "methods" in options("defaultPackages") was not found Error: memory exhausted Execution halted Warning message: package "methods" in options("defaultPackages") was not found Error : memory exhausted Warning message: package "methods" in options("defaultPackages") was not found Error : memory exhausted Warning message: package "methods" in options("defaultPackages") was not found Warning message: package "methods" in options("defaultPackages") was not found Error in readRDS(mapfile) : error reading from connection In addition: Warning messages: 1: package 'datasets' in options("defaultPackages") was not found 2: In lazyLoad(dbbase, ns, filter = function(n) n != ".__NAMESPACE__.") : restarting interrupted promise evaluation Warning message: package "methods" in options("defaultPackages") was not found Error : memory exhausted In addition: Warning message: In numeric_version(x) : restarting interrupted promise evaluation During startup - Warning messages: 1: package 'utils' in options("defaultPackages") was not found 2: In .getClassesFromCache(Class) : restarting interrupted promise evaluation During startup - Warning message: package 'utils' in options("defaultPackages") was not found Fatal error: couldn't allocate node stack Fatal error: couldn't allocate node stack Fatal error: couldn't allocate node stack Fatal error: couldn't allocate node stack Fatal error: couldn't allocate memory for pointer stack Fatal error: couldn't allocate node stack Fatal error: couldn't allocate node stack Fatal error: couldn't allocate node stack Fatal error: couldn't allocate node stack Fatal error: couldn't allocate node stack Fatal error: couldn't allocate node stack Mingw-w64 runtime failure: VirtualProtect failed with code 0x5afError in gzfile(file, "rb") : cannot open the connection In addition: Warning message: In gzfile(file, "rb") : cannot open compressed file 'D:/RCompile/recent/R/library/methods/R/methods.rdx', probable reason 'Not enough space' Warning message: package "methods" in options("defaultPackages") was not found Fatal error: couldn't allocate node stack Warning message: package "methods" in options("defaultPackages") was not found <--- Last few GCs ---> [206096:0000021D8CEB5000] 399718 ms: Mark-Compact (reduce) 30.5 (35.4) -> 28.4 (31.6) MB, pooled: 0 MB, 62.37 / 0.00 ms (+ 154.3 ms in 0 steps since start of marking, biggest step 0.0 ms, walltime since start of marking 655 ms) (average mu = 0.999, cur[206096:0000021D8CEB5000] 530079 ms: Mark-Compact (reduce) 28.5 (31.6) -> 28.4 (30.8) MB, pooled: 0 MB, 3.42 / 0.00 ms (+ 4.8 ms in 0 steps since start of marking, biggest step 0.0 ms, walltime since start of marking 9 ms) (average mu = 1.000, current <--- JS stacktrace ---> # # Fatal JavaScript out of memory: Committing semi space failed. # ==== C stack trace =============================== CrashForExceptionInNonABICompliantCodeRange [0x00007FF6470511BB+1316507] onig_get_string_end_by_callout_args [0x00007FF646D3EF47+10132403] onig_get_string_end_by_callout_args [0x00007FF646D9AB6A+10508246] onig_get_string_end_by_callout_args [0x00007FF646D1B1DC+9985608] onig_get_string_end_by_callout_args [0x00007FF646E25917+11076995] CrashForExceptionInNonABICompliantCodeRange [0x00007FF64725A122+3450370] CrashForExceptionInNonABICompliantCodeRange [0x00007FF6472614A7+3479943] onig_get_string_end_by_callout_args [0x00007FF646E2928C+11091704] onig_get_string_end_by_callout_args [0x00007FF646E2813C+11087272] onig_get_string_end_by_callout_args [0x00007FF646E3A261+11161293] onig_get_string_end_by_callout_args [0x00007FF646E39D2B+11159959] onig_unicode_define_user_property [0x00007FF6483EAB8D+1087505] onig_get_string_end_by_callout_args [0x00007FF646E23577+11067875] CrashForExceptionInNonABICompliantCodeRange [0x00007FF64725761A+3439354] onig_get_string_end_by_callout_args [0x00007FF646D3E514+10129792] onig_get_start_by_callout_args [0x00007FF64537C11A+3484322] onig_get_capture_tree [0x00007FF644BA36ED+972221] (No symbol) [0x00007FF64481C7C1] onig_get_capture_tree [0x00007FF644F0E9FB+4557003] onig_get_capture_tree [0x00007FF644F0BC7D+4545357] onig_get_capture_tree [0x00007FF644F0A489+4539225] onig_get_capture_tree [0x00007FF644F4888C+4794204] onig_get_capture_tree [0x00007FF644F4594B+4782107] onig_get_regex_by_callout_args [0x00007FF6448E9FBF+98607] node_api_get_module_file_name [0x00007FF64501B775+247652] onig_get_regex_by_callout_args [0x00007FF644A579A7+1596183] onig_get_capture_tree [0x00007FF644F51199+4829289] onig_get_regex_by_callout_args [0x00007FF6448D9FF4+33124] node_api_get_module_file_name [0x00007FF64501B856+247877] onig_unicode_define_user_property [0x00007FF6483EB15C+1088992] BaseThreadInitThunk [0x00007FFA26604CB0+16] RtlUserThreadStart [0x00007FFA27CDEDCB+43] Error: processing vignette 'groupedHyperframe.qmd' failed with diagnostics: ! Error running quarto CLI from R. Caused by error in `quarto_render()`: ✖ Error returned by quarto CLI. ----------------------------- processing file: groupedHyperframe.qmd Warning message: package "methods" in options("defaultPackages") was not found Mingw-w64 runtime failure: VirtualProtect failed with code 0x5afWarning message: package "methods" in options("defaultPackages") was not found Warning message: package "methods" in options("defaultPackages") was not found Warning message: package "methods" in options("defaultPackages") was not found Warning message: package "methods" in options("defaultPackages") was not found Error in value[[3L]](cond) : object '.slaveRSOCK' not found Calls: tryCatch -> tryCatchList -> tryCatchOne -> Execution halted During startup - Warning messages: 1: package 'utils' in options("defaultPackages") was not found 2: In .getClassesFromCache(Class) : restarting interrupted promise evaluation 3: package 'grDevices' in options("defaultPackages") was not found 4: In grepl(valid_numeric_version_regexp, x) : TRE pattern compilation error 'Out of memory' 5: package 'graphics' in options("defaultPackages") was not found 6: In grepl(valid_numeric_version_regexp, x) : TRE pattern compilation error 'Out of memory' 7: package 'stats' in options("defaultPackages") was not found Mingw-w64 runtime failure: VirtualProtect failed with code 0x5afMingw-w64 runtime failure: VirtualProtect failed with code 0x5afError : memory exhausted Error in gzfile(file, "rb") : cannot open the connection In addition: Warning messages: 1: package 'utils' in options("defaultPackages") was not found 2: In gzfile(file, "rb") : cannot open compressed file 'D:/RCompile/recent/R/library/grDevices/Meta/features.rds', probable reason 'Not enough space' 3: package 'grDevices' in options("defaultPackages") was not found 4: In .getClassesFromCache(Class) : restarting interrupted promise evaluation 5: In gzfile(file, "rb") : cannot open compressed file 'D:/RCompile/recent/R/library/graphics/R/graphics.rdx', probable reason 'Not enough space' Warning message: package "methods" in options("defaultPackages") was not found Mingw-w64 runtime failure: VirtualProtect failed with code 0x5afMingw-w64 runtime failure: VirtualProtect failed with code 0x5afMingw-w64 runtime failure: VirtualProtect failed with code 0x5afMingw-w64 runtime failure: VirtualProtect failed with code 0x5afDuring startup - Warning messages: 1: package 'utils' in options("defaultPackages") was not found 2: In .getClassesFromCache(Class) : restarting interrupted promise evaluation 3: package 'grDevices' in options("defaultPackages") was not found Mingw-w64 runtime failure: VirtualProtect failed with code 0x5afDuring startup - Warning messages: 1: package 'utils' in options("defaultPackages") was not found 2: In .getClassesFromCache(Class) : restarting interrupted promise evaluation During startup - Warning messages: 1: package 'utils' in options("defaultPackages") was not found 2: In .getClassesFromCache(Class) : restarting interrupted promise evaluation During startup - Warning messages: 1: package 'utils' in options("defaultPackages") was not found 2: In .getClassesFromCache(Class) : restarting interrupted promise evaluation Mingw-w64 runtime failure: VirtualProtect failed with code 0x5afMingw-w64 runtime failure: VirtualProtect failed with code 0x5afDuring startup - Warning message: package 'graphics' in options("defaultPackages") was not found During startup - Warning messages: 1: package 'utils' in options("defaultPackages") was not found 2: In .getClassesFromCache(Class) : restarting interrupted promise evaluation 3: package 'stats' in options("defaultPackages") was not found During startup - Warning messages: 1: package 'utils' in options("defaultPackages") was not found 2: In .getClassesFromCache(Class) : restarting interrupted promise evaluation 3: package 'stats' in options("defaultPackages") was not found Mingw-w64 runtime failure: VirtualProtect failed with code 0x5afDuring startup - Warning messages: 1: package 'utils' in options("defaultPackages") was not found 2: In .getClassesFromCache(Class) : restarting interrupted promise evaluation During startup - Warning messages: 1: package 'utils' in options("defaultPackages") was not found 2: In .getClassesFromCache(Class) : restarting interrupted promise evaluation 3: package 'stats' in options("defaultPackages") was not found During startup - Warning messages: 1: package 'utils' in options("defaultPackages") was not found 2: In .getClassesFromCache(Class) : restarting interrupted promise evaluation During startup - Warning messages: 1: package 'utils' in options("defaultPackages") was not found 2: In .getClassesFromCache(Class) : restarting interrupted promise evaluation During startup - Warning messages: 1: package 'utils' in options("defaultPackages") was not found 2: In .getClassesFromCache(Class) : restarting interrupted promise evaluation During startup - Warning messages: 1: package 'utils' in options("defaultPackages") was not found 2: In .getClassesFromCache(Class) : restarting interrupted promise evaluation During startup - Warning messages: 1: package 'utils' in options("defaultPackages") was not found 2: In .getClassesFromCache(Class) : restarting interrupted promise evaluation During startup - Warning messages: 1: package 'utils' in options("defaultPackages") was not found 2: In .getClassesFromCache(Class) : restarting interrupted promise evaluation During startup - Warning messages: 1: package 'utils' in options("defaultPackages") was not found During startup - 2: Warning messages: 1: package 'utils' in options("defaultPackages") was not found In .getClassesFromCache(Class) : restarting interrupted promise evaluation 2: In .getClassesFromCache(Class) : restarting interrupted promise evaluation During startup - Warning messages: 1: package 'utils' in options("defaultPackages") was not found 2: In .getClassesFromCache(Class) : restarting interrupted promise evaluation During startup - Warning messages: 1: package 'utils' in options("defaultPackages") was not found 2: In strsplit(x[ok], "[.-]") : TRE pattern compilation error 'Out of memory' 3: package 'grDevices' in options("defaultPackages") was not found 4: In .getClassesFromCache(Class) : restarting interrupted promise evaluation During startup - Warning messages: 1: package 'utils' in options("defaultPackages") was not found 2: In .getClassesFromCache(Class) : restarting interrupted promise evaluation During startup - Warning messages: 1: package 'utils' in options("defaultPackages") was not found 2: In .getClassesFromCache(Class) : restarting interrupted promise evaluation During startup - Warning messages: 1: package 'utils' in options("defaultPackages") was not found 2: In .getClassesFromCache(Class) : restarting interrupted promise evaluation During startup - Warning messages: 1: package 'utils' in options("defaultPackages") was not found 2: During startup - In .getClassesFromCache(Class) : restarting interrupted promise evaluation Warning messages: 1: package 'utils' in options("defaultPackages") was not found 2: In .getClassesFromCache(Class) : restarting interrupted promise evaluation During startup - Warning messages: 1: package 'utils' in options("defaultPackages") was not found 2: package 'grDevices' in options("defaultPackages") was not found 3: In .getClassesFromCache(Class) : restarting interrupted promise evaluation During startup - Warning message: package 'stats' in options("defaultPackages") was not found During startup - Warning messages: 1: package 'utils' in options("defaultPackages") was not found 2: In .getClassesFromCache(Class) : restarting interrupted promise evaluation During startup - Warning messages: 1: package 'utils' in options("defaultPackages") was not found 2: package 'grDevices' in options("defaultPackages") was not found 3: In .getClassesFromCache(Class) : restarting interrupted promise evaluation During startup - Warning messages: 1: package 'utils' in options("defaultPackages") was not found 2: In .getClassesFromCache(Class) : restarting interrupted promise evaluation During startup - Warning messages: 1: package 'utils' in options("defaultPackages") was not found 2: In fun(libname, pkgname) : restarting interrupted promise evaluation During startup - Warning messages: 1: package 'utils' in options("defaultPackages") was not found 2: In .getClassesFromCache(Class) : restarting interrupted promise evaluation During startup - Warning messages: 1: package 'utils' in options("defaultPackages") was not found 2: In .getClassesFromCache(Class) : restarting interrupted promise evaluation During startup - Warning messages: 1: package 'utils' in options("defaultPackages") was not found 2: In .getClassesFromCache(Class) : restarting interrupted promise evaluation During startup - Warning message: package 'utils' in options("defaultPackages") was not found During startup - Warning messages: 1: package 'utils' in options("defaultPackages") was not found 2: In .getClassesFromCache(Class) : restarting interrupted promise evaluation During startup - Warning messages: 1: In match.arg(event) : restarting interrupted promise evaluation 2: In conditionCall(e) : restarting interrupted promise evaluation 3: package 'utils' in options("defaultPackages") was not found 4: In .getClassesFromCache(Class) : restarting interrupted promise evaluation During startup - Warning messages: 1: package 'utils' in options("defaultPackages") was not found 2: In .getClassesFromCache(Class) : restarting interrupted promise evaluation During startup - Warning messages: 1: package 'utils' in options("defaultPackages") was not found 2: In .getClassesFromCache(Class) : restarting interrupted promise evaluation During startup - Warning messages: 1: package 'utils' in options("defaultPackages") was not found 2: In .getClassesFromCache(Class) : restarting interrupted promise evaluation During startup - Warning messages: 1: package 'utils' in options("defaultPackages") was not found 2: In .getClassesFromCache(Class) : restarting interrupted promise evaluation During startup - Warning messages: 1: package 'utils' in options("defaultPackages") was not found 2: In .getClassesFromCache(Class) : restarting interrupted promise evaluation 3: In gzfile(file, "rb") : cannot open compressed file 'D:/RCompile/recent/R/library/graphics/Meta/package.rds', probable reason 'Not enough space' 4: package 'graphics' in options("defaultPackages") was not found During startup - Warning messages: 1: package 'datasets' in options("defaultPackages") was not found 2: package 'utils' in options("defaultPackages") was not found 3: In .getClassesFromCache(Class) : restarting interrupted promise evaluation During startup - Warning messages: 1: package 'utils' in options("defaultPackages") was not found 2: In .getClassesFromCache(Class) : restarting interrupted promise evaluation Mingw-w64 runtime failure: VirtualProtect failed with code 0x5afDuring startup - Warning messages: 1: package 'utils' in options("defaultPackages") was not found 2: In .getClassesFromCache(Class) : restarting interrupted promise evaluation During startup - Warning messages: 1: package 'utils' in options("defaultPackages") was not found 2: In .getClassesFromCache(Class) : restarting interrupted promise evaluation Fatal error: couldn't allocate node stack Fatal error: couldn't allocate node stack During startup - Warning message: package 'stats' in options("defaultPackages") was not found Fatal error: couldn't allocate node stack Mingw-w64 runtime failure: VirtualProtect failed with code 0x5afFatal error: couldn't allocate node stack Fatal error: couldn't allocate node stack Fatal error: couldn't allocate node stack Fatal error: couldn't allocate node stack Fatal error: couldn't allocate node stack Fatal error: couldn't allocate node stack Fatal error: couldn't allocate memory for pointer stack Fatal error: couldn't allocate node stack Warning message: package "methods" in options("defaultPackages") was not found Error: memory exhausted Execution halted Error in value[[3L]](cond) : object '.slaveRSOCK' not found Calls: tryCatch -> tryCatchList -> tryCatchOne -> Execution halted During startup - Warning messages: 1: In gzfile(file, "rb") : cannot open compressed file 'D:/RCompile/recent/R/library/datasets/Meta/package.rds', probable reason 'Not enough space' 2: package 'datasets' in options("defaultPackages") was not found Error: cannot allocate vector of size 21 Kb Execution halted Mingw-w64 runtime failure: VirtualProtect failed with code 0x5afWarning message: package "methods" in options("defaultPackages") was not found Error: memory exhausted Execution halted Error: memory exhausted Execution halted Warning message: In Sys.info() : cannot resolve current user or domain: 'Zur Verarbeitung dieses Befehls sind nicht genügend Speicherressourcen verfügbar' Error: memory exhausted Execution halted Error: memory exhausted Execution halted Error: memory exhausted Execution halted Warning messages: 1: In grepl(valid_numeric_version_regexp, x) : TRE pattern compilation error 'Out of memory' 2: package "methods" in options("defaultPackages") was not found Warning message: package "methods" in options("defaultPackages") was not found Error: memory exhausted Execution halted Warning message: package "methods" in options("defaultPackages") was not found Error : memory exhausted Warning message: package "methods" in options("defaultPackages") was not found Error : memory exhausted Warning message: package "methods" in options("defaultPackages") was not found Warning message: package "methods" in options("defaultPackages") was not found Error in readRDS(mapfile) : error reading from connection In addition: Warning messages: 1: package 'datasets' in options("defaultPackages") was not found 2: In lazyLoad(dbbase, ns, filter = function(n) n != ".__NAMESPACE__.") : restarting interrupted promise evaluation Warning message: package "methods" in options("defaultPackages") was not found Error : memory exhausted In addition: Warning message: In numeric_version(x) : restarting interrupted promise evaluation During startup - Warning messages: 1: package 'utils' in options("defaultPackages") was not found 2: In .getClassesFromCache(Class) : restarting interrupted promise evaluation During startup - Warning message: package 'utils' in options("defaultPackages") was not found Fatal error: couldn't allocate node stack Fatal error: couldn't allocate node stack Fatal error: couldn't allocate node stack Fatal error: couldn't allocate node stack Fatal error: couldn't allocate memory for pointer stack Fatal error: couldn't allocate node stack Fatal error: couldn't allocate node stack Fatal error: couldn't allocate node stack Fatal error: couldn't allocate node stack Fatal error: couldn't allocate node stack Fatal error: couldn't allocate node stack Mingw-w64 runtime failure: VirtualProtect failed with code 0x5afError in gzfile(file, "rb") : cannot open the connection In addition: Warning message: In gzfile(file, "rb") : cannot open compressed file 'D:/RCompile/recent/R/library/methods/R/methods.rdx', probable reason 'Not enough space' Warning message: package "methods" in options("defaultPackages") was not found Fatal error: couldn't allocate node stack Warning message: package "methods" in options("defaultPackages") was not found <--- Last few GCs ---> [206096:0000021D8CEB5000] 399718 ms: Mark-Compact (reduce) 30.5 (35.4) -> 28.4 (31.6) MB, pooled: 0 MB, 62.37 / 0.00 ms (+ 154.3 ms in 0 steps since start of marking, biggest step 0.0 ms, walltime since start of marking 655 ms) (average mu = 0.999, cur[206096:0000021D8CEB5000] 530079 ms: Mark-Compact (reduce) 28.5 (31.6) -> 28.4 (30.8) MB, pooled: 0 MB, 3.42 / 0.00 ms (+ 4.8 ms in 0 steps since start of marking, biggest step 0.0 ms, walltime since start of marking 9 ms) (average mu = 1.000, current <--- JS stacktrace ---> # # Fatal JavaScript out of memory: Committing semi space failed. # ==== C stack trace =============================== CrashForExceptionInNonABICompliantCodeRange [0x00007FF6470511BB+1316507] onig_get_string_end_by_callout_args [0x00007FF646D3EF47+10132403] onig_get_string_end_by_callout_args [0x00007FF646D9AB6A+10508246] onig_get_string_end_by_callout_args [0x00007FF646D1B1DC+9985608] onig_get_string_end_by_callout_args [0x00007FF646E25917+11076995] CrashForExceptionInNonABICompliantCodeRange [0x00007FF64725A122+3450370] CrashForExceptionInNonABICompliantCodeRange [0x00007FF6472614A7+3479943] onig_get_string_end_by_callout_args [0x00007FF646E2928C+11091704] onig_get_string_end_by_callout_args [0x00007FF646E2813C+11087272] onig_get_string_end_by_callout_args [0x00007FF646E3A261+11161293] onig_get_string_end_by_callout_args [0x00007FF646E39D2B+11159959] onig_unicode_define_user_property [0x00007FF6483EAB8D+1087505] onig_get_string_end_by_callout_args [0x00007FF646E23577+11067875] CrashForExceptionInNonABICompliantCodeRange [0x00007FF64725761A+3439354] onig_get_string_end_by_callout_args [0x00007FF646D3E514+10129792] onig_get_start_by_callout_args [0x00007FF64537C11A+3484322] onig_get_capture_tree [0x00007FF644BA36ED+972221] (No symbol) [0x00007FF64481C7C1] onig_get_capture_tree [0x00007FF644F0E9FB+4557003] onig_get_capture_tree [0x00007FF644F0BC7D+4545357] onig_get_capture_tree [0x00007FF644F0A489+4539225] onig_get_capture_tree [0x00007FF644F4888C+4794204] onig_get_capture_tree [0x00007FF644F4594B+4782107] onig_get_regex_by_callout_args [0x00007FF6448E9FBF+98607] node_api_get_module_file_name [0x00007FF64501B775+247652] onig_get_regex_by_callout_args [0x00007FF644A579A7+1596183] onig_get_capture_tree [0x00007FF644F51199+4829289] onig_get_regex_by_callout_args [0x00007FF6448D9FF4+33124] node_api_get_module_file_name [0x00007FF64501B856+247877] onig_unicode_define_user_property [0x00007FF6483EB15C+1088992] BaseThreadInitThunk [0x00007FFA26604CB0+16] RtlUserThreadStart [0x00007FFA27CDEDCB+43] Caused by error: ! System command 'quarto.exe' failed --- failed re-building 'groupedHyperframe.qmd' SUMMARY: processing the following file failed: 'groupedHyperframe.qmd' Error: Vignette re-building failed. Execution halted * checking PDF version of manual ... [19s] OK * checking HTML version of manual ... OK * DONE Status: 2 ERRORs