* using log directory ‘/srv/hornik/tmp/CRAN_pretest/groupedHyperframe.Rcheck’ * using R Under development (unstable) (2025-10-10 r88914) * using platform: x86_64-pc-linux-gnu * R was compiled by Debian clang version 19.1.7 (7) Debian flang-new version 19.1.7 (7) * running under: Debian GNU/Linux forky/sid * using session charset: UTF-8 * checking for file ‘groupedHyperframe/DESCRIPTION’ ... OK * checking extension type ... Package * this is package ‘groupedHyperframe’ version ‘0.3.0’ * package encoding: UTF-8 * checking CRAN incoming feasibility ... [5s/7s] NOTE Maintainer: ‘Tingting Zhan ’ Found the following (possibly) invalid URLs: URL: http://github.com/tingtingzhan/groupedHyperframe (moved to https://github.com/tingtingzhan/groupedHyperframe) From: DESCRIPTION man/groupedHyperframe-package.Rd inst/CITATION Status: 301 Message: Moved Permanently URL: http://www.posit.co/ (moved to https://posit.co/) From: inst/doc/groupedHyperframe.html Status: 301 Message: Moved Permanently For content that is 'Moved Permanently', please change http to https, add trailing slashes, or replace the old by the new URL. * checking package namespace information ... OK * checking package dependencies ... OK * checking if this is a source package ... OK * checking if there is a namespace ... OK * checking for executable files ... OK * checking for hidden files and directories ... OK * checking for portable file names ... OK * checking for sufficient/correct file permissions ... OK * checking whether package ‘groupedHyperframe’ can be installed ... [9s/9s] OK * checking package directory ... OK * checking for future file timestamps ... OK * checking ‘build’ directory ... OK * checking DESCRIPTION meta-information ... OK * checking top-level files ... OK * checking for left-over files ... OK * checking index information ... OK * checking package subdirectories ... OK * checking code files for non-ASCII characters ... OK * checking R files for syntax errors ... OK * checking whether the package can be loaded ... [2s/2s] OK * checking whether the package can be loaded with stated dependencies ... [2s/2s] OK * checking whether the package can be unloaded cleanly ... [2s/2s] OK * checking whether the namespace can be loaded with stated dependencies ... [2s/2s] OK * checking whether the namespace can be unloaded cleanly ... [2s/2s] OK * checking loading without being on the library search path ... [2s/2s] OK * checking whether startup messages can be suppressed ... [2s/2s] OK * checking use of S3 registration ... OK * checking dependencies in R code ... OK * checking S3 generic/method consistency ... OK * checking replacement functions ... OK * checking foreign function calls ... OK * checking R code for possible problems ... [10s/10s] OK * checking Rd files ... [0s/0s] OK * checking Rd metadata ... OK * checking Rd line widths ... OK * checking Rd cross-references ... OK * checking for missing documentation entries ... OK * checking for code/documentation mismatches ... OK * checking Rd \usage sections ... OK * checking Rd contents ... OK * checking for unstated dependencies in examples ... OK * checking contents of ‘data’ directory ... OK * checking data for non-ASCII characters ... [0s/0s] OK * checking LazyData ... OK * checking data for ASCII and uncompressed saves ... OK * checking installed files from ‘inst/doc’ ... OK * checking files in ‘vignettes’ ... OK * checking examples ... [4s/4s] OK * checking for unstated dependencies in vignettes ... OK * checking package vignettes ... OK * checking re-building of vignette outputs ... [4s/4s] ERROR Error(s) in re-building vignettes: ... --- re-building ‘groupedHyperframe.qmd’ using html  processing file: groupedHyperframe.qmd Error in citation(package = "hyper.gam") : there is no package called 'hyper.gam' Calls: .main ... eval -> eval -> gsub -> is.factor -> format -> citation  Quitting from groupedHyperframe.qmd:104-104 ~~~~~~~~~~~~~~~~~~~~~~~~~~~~~~~~~~~~~~~~~~~~~~~~~~~~~~~~~~~~~~~~~~~~~~~~~~~~~~~~ Error in `citation()`: ! there is no package called 'hyper.gam' --- Backtrace: ▆ 1. ├─base::gsub(...) 2. │ └─base::is.factor(x) 3. ├─base::format(citation(package = "hyper.gam")[[1L]], style = "text") 4. └─utils::citation(package = "hyper.gam") ~~~~~~~~~~~~~~~~~~~~~~~~~~~~~~~~~~~~~~~~~~~~~~~~~~~~~~~~~~~~~~~~~~~~~~~~~~~~~~~~ Execution halted WARN: Should not have arrived here: ERROR: [non-error-thrown] undefined Stack trace: at _Command.handleError (file:///opt/quarto/bin/quarto.js:10032:117) at _Command.parseCommand (file:///opt/quarto/bin/quarto.js:9719:12) at eventLoopTick (ext:core/01_core.js:178:7) at async quarto (file:///opt/quarto/bin/quarto.js:175522:5) at async file:///opt/quarto/bin/quarto.js:175550:5 at async file:///opt/quarto/bin/quarto.js:175405:14 at async mainRunner (file:///opt/quarto/bin/quarto.js:175407:5) at async file:///opt/quarto/bin/quarto.js:175543:3 Error: processing vignette 'groupedHyperframe.qmd' failed with diagnostics: ! Error running quarto CLI from R. Caused by error in `quarto_render()`: ✖ Error returned by quarto CLI. ----------------------------- processing file: groupedHyperframe.qmd Error in citation(package = "hyper.gam") : there is no package called 'hyper.gam' Calls: .main ... eval -> eval -> gsub -> is.factor -> format -> citation Quitting from groupedHyperframe.qmd:104-104 ~~~~~~~~~~~~~~~~~~~~~~~~~~~~~~~~~~~~~~~~~~~~~~~~~~~~~~~~~~~~~~~~~~~~~~~~~~~~~~~~ Error in `citation()`: ! there is no package called 'hyper.gam' --- Backtrace: ▆ 1. ├─base::gsub(...) 2. │ └─base::is.factor(x) 3. ├─base::format(citation(package = "hyper.gam")[[1L]], style = "text") 4. └─utils::citation(package = "hyper.gam") ~~~~~~~~~~~~~~~~~~~~~~~~~~~~~~~~~~~~~~~~~~~~~~~~~~~~~~~~~~~~~~~~~~~~~~~~~~~~~~~~ Execution halted WARN: Should not have arrived here: ERROR: [non-error-thrown] undefined Stack trace: at _Command.handleError (file:///opt/quarto/bin/quarto.js:10032:117) at _Command.parseCommand (file:///opt/quarto/bin/quarto.js:9719:12) at eventLoopTick (ext:core/01_core.js:178:7) at async quarto (file:///opt/quarto/bin/quarto.js:175522:5) at async file:///opt/quarto/bin/quarto.js:175550:5 at async file:///opt/quarto/bin/quarto.js:175405:14 at async mainRunner (file:///opt/quarto/bin/quarto.js:175407:5) at async file:///opt/quarto/bin/quarto.js:175543:3 Caused by error: ! System command 'quarto' failed --- failed re-building ‘groupedHyperframe.qmd’ SUMMARY: processing the following file failed: ‘groupedHyperframe.qmd’ Error: Vignette re-building failed. Execution halted * checking PDF version of manual ... [5s/5s] OK * checking HTML version of manual ... [1s/1s] OK * checking for non-standard things in the check directory ... OK * checking for detritus in the temp directory ... OK * DONE Status: 1 ERROR, 1 NOTE