* using log directory 'd:/RCompile/CRANincoming/R-devel/goserveR.Rcheck' * using R Under development (unstable) (2025-10-03 r88899 ucrt) * using platform: x86_64-w64-mingw32 * R was compiled by gcc.exe (GCC) 14.2.0 GNU Fortran (GCC) 14.2.0 * running under: Windows Server 2022 x64 (build 20348) * using session charset: UTF-8 * checking for file 'goserveR/DESCRIPTION' ... OK * checking extension type ... Package * this is package 'goserveR' version '0.1.3' * package encoding: UTF-8 * checking CRAN incoming feasibility ... NOTE Maintainer: 'Sounkou Mahamane Toure ' New submission Possibly misspelled words in DESCRIPTION: CORS (3:62, 11:25) TLS (11:61) interop (12:65) * checking package namespace information ... OK * checking package dependencies ... OK * checking if this is a source package ... OK * checking if there is a namespace ... OK * checking for hidden files and directories ... OK * checking for portable file names ... OK * checking whether package 'goserveR' can be installed ... ERROR Installation failed. See 'd:/RCompile/CRANincoming/R-devel/goserveR.Rcheck/00install.out' for details. * DONE Status: 1 ERROR, 1 NOTE