* using log directory ‘/srv/hornik/tmp/CRAN_pretest/glamlasso.Rcheck’ * using R Under development (unstable) (2025-10-09 r88913) * using platform: x86_64-pc-linux-gnu * R was compiled by Debian clang version 19.1.7 (7) Debian flang-new version 19.1.7 (7) * running under: Debian GNU/Linux forky/sid * using session charset: UTF-8 * checking for file ‘glamlasso/DESCRIPTION’ ... OK * checking extension type ... Package * this is package ‘glamlasso’ version ‘3.0.2’ * checking CRAN incoming feasibility ... [4s/4s] NOTE Maintainer: ‘Adam Lund ’ No Authors@R field in DESCRIPTION. Please add one, modifying Authors@R: person(given = "Adam", family = "Lund", role = c("aut", "cre"), email = "adam.lund@math.ku.dk") as necessary. * checking package namespace information ... OK * checking package dependencies ... OK * checking if this is a source package ... OK * checking if there is a namespace ... OK * checking for executable files ... OK * checking for hidden files and directories ... OK * checking for portable file names ... OK * checking for sufficient/correct file permissions ... OK * checking serialization versions ... OK * checking whether package ‘glamlasso’ can be installed ... [39s/39s] ERROR Installation failed. See ‘/srv/hornik/tmp/CRAN_pretest/glamlasso.Rcheck/00install.out’ for details. * DONE Status: 1 ERROR, 1 NOTE