* using log directory 'd:/RCompile/CRANincoming/R-devel/geojsonsf.Rcheck' * using R Under development (unstable) (2025-11-24 r89059 ucrt) * using platform: x86_64-w64-mingw32 * R was compiled by gcc.exe (GCC) 14.3.0 GNU Fortran (GCC) 14.3.0 * running under: Windows Server 2022 x64 (build 20348) * using session charset: UTF-8 * checking for file 'geojsonsf/DESCRIPTION' ... OK * checking extension type ... Package * this is package 'geojsonsf' version '2.0.5' * package encoding: UTF-8 * checking CRAN incoming feasibility ... NOTE Maintainer: 'David Cooley ' Found the following (possibly) invalid URLs: URL: https://codecov.io/github/SymbolixAU/geojsonsf?branch=master (moved to https://app.codecov.io/github/SymbolixAU/geojsonsf?branch=master) From: README.md Status: 301 Message: Moved Permanently URL: https://tools.ietf.org/html/rfc7946#page-11 (moved to https://datatracker.ietf.org/doc/html/rfc7946#page-11) From: inst/doc/geojson-sf-conversions.html Status: 301 Message: Moved Permanently URL: https://tools.ietf.org/html/rfc7946#page-12 (moved to https://datatracker.ietf.org/doc/html/rfc7946#page-12) From: man/geojson_sf.Rd man/geojson_sfc.Rd Status: 301 Message: Moved Permanently For content that is 'Moved Permanently', please change http to https, add trailing slashes, or replace the old by the new URL. * checking package namespace information ... OK * checking package dependencies ... OK * checking if this is a source package ... OK * checking if there is a namespace ... OK * checking for hidden files and directories ... OK * checking for portable file names ... OK * checking whether package 'geojsonsf' can be installed ... OK * used C++ compiler: 'g++.exe (GCC) 14.3.0' * checking installed package size ... OK * checking package directory ... OK * checking for future file timestamps ... OK * checking 'build' directory ... OK * checking DESCRIPTION meta-information ... OK * checking top-level files ... OK * checking for left-over files ... OK * checking index information ... OK * checking package subdirectories ... OK * checking code files for non-ASCII characters ... OK * checking R files for syntax errors ... OK * checking whether the package can be loaded ... OK * checking whether the package can be loaded with stated dependencies ... OK * checking whether the package can be unloaded cleanly ... OK * checking whether the namespace can be loaded with stated dependencies ... OK * checking whether the namespace can be unloaded cleanly ... OK * checking loading without being on the library search path ... OK * checking whether startup messages can be suppressed ... OK * checking use of S3 registration ... OK * checking dependencies in R code ... OK * checking S3 generic/method consistency ... OK * checking replacement functions ... OK * checking foreign function calls ... OK * checking R code for possible problems ... OK * checking Rd files ... OK * checking Rd metadata ... OK * checking Rd line widths ... OK * checking Rd cross-references ... OK * checking for missing documentation entries ... OK * checking for code/documentation mismatches ... OK * checking Rd \usage sections ... OK * checking Rd contents ... OK * checking for unstated dependencies in examples ... OK * checking contents of 'data' directory ... OK * checking data for non-ASCII characters ... OK * checking LazyData ... OK * checking data for ASCII and uncompressed saves ... OK * checking line endings in C/C++/Fortran sources/headers ... OK * checking line endings in Makefiles ... OK * checking compilation flags in Makevars ... OK * checking for GNU extensions in Makefiles ... OK * checking for portable use of $(BLAS_LIBS) and $(LAPACK_LIBS) ... OK * checking use of PKG_*FLAGS in Makefiles ... OK * checking use of SHLIB_OPENMP_*FLAGS in Makefiles ... OK * checking pragmas in C/C++ headers and code ... OK * checking compilation flags used ... OK * checking compiled code ... OK * checking installed files from 'inst/doc' ... OK * checking files in 'vignettes' ... OK * checking examples ... OK * checking for unstated dependencies in 'tests' ... OK * checking tests ... ERROR Running 'tinytest.R' Running the tests in 'tests/tinytest.R' failed. Complete output: > if (requireNamespace("tinytest", quietly=TRUE)) { + tinytest::test_package("geojsonsf") + } test-ZM.R..................... 0 tests test-ZM.R..................... 0 tests test-ZM.R..................... 1 tests OK test-ZM.R..................... 1 tests OK Error in loadNamespace(x) : there is no package called 'jsonify' Calls: ... loadNamespace -> withRestarts -> withOneRestart -> doWithOneRestart Execution halted * checking for unstated dependencies in vignettes ... OK * checking package vignettes ... OK * checking re-building of vignette outputs ... OK * checking PDF version of manual ... [11s] OK * checking HTML version of manual ... OK * DONE Status: 1 ERROR, 1 NOTE