* using log directory 'd:/RCompile/CRANincoming/R-devel/froggeR.Rcheck' * using R Under development (unstable) (2025-01-11 r87563 ucrt) * using platform: x86_64-w64-mingw32 * R was compiled by gcc.exe (GCC) 13.3.0 GNU Fortran (GCC) 13.3.0 * running under: Windows Server 2022 x64 (build 20348) * using session charset: UTF-8 * checking for file 'froggeR/DESCRIPTION' ... OK * checking extension type ... Package * this is package 'froggeR' version '0.3.0' * package encoding: UTF-8 * checking CRAN incoming feasibility ... NOTE Maintainer: 'Kyle Grealis ' New submission Possibly misspelled words in DESCRIPTION: SCSS (14:351) YAML (14:147) gitignore (14:324) reusability (14:120) templated (14:279) * checking package namespace information ... OK * checking package dependencies ... OK * checking if this is a source package ... OK * checking if there is a namespace ... OK * checking for hidden files and directories ... OK * checking for portable file names ... OK * checking whether package 'froggeR' can be installed ... OK * checking installed package size ... OK * checking package directory ... OK * checking for future file timestamps ... OK * checking 'build' directory ... OK * checking DESCRIPTION meta-information ... OK * checking top-level files ... OK * checking for left-over files ... OK * checking index information ... OK * checking package subdirectories ... OK * checking code files for non-ASCII characters ... OK * checking R files for syntax errors ... OK * checking whether the package can be loaded ... OK * checking whether the package can be loaded with stated dependencies ... OK * checking whether the package can be unloaded cleanly ... OK * checking whether the namespace can be loaded with stated dependencies ... OK * checking whether the namespace can be unloaded cleanly ... OK * checking loading without being on the library search path ... OK * checking use of S3 registration ... OK * checking dependencies in R code ... OK * checking S3 generic/method consistency ... OK * checking replacement functions ... OK * checking foreign function calls ... OK * checking R code for possible problems ... OK * checking Rd files ... OK * checking Rd metadata ... OK * checking Rd line widths ... OK * checking Rd cross-references ... OK * checking for missing documentation entries ... OK * checking for code/documentation mismatches ... OK * checking Rd \usage sections ... OK * checking Rd contents ... OK * checking for unstated dependencies in examples ... OK * checking installed files from 'inst/doc' ... OK * checking files in 'vignettes' ... OK * checking examples ... ERROR Running examples in 'froggeR-Ex.R' failed The error most likely occurred in: > base::assign(".ptime", proc.time(), pos = "CheckExEnv") > ### Name: quarto_project > ### Title: Create a Custom 'Quarto' Project > ### Aliases: quarto_project > > ### ** Examples > > # Create a temporary directory for testing > tmp_dir <- tempdir() > > # Create the Quarto project with custom YAML & associated files > quarto_project("frogs", path = tempdir(), custom_yaml = TRUE) Error in `check_quarto_version()`: ! `quarto create project` has been added in Quarto 1.4. See . ℹ You are using 1.3.450 from 'C:\PROGRA~1\Quarto\bin\quarto.exe'. Backtrace: ▆ 1. └─froggeR::quarto_project("frogs", path = tempdir(), custom_yaml = TRUE) 2. └─quarto::quarto_create_project(...) 3. └─quarto:::check_quarto_version("1.4", "quarto create project", "https://quarto.org/docs/projects/quarto-projects.html") 4. └─cli::cli_abort(...) 5. └─rlang::abort(...) Execution halted * checking for unstated dependencies in 'tests' ... OK * checking tests ... OK Running 'testthat.R' * checking for unstated dependencies in vignettes ... OK * checking package vignettes ... OK * checking re-building of vignette outputs ... OK * checking PDF version of manual ... [13s] OK * checking HTML version of manual ... OK * DONE Status: 1 ERROR, 1 NOTE