* using log directory 'd:/RCompile/CRANincoming/R-devel/finto.Rcheck' * using R Under development (unstable) (2025-11-12 r89009 ucrt) * using platform: x86_64-w64-mingw32 * R was compiled by gcc.exe (GCC) 14.3.0 GNU Fortran (GCC) 14.3.0 * running under: Windows Server 2022 x64 (build 20348) * using session charset: UTF-8 * checking for file 'finto/DESCRIPTION' ... OK * this is package 'finto' version '0.1.1' * package encoding: UTF-8 * checking CRAN incoming feasibility ... [11s] NOTE Maintainer: 'Akewak Jeba ' New submission Possibly misspelled words in DESCRIPTION: ontologies (12:168) Found the following (possibly) invalid URLs: URL: http://www.yso.fi/onto/koko/p91024 (moved to https://www.yso.fi/onto/koko/p91024) From: README.md Status: 301 Message: Moved Permanently URL: http://www.yso.fi/onto/mero/m11156 (moved to https://www.yso.fi/onto/mero/m11156) From: README.md Status: 301 Message: Moved Permanently For content that is 'Moved Permanently', please change http to https, add trailing slashes, or replace the old by the new URL. * checking package namespace information ... OK * checking package dependencies ... OK * checking if this is a source package ... OK * checking if there is a namespace ... OK * checking for hidden files and directories ... OK * checking for portable file names ... OK * checking whether package 'finto' can be installed ... OK * checking installed package size ... OK * checking package directory ... OK * checking for future file timestamps ... OK * checking 'build' directory ... OK * checking DESCRIPTION meta-information ... OK * checking top-level files ... OK * checking for left-over files ... OK * checking index information ... OK * checking package subdirectories ... OK * checking code files for non-ASCII characters ... OK * checking R files for syntax errors ... OK * checking whether the package can be loaded ... OK * checking whether the package can be loaded with stated dependencies ... OK * checking whether the package can be unloaded cleanly ... OK * checking whether the namespace can be loaded with stated dependencies ... OK * checking whether the namespace can be unloaded cleanly ... OK * checking loading without being on the library search path ... OK * checking use of S3 registration ... OK * checking dependencies in R code ... OK * checking S3 generic/method consistency ... OK * checking replacement functions ... OK * checking foreign function calls ... OK * checking R code for possible problems ... OK * checking Rd files ... OK * checking Rd metadata ... OK * checking Rd line widths ... OK * checking Rd cross-references ... OK * checking for missing documentation entries ... OK * checking for code/documentation mismatches ... OK * checking Rd \usage sections ... OK * checking Rd contents ... OK * checking for unstated dependencies in examples ... OK * checking installed files from 'inst/doc' ... OK * checking files in 'vignettes' ... OK * checking examples ... ERROR Running examples in 'finto-Ex.R' failed The error most likely occurred in: > base::assign(".ptime", proc.time(), pos = "CheckExEnv") > ### Name: annif_batch_indexing > ### Title: Suggest subjects for a batch (≤32 docs) via Annif REST API > ### Aliases: annif_batch_indexing > > ### ** Examples > > texts <- c("A quick brown fox jumped over the lazy dog.", + "Climate change and global warming effects on Arctic ecosystems.", + "Machine learning applications in healthcare diagnostics.") > results <- annif_batch_indexing(project_id = "yso-en",texts = texts, + limit = 5) Error in annif_batch_indexing(project_id = "yso-en", texts = texts, limit = 5) : API request failed with status 503: