* using log directory ‘/srv/hornik/tmp/CRAN_pretest/findpdf.Rcheck’ * using R Under development (unstable) (2025-11-25 r89063) * using platform: x86_64-pc-linux-gnu * R was compiled by Debian clang version 21.1.5 (1) Debian flang version 21.1.5 (1) * running under: Debian GNU/Linux forky/sid * using session charset: UTF-8 * checking for file ‘findpdf/DESCRIPTION’ ... OK * checking extension type ... Package * this is package ‘findpdf’ version ‘1.1.7’ * package encoding: UTF-8 * checking CRAN incoming feasibility ... [2s/3s] NOTE Maintainer: ‘Cassio Pagnoncelli ’ New submission Non-FOSS package license (file LICENSE) * checking package namespace information ... OK * checking package dependencies ... OK * checking if this is a source package ... NOTE Found the following apparent object files/libraries: builds/library/GenSA/libs/GenSA.so builds/library/bench/libs/bench.so builds/library/bench/libs/bench.so.dSYM/Contents/Resources/DWARF/bench.so builds/library/distr/libs/distr.so builds/library/distr/libs/distr.so.dSYM/Contents/Resources/DWARF/distr.so builds/library/reticulate/libs/reticulate.so builds/library/reticulate/libs/reticulate.so.dSYM/Contents/Resources/DWARF/reticulate.so Object files/libraries should not be included in a source package. Subdirectory ‘builds/library/GenSA’ seems to contain an installed version of the package. * checking if there is a namespace ... OK * checking for executable files ... OK * checking for hidden files and directories ... NOTE Found the following hidden files and directories: .lintr These were most likely included in error. See section ‘Package structure’ in the ‘Writing R Extensions’ manual. CRAN-pack does not know about .lintr * checking for portable file names ... OK * checking for sufficient/correct file permissions ... OK * checking whether package ‘findpdf’ can be installed ... [1s/1s] OK * checking package directory ... OK * checking for future file timestamps ... OK * checking DESCRIPTION meta-information ... WARNING Invalid license file pointers: LICENSE Author field differs from that derived from Authors@R Author: ‘Cassio Pagnoncelli ’ Authors@R: ‘Cassio Pagnoncelli [aut, cre] (ORCID: )’ * checking top-level files ... NOTE Non-standard files/directories found at top level: ‘AGENTS.md’ ‘Makefile’ ‘TODO.md’ ‘builds’ ‘rd’ * checking for left-over files ... OK * checking index information ... OK * checking package subdirectories ... NOTE Found the following CITATION files in a non-standard place: builds/library/GenSA/CITATION builds/library/distr/CITATION Most likely ‘inst/CITATION’ should be used instead. * checking code files for non-ASCII characters ... OK * checking R files for syntax errors ... OK * checking whether the package can be loaded ... [0s/0s] OK * checking whether the package can be loaded with stated dependencies ... [0s/0s] OK * checking whether the package can be unloaded cleanly ... [0s/0s] OK * checking whether the namespace can be loaded with stated dependencies ... [0s/0s] OK * checking whether the namespace can be unloaded cleanly ... [0s/0s] OK * checking loading without being on the library search path ... [0s/0s] OK * checking use of S3 registration ... OK * checking dependencies in R code ... NOTE Package in Depends field not imported from: ‘pso’ These packages need to be imported from (in the NAMESPACE file) for when this namespace is loaded but not attached. * checking S3 generic/method consistency ... OK * checking replacement functions ... OK * checking foreign function calls ... OK * checking R code for possible problems ... [2s/2s] OK * checking Rd files ... [0s/0s] OK * checking Rd metadata ... OK * checking Rd line widths ... OK * checking Rd cross-references ... OK * checking for missing documentation entries ... OK * checking for code/documentation mismatches ... OK * checking Rd \usage sections ... OK * checking Rd contents ... OK * checking for unstated dependencies in examples ... OK * checking line endings in Makefiles ... OK * checking for GNU extensions in Makefiles ... WARNING Found the following file(s) containing GNU extensions: Makefile Portable Makefiles do not use GNU extensions such as +=, :=, $(shell), $(wildcard), ifeq ... endif, .NOTPARALLEL See section ‘Writing portable packages’ in the ‘Writing R Extensions’ manual. * checking include directives in Makefiles ... OK * checking examples ... [0s/0s] OK * checking for unstated dependencies in ‘tests’ ... OK * checking tests ... [1s/1s] OK Running ‘testthat.R’ [1s/1s] * checking PDF version of manual ... [4s/4s] OK * checking HTML version of manual ... [0s/0s] OK * checking for non-standard things in the check directory ... OK * checking for detritus in the temp directory ... OK * DONE Status: 2 WARNINGs, 6 NOTEs