* using log directory ‘/srv/hornik/tmp/CRAN_pretest/ffiec.Rcheck’ * using R Under development (unstable) (2025-10-10 r88914) * using platform: x86_64-pc-linux-gnu * R was compiled by Debian clang version 19.1.7 (7) Debian flang-new version 19.1.7 (7) * running under: Debian GNU/Linux forky/sid * using session charset: UTF-8 * checking for file ‘ffiec/DESCRIPTION’ ... OK * checking extension type ... Package * this is package ‘ffiec’ version ‘0.1.0’ * package encoding: UTF-8 * checking CRAN incoming feasibility ... [3s/13s] NOTE Maintainer: ‘Michael Thomas ’ New submission Possibly misspelled words in DESCRIPTION: FFIEC (3:8, 10:31) UBPRs (13:14) The Title field starts with the package name. * checking package namespace information ... OK * checking package dependencies ... OK * checking if this is a source package ... OK * checking if there is a namespace ... OK * checking for executable files ... OK * checking for hidden files and directories ... OK * checking for portable file names ... OK * checking for sufficient/correct file permissions ... OK * checking whether package ‘ffiec’ can be installed ... [1s/1s] OK * checking package directory ... OK * checking for future file timestamps ... OK * checking DESCRIPTION meta-information ... OK * checking top-level files ... OK * checking for left-over files ... OK * checking index information ... OK * checking package subdirectories ... OK * checking code files for non-ASCII characters ... OK * checking R files for syntax errors ... OK * checking whether the package can be loaded ... [0s/0s] OK * checking whether the package can be loaded with stated dependencies ... [0s/0s] OK * checking whether the package can be unloaded cleanly ... [0s/0s] OK * checking whether the namespace can be loaded with stated dependencies ... [0s/0s] OK * checking whether the namespace can be unloaded cleanly ... [0s/0s] OK * checking loading without being on the library search path ... [0s/0s] OK * checking use of S3 registration ... OK * checking dependencies in R code ... OK * checking S3 generic/method consistency ... OK * checking replacement functions ... OK * checking foreign function calls ... OK * checking R code for possible problems ... [2s/2s] OK * checking Rd files ... [0s/0s] OK * checking Rd metadata ... OK * checking Rd line widths ... OK * checking Rd cross-references ... OK * checking for missing documentation entries ... OK * checking for code/documentation mismatches ... OK * checking Rd \usage sections ... OK * checking Rd contents ... OK * checking for unstated dependencies in examples ... OK * checking examples ... [0s/0s] OK * checking for unstated dependencies in ‘tests’ ... OK * checking tests ... [1s/1s] ERROR Running ‘testthat.R’ [1s/1s] Running the tests in ‘tests/testthat.R’ failed. Complete output: > # This file is part of the standard setup for testthat. > # It is recommended that you do not modify it. > # > # Where should you do additional test configuration? > # Learn more about the roles of various files in: > # * https://r-pkgs.org/testing-design.html#sec-tests-files-overview > # * https://testthat.r-lib.org/articles/special-files.html > > library(testthat) > library(ffiec) > > test_check("ffiec") [ FAIL 5 | WARN 0 | SKIP 0 | PASS 0 ] ══ Failed tests ════════════════════════════════════════════════════════════════ ── Error ('test-facsimile.R:4:1'): (code run outside of `test_that()`) ───────── Error in `check_empty_creds(user_id = user_id, bearer_token = bearer_token)`: `user_id` is missing. If you do not have a UserID with the FFIEC's web service, you can register for one at . Backtrace: ▆ 1. └─ffiec::get_facsimile(...) at test-facsimile.R:4:1 2. └─ffiec:::check_empty_creds(user_id = user_id, bearer_token = bearer_token) 3. └─cli::cli_abort(...) 4. └─rlang::abort(...) ── Error ('test-filers_since_date.R:2:1'): (code run outside of `test_that()`) ── Error in `check_empty_creds(user_id = user_id, bearer_token = bearer_token)`: `user_id` is missing. If you do not have a UserID with the FFIEC's web service, you can register for one at . Backtrace: ▆ 1. └─ffiec::get_filers_since_date(...) at test-filers_since_date.R:2:1 2. └─ffiec:::check_empty_creds(user_id = user_id, bearer_token = bearer_token) 3. └─cli::cli_abort(...) 4. └─rlang::abort(...) ── Error ('test-filers_submission_datetime.R:2:1'): (code run outside of `test_that()`) ── Error in `check_empty_creds(user_id = user_id, bearer_token = bearer_token)`: `user_id` is missing. If you do not have a UserID with the FFIEC's web service, you can register for one at . Backtrace: ▆ 1. └─ffiec::get_filers_submission_datetime(...) at test-filers_submission_datetime.R:2:1 2. └─ffiec:::check_empty_creds(user_id = user_id, bearer_token = bearer_token) 3. └─cli::cli_abort(...) 4. └─rlang::abort(...) ── Error ('test-panel_reporters.R:2:1'): (code run outside of `test_that()`) ─── Error in `check_empty_creds(user_id = user_id, bearer_token = bearer_token)`: `user_id` is missing. If you do not have a UserID with the FFIEC's web service, you can register for one at . Backtrace: ▆ 1. └─ffiec::get_panel_of_reporters(reporting_period_end_date = "03/31/2025") at test-panel_reporters.R:2:1 2. └─ffiec:::check_empty_creds(user_id = user_id, bearer_token = bearer_token) 3. └─cli::cli_abort(...) 4. └─rlang::abort(...) ── Error ('test-reporting_periods.R:4:1'): (code run outside of `test_that()`) ── Error in `check_empty_creds(user_id = user_id, bearer_token = bearer_token)`: `user_id` is missing. If you do not have a UserID with the FFIEC's web service, you can register for one at . Backtrace: ▆ 1. └─ffiec::get_reporting_periods() at test-reporting_periods.R:4:1 2. └─ffiec:::get_reporting_periods_base(...) 3. └─ffiec:::check_empty_creds(user_id = user_id, bearer_token = bearer_token) 4. └─cli::cli_abort(...) 5. └─rlang::abort(...) [ FAIL 5 | WARN 0 | SKIP 0 | PASS 0 ] Error: Test failures Execution halted * checking PDF version of manual ... [3s/3s] OK * checking HTML version of manual ... [0s/0s] OK * checking for non-standard things in the check directory ... OK * checking for detritus in the temp directory ... OK * DONE Status: 1 ERROR, 1 NOTE