* using log directory ‘/home/hornik/tmp/CRAN_special_valgrind/duckdb.Rcheck’ * using R Under development (unstable) (2025-10-07 r88905) * using platform: x86_64-pc-linux-gnu * R was compiled by gcc-14 (Debian 14.3.0-8) 14.3.0 GNU Fortran (Debian 14.3.0-8) 14.3.0 * running under: Debian GNU/Linux forky/sid * using session charset: UTF-8 * using option ‘--use-valgrind’ * checking for file ‘duckdb/DESCRIPTION’ ... OK * this is package ‘duckdb’ version ‘1.4.1’ * package encoding: UTF-8 * checking package namespace information ... OK * checking package dependencies ... OK * checking if this is a source package ... OK * checking if there is a namespace ... OK * checking for executable files ... OK * checking for hidden files and directories ... OK * checking for portable file names ... OK * checking for sufficient/correct file permissions ... OK * checking whether package ‘duckdb’ can be installed ... [41m/42m] OK * used C++ compiler: ‘g++-14 (Debian 14.3.0-8) 14.3.0’ * checking C++ specification ... OK * checking package directory ... OK * checking for future file timestamps ... OK * checking DESCRIPTION meta-information ... OK * checking top-level files ... OK * checking for left-over files ... OK * checking index information ... OK * checking package subdirectories ... OK * checking code files for non-ASCII characters ... OK * checking R files for syntax errors ... OK * checking whether the package can be loaded ... [0s/0s] OK * checking whether the package can be loaded with stated dependencies ... [0s/0s] OK * checking whether the package can be unloaded cleanly ... [0s/0s] OK * checking whether the namespace can be loaded with stated dependencies ... [0s/0s] OK * checking whether the namespace can be unloaded cleanly ... [0s/0s] OK * checking loading without being on the library search path ... [0s/0s] OK * checking whether startup messages can be suppressed ... [0s/0s] OK * checking use of S3 registration ... OK * checking dependencies in R code ... OK * checking S3 generic/method consistency ... OK * checking replacement functions ... OK * checking foreign function calls ... OK * checking R code for possible problems ... [7s/7s] OK * checking Rd files ... [0s/0s] OK * checking Rd metadata ... OK * checking Rd line widths ... OK * checking Rd cross-references ... OK * checking for missing documentation entries ... OK * checking for code/documentation mismatches ... OK * checking Rd \usage sections ... OK * checking Rd contents ... OK * checking for unstated dependencies in examples ... OK * checking line endings in shell scripts ... OK * checking line endings in C/C++/Fortran sources/headers ... OK * checking line endings in Makefiles ... OK * checking compilation flags in Makevars ... OK * checking for GNU extensions in Makefiles ... OK * checking for portable use of $(BLAS_LIBS) and $(LAPACK_LIBS) ... OK * checking use of PKG_*FLAGS in Makefiles ... OK * checking use of SHLIB_OPENMP_*FLAGS in Makefiles ... OK * checking pragmas in C/C++ headers and code ... OK * checking compilation flags used ... OK * checking compiled code ... OK * checking examples ... [43s/43s] OK Examples with CPU (user + system) or elapsed time > 5s user system elapsed duckdb 8.506 0.408 8.906 * checking for unstated dependencies in ‘tests’ ... OK * checking tests ... [30m/30m] ERROR Running ‘testthat.R’ [30m/30m] Running the tests in ‘tests/testthat.R’ failed. Complete output: > library("testthat") > library("DBI") > > test_check("duckdb") Loading required package: duckdb Execution halted ==3147841== ==3147841== HEAP SUMMARY: ==3147841== in use at exit: 108,854,108 bytes in 24,000 blocks ==3147841== total heap usage: 185,953 allocs, 161,953 frees, 251,440,342 bytes allocated ==3147841== ==3147841== LEAK SUMMARY: ==3147841== definitely lost: 0 bytes in 0 blocks ==3147841== indirectly lost: 0 bytes in 0 blocks ==3147841== possibly lost: 0 bytes in 0 blocks ==3147841== still reachable: 108,845,856 bytes in 23,999 blocks ==3147841== suppressed: 8,252 bytes in 1 blocks ==3147841== Rerun with --leak-check=full to see details of leaked memory ==3147841== ==3147841== For lists of detected and suppressed errors, rerun with: -s ==3147841== ERROR SUMMARY: 0 errors from 0 contexts (suppressed: 0 from 0) * checking PDF version of manual ... [4s/4s] OK * checking HTML version of manual ... [0s/1s] OK * checking for non-standard things in the check directory ... OK * checking for detritus in the temp directory ... OK * DONE Status: 1 ERROR