* using log directory ‘/home/hornik/tmp/CRAN_special_gcc15/duckdb.Rcheck’ * using R Under development (unstable) (2025-01-21 r87610) * using platform: x86_64-pc-linux-gnu * R was compiled by gcc (Debian 20241220-1) 15.0.0 20241220 (experimental) [master r15-6385-g92216cbc59b] GNU Fortran (Debian 20241220-1) 15.0.0 20241220 (experimental) [master r15-6385-g92216cbc59b] * running under: Debian GNU/Linux trixie/sid * using session charset: UTF-8 * checking for file ‘duckdb/DESCRIPTION’ ... OK * this is package ‘duckdb’ version ‘1.1.3-2’ * package encoding: UTF-8 * checking CRAN incoming feasibility ... [5s/9s] OK * checking package namespace information ... OK * checking package dependencies ... OK * checking if this is a source package ... OK * checking if there is a namespace ... OK * checking for executable files ... OK * checking for hidden files and directories ... OK * checking for portable file names ... OK * checking for sufficient/correct file permissions ... OK * checking whether package ‘duckdb’ can be installed ... [74m/74m] ERROR Installation failed. See ‘/home/hornik/tmp/CRAN_special_gcc15/duckdb.Rcheck/00install.out’ for details. * DONE Status: 1 ERROR