* using log directory 'd:/RCompile/CRANincoming/R-devel/diversity.Rcheck' * using R Under development (unstable) (2025-11-20 r89043 ucrt) * using platform: x86_64-w64-mingw32 * R was compiled by gcc.exe (GCC) 14.3.0 GNU Fortran (GCC) 14.3.0 * running under: Windows Server 2022 x64 (build 20348) * using session charset: UTF-8 * checking for file 'diversity/DESCRIPTION' ... OK * checking extension type ... Package * this is package 'diversity' version '0.1.0' * package encoding: UTF-8 * checking CRAN incoming feasibility ... ERROR Maintainer: 'Andreu Sansó ' New submission Conflicting package names (submitted: diversity, existing: diveRsity [CRAN archive]) Possibly misspelled words in DESCRIPTION: Alcobenda (23:62) Andreu (22:49) Arilla (22:70) Arnaud (22:35) Assaf (24:47) Avi (24:66) Barat (22:42) Barkai (24:58) Blasco (23:10) Cifuentes (23:52) Hominin (26:34) Jordi (25:5) Llorente (24:12) Maite (22:64) Osuna (22:77) Qesem (27:8) Rosell (25:11) Vivar (24:29) aki (23:21) ndez (23:38) os (24:38) rez (23:28) The Title field should be in title case. Current version is: 'Computes diversity indices with archaeological data' In title case that is: 'Computes Diversity Indices with Archaeological Data' * checking package namespace information ... OK * checking package dependencies ... OK * checking if this is a source package ... OK * checking if there is a namespace ... OK * checking for hidden files and directories ... OK * checking for portable file names ... OK * checking whether package 'diversity' can be installed ... OK * checking installed package size ... OK * checking package directory ... OK * checking for future file timestamps ... OK * checking DESCRIPTION meta-information ... OK * checking top-level files ... OK * checking for left-over files ... OK * checking index information ... OK * checking package subdirectories ... OK * checking code files for non-ASCII characters ... OK * checking R files for syntax errors ... OK * checking whether the package can be loaded ... OK * checking whether the package can be loaded with stated dependencies ... OK * checking whether the package can be unloaded cleanly ... OK * checking whether the namespace can be loaded with stated dependencies ... OK * checking whether the namespace can be unloaded cleanly ... OK * checking loading without being on the library search path ... OK * checking use of S3 registration ... OK * checking dependencies in R code ... OK * checking S3 generic/method consistency ... OK * checking replacement functions ... OK * checking foreign function calls ... OK * checking R code for possible problems ... OK * checking Rd files ... OK * checking Rd metadata ... OK * checking Rd line widths ... OK * checking Rd cross-references ... OK * checking for missing documentation entries ... OK * checking for code/documentation mismatches ... OK * checking Rd \usage sections ... OK * checking Rd contents ... OK * checking for unstated dependencies in examples ... OK * checking contents of 'data' directory ... OK * checking data for non-ASCII characters ... OK * checking LazyData ... OK * checking data for ASCII and uncompressed saves ... OK * checking examples ... OK * checking for unstated dependencies in 'tests' ... OK * checking tests ... OK Running 'testthat.R' * checking PDF version of manual ... [12s] OK * checking HTML version of manual ... OK * DONE Status: 1 ERROR