* using log directory 'd:/RCompile/CRANincoming/R-devel/dispersionIndicators.Rcheck' * using R Under development (unstable) (2025-10-28 r88973 ucrt) * using platform: x86_64-w64-mingw32 * R was compiled by gcc.exe (GCC) 14.2.0 GNU Fortran (GCC) 14.2.0 * running under: Windows Server 2022 x64 (build 20348) * using session charset: UTF-8 * checking for file 'dispersionIndicators/DESCRIPTION' ... OK * this is package 'dispersionIndicators' version '0.1.3' * package encoding: UTF-8 * checking CRAN incoming feasibility ... NOTE Maintainer: 'Etienne Jules ' New submission Package was archived on CRAN Possibly misspelled words in DESCRIPTION: Salanon (19:26, 20:5) intra (15:67) metabololomics (18:52) CRAN repository db overrides: X-CRAN-Comment: Archived on 2025-10-30 as check issues were not corrected in time. * checking package namespace information ... OK * checking package dependencies ... OK * checking if this is a source package ... OK * checking if there is a namespace ... OK * checking for hidden files and directories ... OK * checking for portable file names ... OK * checking whether package 'dispersionIndicators' can be installed ... OK * checking installed package size ... OK * checking package directory ... OK * checking for future file timestamps ... OK * checking DESCRIPTION meta-information ... OK * checking top-level files ... OK * checking for left-over files ... OK * checking index information ... OK * checking package subdirectories ... OK * checking code files for non-ASCII characters ... OK * checking R files for syntax errors ... OK * checking whether the package can be loaded ... OK * checking whether the package can be loaded with stated dependencies ... OK * checking whether the package can be unloaded cleanly ... OK * checking whether the namespace can be loaded with stated dependencies ... OK * checking whether the namespace can be unloaded cleanly ... OK * checking loading without being on the library search path ... OK * checking use of S3 registration ... OK * checking dependencies in R code ... OK * checking S3 generic/method consistency ... OK * checking replacement functions ... OK * checking foreign function calls ... OK * checking R code for possible problems ... OK * checking Rd files ... OK * checking Rd metadata ... OK * checking Rd line widths ... OK * checking Rd cross-references ... OK * checking for missing documentation entries ... OK * checking for code/documentation mismatches ... OK * checking Rd \usage sections ... OK * checking Rd contents ... OK * checking for unstated dependencies in examples ... OK * checking examples ... OK * checking for unstated dependencies in 'tests' ... OK * checking tests ... ERROR Running 'testthat.R' Running the tests in 'tests/testthat.R' failed. Complete output: > # This file is part of the standard setup for testthat. > # It is recommended that you do not modify it. > # > # Where should you do additional test configuration? > # Learn more about the roles of various files in: > # * https://r-pkgs.org/testing-design.html#sec-tests-files-overview > # * https://testthat.r-lib.org/articles/special-files.html > > library(testthat) > library(dispersionIndicators) > > test_check("dispersionIndicators") Using poppler version 25.05.0 File intra saved : D:\temp\2025_10_31_09_20_17_18161\RtmpS6tGyG/Test_intra_distances_20251031.csv File inter saved : D:\temp\2025_10_31_09_20_17_18161\RtmpS6tGyG/Test_inter_distances_20251031.csv File individual saved : D:\temp\2025_10_31_09_20_17_18161\RtmpS6tGyG/Test_individual_distances_20251031.csv File inter saved : D:\temp\2025_10_31_09_20_17_18161\RtmpS6tGyG/Test_inter_distances_20251031.csv File individual saved : D:\temp\2025_10_31_09_20_17_18161\RtmpS6tGyG/Test_individual_distances_20251031.csv File intra saved : D:\temp\2025_10_31_09_20_17_18161\RtmpS6tGyG/Test_intra_distances_20251031.csv [ FAIL 2 | WARN 0 | SKIP 0 | PASS 89 ] ══ Failed tests ════════════════════════════════════════════════════════════════ ── Failure ('test-convex_function.R:498:9'): plot_all_convex_hulls works ─────── hash_raw_md5(bitmap_batch) (`actual`) not equal to "68ee8d72e106debce2cc73b14ac9d0a8" (`expected`). `actual`: "c69304af3a99abf3006f2dcb0b1909b5" `expected`: "68ee8d72e106debce2cc73b14ac9d0a8" ── Failure ('test-convex_function.R:499:9'): plot_all_convex_hulls works ─────── hash_raw_md5(bitmap_global) (`actual`) not equal to "fdea43a93f991161ed4933ffb1bc0c0a" (`expected`). `actual`: "821c41187e7afa601f15cfcdccc33e54" `expected`: "fdea43a93f991161ed4933ffb1bc0c0a" [ FAIL 2 | WARN 0 | SKIP 0 | PASS 89 ] Error: Test failures Execution halted * checking PDF version of manual ... [12s] OK * checking HTML version of manual ... OK * DONE Status: 1 ERROR, 1 NOTE