* using log directory 'd:/RCompile/CRANincoming/R-devel/deepspat.Rcheck' * using R Under development (unstable) (2025-10-31 r88977 ucrt) * using platform: x86_64-w64-mingw32 * R was compiled by gcc.exe (GCC) 14.3.0 GNU Fortran (GCC) 14.3.0 * running under: Windows Server 2022 x64 (build 20348) * using session charset: UTF-8 * checking for file 'deepspat/DESCRIPTION' ... OK * checking extension type ... Package * this is package 'deepspat' version '0.3.0' * package encoding: UTF-8 * checking CRAN incoming feasibility ... NOTE Maintainer: 'Quan Vu ' New submission Possibly misspelled words in DESCRIPTION: Mangion (22:42) Vu (23:14, 24:14) Zammit (22:35) al (22:53, 23:20, 24:20) et (22:50, 23:17, 24:17) injective (13:37, 15:36) tensorflow (20:47) * checking package namespace information ... OK * checking package dependencies ... OK * checking if this is a source package ... OK * checking if there is a namespace ... OK * checking for hidden files and directories ... OK * checking for portable file names ... OK * checking serialization versions ... OK * checking whether package 'deepspat' can be installed ... OK * checking installed package size ... OK * checking package directory ... OK * checking for future file timestamps ... OK * checking DESCRIPTION meta-information ... OK * checking top-level files ... OK * checking for left-over files ... OK * checking index information ... OK * checking package subdirectories ... OK * checking code files for non-ASCII characters ... OK * checking R files for syntax errors ... OK * checking whether the package can be loaded ... OK * checking whether the package can be loaded with stated dependencies ... OK * checking whether the package can be unloaded cleanly ... OK * checking whether the namespace can be loaded with stated dependencies ... OK * checking whether the namespace can be unloaded cleanly ... OK * checking loading without being on the library search path ... OK * checking whether startup messages can be suppressed ... OK * checking use of S3 registration ... OK * checking dependencies in R code ... OK * checking S3 generic/method consistency ... OK * checking replacement functions ... OK * checking foreign function calls ... OK * checking R code for possible problems ... [26s] OK * checking Rd files ... OK * checking Rd metadata ... OK * checking Rd line widths ... OK * checking Rd cross-references ... OK * checking for missing documentation entries ... OK * checking for code/documentation mismatches ... OK * checking Rd \usage sections ... OK * checking Rd contents ... OK * checking for unstated dependencies in examples ... OK * checking examples ... [35s] ERROR Running examples in 'deepspat-Ex.R' failed The error most likely occurred in: > base::assign(".ptime", proc.time(), pos = "CheckExEnv") > ### Name: set_deepspat_seed > ### Title: Set TensorFlow seed > ### Aliases: set_deepspat_seed > > ### ** Examples > > set_deepspat_seed(seed = 1L) Hint: To use tensorflow with `py_require()`, call `py_require("tensorflow")` at the start of the R session Error: Valid installation of TensorFlow not found. Python environments searched for 'tensorflow' package: C:\Users\CRAN\Documents\.virtualenvs\r-reticulate\Scripts\python.exe Python exception encountered: Traceback (most recent call last): File "D:\RCompile\CRANpkg\lib\4.6\reticulate\python\rpytools\loader.py", line 122, in _find_and_load_hook return _run_hook(name, _hook) ^^^^^^^^^^^^^^^^^^^^^^ File "D:\RCompile\CRANpkg\lib\4.6\reticulate\python\rpytools\loader.py", line 96, in _run_hook module = hook() ^^^^^^ File "D:\RCompile\CRANpkg\lib\4.6\reticulate\python\rpytools\loader.py", line 120, in _hook return _find_and_load(name, import_) ^^^^^^^^^^^^^^^^^^^^^^^^^^^^^ ModuleNotFoundError: No module named 'tensorflow' You can install TensorFlow using the install_tensorflow() function. Execution halted Examples with CPU (user + system) or elapsed time > 10s user system elapsed AWU 0.22 0.11 31.17 * checking PDF version of manual ... [12s] OK * checking HTML version of manual ... OK * DONE Status: 1 ERROR, 1 NOTE