* using log directory ‘/srv/hornik/tmp/CRAN_pretest/cpp11bigwig.Rcheck’ * using R Under development (unstable) (2025-01-06 r87534) * using platform: x86_64-pc-linux-gnu * R was compiled by Debian clang version 19.1.6 (1) Debian flang-new version 19.1.6 (1) * running under: Debian GNU/Linux trixie/sid * using session charset: UTF-8 * checking for file ‘cpp11bigwig/DESCRIPTION’ ... OK * checking extension type ... Package * this is package ‘cpp11bigwig’ version ‘0.1.0’ * package encoding: UTF-8 * checking CRAN incoming feasibility ... [3s/5s] NOTE Maintainer: ‘Jay Hesselberth ’ New submission Possibly misspelled words in DESCRIPTION: UCSC (12:62) bigBed (3:24, 10:30, 12:30) bigWig (3:13, 10:19, 12:19) libBigWig (10:50) * checking package namespace information ... OK * checking package dependencies ... OK * checking if this is a source package ... NOTE Found the following apparent object files/libraries: src/libBigWig/bwRead.o src/libBigWig/bwStats.o src/libBigWig/bwValues.o src/libBigWig/bwWrite.o src/libBigWig/io.o src/libBigWig/libBigWig.a Object files/libraries should not be included in a source package. * checking if there is a namespace ... OK * checking for executable files ... OK * checking for hidden files and directories ... OK * checking for portable file names ... OK * checking for sufficient/correct file permissions ... OK * checking serialization versions ... OK * checking whether package ‘cpp11bigwig’ can be installed ... [7s/7s] ERROR Installation failed. See ‘/srv/hornik/tmp/CRAN_pretest/cpp11bigwig.Rcheck/00install.out’ for details. * DONE Status: 1 ERROR, 2 NOTEs