* using log directory ‘/srv/hornik/tmp/CRAN_pretest/convergenceDFM.Rcheck’ * using R Under development (unstable) (2025-10-22 r88967) * using platform: x86_64-pc-linux-gnu * R was compiled by Debian clang version 19.1.7 (7) Debian flang-new version 19.1.7 (7) * running under: Debian GNU/Linux forky/sid * using session charset: UTF-8 * checking for file ‘convergenceDFM/DESCRIPTION’ ... OK * checking extension type ... Package * this is package ‘convergenceDFM’ version ‘0.0.1’ * package encoding: UTF-8 * checking CRAN incoming feasibility ... [3s/3s] NOTE Maintainer: ‘José Mauricio Gómez Julián ’ New submission Possibly misspelled words in DESCRIPTION: DFM (7:28) DFMs (8:49) Forni (11:41) HAC (16:45) HC (16:42) Hallin (11:48) Johansen (12:70) Mevik (18:49) OU (7:72, 13:55) Ornstein (7:52, 14:51) Reichlin (11:66) Uhlenbeck (7:61, 14:37) VECM (9:9) Vasicek (15:39) Wehrens (18:57) Zeileis (16:61) cointegration (12:42) preselection (18:35) Suggests or Enhances not in mainstream repositories: cmdstanr Found the following (possibly) invalid DOIs: DOI: 10.1162/003465300559847 From: DESCRIPTION Status: 404 Message: Not Found * checking package namespace information ... OK * checking package dependencies ... INFO Package suggested but not available for checking: ‘cmdstanr’ * checking if this is a source package ... OK * checking if there is a namespace ... OK * checking for executable files ... OK * checking for hidden files and directories ... OK * checking for portable file names ... OK * checking for sufficient/correct file permissions ... OK * checking whether package ‘convergenceDFM’ can be installed ... [3s/3s] WARNING Found the following significant warnings: Warning: replacing previous import ‘dplyr::filter’ by ‘stats::filter’ when loading ‘convergenceDFM’ See ‘/srv/hornik/tmp/CRAN_pretest/convergenceDFM.Rcheck/00install.out’ for details. * checking package directory ... OK * checking for future file timestamps ... OK * checking ‘build’ directory ... OK * checking DESCRIPTION meta-information ... OK * checking top-level files ... OK * checking for left-over files ... OK * checking index information ... OK * checking package subdirectories ... OK * checking code files for non-ASCII characters ... OK * checking R files for syntax errors ... OK * checking whether the package can be loaded ... [0s/0s] OK * checking whether the package can be loaded with stated dependencies ... [0s/0s] OK * checking whether the package can be unloaded cleanly ... [0s/0s] OK * checking whether the namespace can be loaded with stated dependencies ... [0s/0s] OK * checking whether the namespace can be unloaded cleanly ... [0s/0s] OK * checking loading without being on the library search path ... [0s/0s] OK * checking whether startup messages can be suppressed ... [0s/0s] OK * checking use of S3 registration ... OK * checking dependencies in R code ... OK * checking S3 generic/method consistency ... OK * checking replacement functions ... OK * checking foreign function calls ... OK * checking R code for possible problems ... [6s/6s] OK * checking Rd files ... [0s/0s] OK * checking Rd metadata ... OK * checking Rd line widths ... OK * checking Rd cross-references ... OK * checking for missing documentation entries ... OK * checking for code/documentation mismatches ... OK * checking Rd \usage sections ... OK * checking Rd contents ... OK * checking for unstated dependencies in examples ... OK * checking installed files from ‘inst/doc’ ... OK * checking files in ‘vignettes’ ... OK * checking examples ... [1s/1s] OK * checking for unstated dependencies in ‘tests’ ... OK * checking tests ... [1s/1s] OK Running ‘testthat.R’ [1s/1s] * checking for unstated dependencies in vignettes ... OK * checking package vignettes ... OK * checking re-building of vignette outputs ... [1s/1s] OK * checking PDF version of manual ... [3s/3s] OK * checking HTML version of manual ... [1s/1s] OK * checking for non-standard things in the check directory ... OK * checking for detritus in the temp directory ... OK * DONE Status: 1 WARNING, 1 NOTE