* using log directory 'd:/RCompile/CRANincoming/R-devel/compIndexBuilder.Rcheck' * using R Under development (unstable) (2025-09-27 r88882 ucrt) * using platform: x86_64-w64-mingw32 * R was compiled by gcc.exe (GCC) 14.2.0 GNU Fortran (GCC) 14.2.0 * running under: Windows Server 2022 x64 (build 20348) * using session charset: UTF-8 * checking for file 'compIndexBuilder/DESCRIPTION' ... OK * checking extension type ... Package * this is package 'compIndexBuilder' version '1.0.0' * package encoding: UTF-8 * checking CRAN incoming feasibility ... NOTE Maintainer: 'Leila Marvian Mashhad ' New submission * checking package namespace information ... OK * checking package dependencies ... OK * checking if this is a source package ... OK * checking if there is a namespace ... OK * checking for hidden files and directories ... OK * checking for portable file names ... OK * checking whether package 'compIndexBuilder' can be installed ... WARNING Found the following significant warnings: Warning: replacing previous import 'shiny::dataTableOutput' by 'DT::dataTableOutput' when loading 'compIndexBuilder' Warning: replacing previous import 'shiny::renderDataTable' by 'DT::renderDataTable' when loading 'compIndexBuilder' Warning: replacing previous import 'shinydashboard::box' by 'graphics::box' when loading 'compIndexBuilder' See 'd:/RCompile/CRANincoming/R-devel/compIndexBuilder.Rcheck/00install.out' for details. * checking installed package size ... OK * checking package directory ... OK * checking for future file timestamps ... OK * checking DESCRIPTION meta-information ... NOTE Author field differs from that derived from Authors@R Author: 'Hossein Hassani [aut], Leila Marvian Mashhad [aut, cre], Steve Macfeely[aut], Petra Kynclova[aut], Nour Barnat[aut], Fernando CANTU BAZALDUA[aut]' Authors@R: 'Hossein Hassani [aut], Leila Marvian Mashhad [aut, cre], Steve Macfeely [aut], Petra Kynclova [aut], Nour Barnat [aut], Fernando CANTU BAZALDUA [aut]' * checking top-level files ... OK * checking for left-over files ... OK * checking index information ... OK * checking package subdirectories ... OK * checking code files for non-ASCII characters ... WARNING Found the following file with non-ASCII characters: R/compIndexBuilder.R Portable packages must use only ASCII characters in their R code and NAMESPACE directives, except perhaps in comments. Use \uxxxx escapes for other characters. Function 'tools::showNonASCIIfile' can help in finding non-ASCII characters in files. * checking R files for syntax errors ... OK * checking whether the package can be loaded ... OK * checking whether the package can be loaded with stated dependencies ... OK * checking whether the package can be unloaded cleanly ... [11s] OK * checking whether the namespace can be loaded with stated dependencies ... OK * checking whether the namespace can be unloaded cleanly ... OK * checking loading without being on the library search path ... OK * checking use of S3 registration ... OK * checking dependencies in R code ... OK * checking S3 generic/method consistency ... OK * checking replacement functions ... OK * checking foreign function calls ... OK * checking R code for possible problems ... [20s] NOTE compIndexBuilder: no visible global function definition for 'plotlyOutput' compIndexBuilder : server: no visible global function definition for 'renderPlotly' compIndexBuilder : server: no visible binding for global variable 'Group' compIndexBuilder : server: no visible binding for global variable 'Weight' compIndexBuilder : server: no visible binding for global variable 'Mean' compIndexBuilder : server: no visible global function definition for 'geom_errorbar' compIndexBuilder : server: no visible binding for global variable 'SD' compIndexBuilder : server: no visible global function definition for 'plotly_empty' compIndexBuilder : server: no visible binding for global variable 'Var1' compIndexBuilder : server: no visible binding for global variable 'Var2' compIndexBuilder : server: no visible binding for global variable 'value' compIndexBuilder : server: no visible global function definition for 'geom_tile' compIndexBuilder : server: no visible global function definition for 'scale_fill_gradient2' compIndexBuilder : server: no visible global function definition for 'element_blank' compIndexBuilder : server: no visible global function definition for 'coord_fixed' compIndexBuilder : server : : no visible global function definition for 'plotly_empty' compIndexBuilder : server: no visible binding for global variable 'composite_index' compIndexBuilder : server: no visible binding for global variable 'Composite_Index' compIndexBuilder : server: no visible binding for global variable 'Rank' compIndexBuilder : server : : no visible binding for global variable 'composite_index' compIndexBuilder : server : : no visible binding for global variable 'Rank' compIndexBuilder : server: no visible binding for global variable 'Time' compIndexBuilder : server: no visible binding for global variable 'Value' compIndexBuilder : server: no visible binding for global variable 'Type' compIndexBuilder : server: no visible global function definition for 'geom_ribbon' compIndexBuilder : server: no visible binding for global variable 'Lower' compIndexBuilder : server: no visible binding for global variable 'Upper' compIndexBuilder : server: no visible global function definition for 'scale_color_manual' compIndexBuilder : server: no visible binding for global variable 'Equal_Weights' compIndexBuilder : server: no visible binding for global variable 'Custom_Weights' compIndexBuilder : server: no visible binding for global variable 'Equal_Rank' compIndexBuilder : server: no visible binding for global variable 'Custom_Rank' compIndexBuilder : server: no visible binding for global variable 'Rank_Change' compIndexBuilder : server: no visible binding for global variable 'Entity' compIndexBuilder : server: no visible global function definition for 'scale_fill_manual' compIndexBuilder : server: no visible binding for global variable 'Equal_Score' compIndexBuilder : server: no visible binding for global variable 'Custom_Score' compIndexBuilder : server: no visible global function definition for 'scale_linetype_manual' compIndexBuilder : server: no visible global function definition for 'geom_text' compIndexBuilder : server : load_data_with_options: no visible global function definition for 'renderSankeyNetwork' Undefined global functions or variables: Composite_Index Custom_Rank Custom_Score Custom_Weights Entity Equal_Rank Equal_Score Equal_Weights Group Lower Mean Rank Rank_Change SD Time Type Upper Value Var1 Var2 Weight composite_index coord_fixed element_blank geom_errorbar geom_ribbon geom_text geom_tile plotlyOutput plotly_empty renderPlotly renderSankeyNetwork scale_color_manual scale_fill_gradient2 scale_fill_manual scale_linetype_manual value * checking Rd files ... OK * checking Rd metadata ... OK * checking Rd line widths ... OK * checking Rd cross-references ... OK * checking for missing documentation entries ... OK * checking for code/documentation mismatches ... WARNING Codoc mismatches from Rd file 'compIndexBuilder.Rd': compIndexBuilder Code: function(EData) Docs: function(Edata) Argument names in code not in docs: EData Argument names in docs not in code: Edata Mismatches in argument names: Position: 1 Code: EData Docs: Edata * checking Rd \usage sections ... OK * checking Rd contents ... OK * checking for unstated dependencies in examples ... OK * checking examples ... OK * checking PDF version of manual ... [20s] OK * checking HTML version of manual ... OK * DONE Status: 3 WARNINGs, 3 NOTEs