* using log directory 'd:/RCompile/CRANincoming/R-devel/compIndexBuilder.Rcheck' * using R Under development (unstable) (2025-09-25 r88874 ucrt) * using platform: x86_64-w64-mingw32 * R was compiled by gcc.exe (GCC) 14.2.0 GNU Fortran (GCC) 14.2.0 * running under: Windows Server 2022 x64 (build 20348) * using session charset: UTF-8 * checking for file 'compIndexBuilder/DESCRIPTION' ... OK * checking extension type ... Package * this is package 'compIndexBuilder' version '1.0.0' * package encoding: UTF-8 * checking CRAN incoming feasibility ... NOTE Maintainer: 'Leila Marvian Mashhad ' New submission * checking package namespace information ... OK * checking package dependencies ... OK * checking if this is a source package ... OK * checking if there is a namespace ... OK * checking for hidden files and directories ... OK * checking for portable file names ... OK * checking whether package 'compIndexBuilder' can be installed ... WARNING Found the following significant warnings: Note: possible error in 'layout(title = "No data available")': unused argument (title = "No data available") Note: possible error in 'layout(title = "Group Contribution to Overall Index (%)", ': unused arguments (title = "Group Contribution to Overall Index (%)", showlegend = TRUE) Note: possible error in 'layout(title = "No group indices calculated")': unused argument (title = "No group indices calculated") Note: possible error in 'layout(title = "No composite index calculated")': unused argument (title = "No composite index calculated") Note: possible error in 'layout(title = "Need at least 2 groups for correlation analysis")': unused argument (title = "Need at least 2 groups for correlation analysis") Note: possible error in 'layout(title = "Insufficient data for correlation")': unused argument (title = "Insufficient data for correlation") Note: possible error in 'layout(title = "No observations available")': unused argument (title = "No observations available") Note: possible error in 'layout(title = "Unable to calculate correlations")': unused argument (title = "Unable to calculate correlations") Note: possible error in 'layout(title = list(text = "Correlation Matrix: Groups and Overall Index", ': unused arguments (title = list(text = "Correlation Matrix: Groups and Overall Index", x = 0.5), margin = list(l = 100, r = 50, t = 80, b = 100)) Note: possible error in 'layout(title = paste("Error creating correlation plot:", ': unused argument (title = paste("Error creating correlation plot:", e$message)) Note: possible error in 'layout(title = list(text = paste("Error creating plot:", ': unused argument (title = list(text = paste("Error creating plot:", e$message))) Note: possible error in 'layout(title = "Need at least 2 indicators for correlation")': unused argument (title = "Need at least 2 indicators for correlation") Note: possible error in 'layout(title = list(text = paste("Error creating correlation plot:", ': unused argument (title = list(text = paste("Error creating correlation plot:", e$message))) Note: possible error in 'layout(title = "No valid forecasts available")': unused argument (title = "No valid forecasts available") Note: possible error in 'layout(title = "Please select entities to compare")': unused argument (title = "Please select entities to compare") Note: possible error in 'layout(title = "Please select a valid metric to compare")': unused argument (title = "Please select a valid metric to compare") Note: possible error in 'layout(title = "No data found for selected entities")': unused argument (title = "No data found for selected entities") Note: possible error in 'layout(showlegend = FALSE)': unused argument (showlegend = FALSE) Note: possible error in 'layout(title = list(text = paste("Error creating comparison plot:", ': unused argument (title = list(text = paste("Error creating comparison plot:", e$message))) See 'd:/RCompile/CRANincoming/R-devel/compIndexBuilder.Rcheck/00install.out' for details. Information on the location(s) of code generating the 'Note's can be obtained by re-running with environment variable R_KEEP_PKG_SOURCE set to 'yes'. * checking installed package size ... OK * checking package directory ... OK * checking for future file timestamps ... OK * checking DESCRIPTION meta-information ... NOTE Author field differs from that derived from Authors@R Author: 'Hossein Hassani [aut], Leila Marvian Mashhad [aut, cre], Steve Macfeely[aut], Petra Kynclova[aut], Nour Barnat[aut], Fernando CANTU BAZALDUA[aut]' Authors@R: 'Hossein Hassani [aut], Leila Marvian Mashhad [aut, cre], Steve Macfeely [aut], Petra Kynclova [aut], Nour Barnat [aut], Fernando CANTU BAZALDUA [aut]' * checking top-level files ... OK * checking for left-over files ... OK * checking index information ... OK * checking package subdirectories ... OK * checking code files for non-ASCII characters ... WARNING Found the following file with non-ASCII characters: R/compIndexBuilder.R Portable packages must use only ASCII characters in their R code and NAMESPACE directives, except perhaps in comments. Use \uxxxx escapes for other characters. Function 'tools::showNonASCIIfile' can help in finding non-ASCII characters in files. * checking R files for syntax errors ... OK * checking whether the package can be loaded ... OK * checking whether the package can be loaded with stated dependencies ... OK * checking whether the package can be unloaded cleanly ... OK * checking whether the namespace can be loaded with stated dependencies ... OK * checking whether the namespace can be unloaded cleanly ... OK * checking loading without being on the library search path ... OK * checking use of S3 registration ... OK * checking dependencies in R code ... OK * checking S3 generic/method consistency ... OK * checking replacement functions ... OK * checking foreign function calls ... OK * checking R code for possible problems ... NOTE compIndexBuilder : calculate_group_based_index: no visible global function definition for 'cor' compIndexBuilder : calculate_group_based_index: no visible global function definition for 'prcomp' compIndexBuilder : create_group_statistics: no visible global function definition for 'sd' compIndexBuilder : read_data_file_universal: no visible global function definition for 'read_excel' compIndexBuilder : read_data_file_universal: no visible global function definition for 'read.csv' compIndexBuilder : detect_column_roles: no visible global function definition for 'head' compIndexBuilder : forecast_time_series_universal: no visible global function definition for '%>%' compIndexBuilder : forecast_time_series_universal: no visible global function definition for 'arrange' compIndexBuilder : forecast_time_series_universal: no visible global function definition for 'sym' compIndexBuilder : forecast_time_series_universal: no visible global function definition for 'pull' compIndexBuilder : forecast_time_series_universal: no visible global function definition for 'auto.arima' compIndexBuilder : forecast_time_series_universal: no visible global function definition for 'forecast' compIndexBuilder : forecast_time_series_universal : : no visible global function definition for 'lm' compIndexBuilder : forecast_time_series_universal : : no visible global function definition for 'predict' compIndexBuilder: no visible global function definition for 'dashboardPage' compIndexBuilder: no visible global function definition for 'dashboardHeader' compIndexBuilder: no visible global function definition for 'dashboardSidebar' compIndexBuilder: no visible global function definition for 'sidebarMenu' compIndexBuilder: no visible global function definition for 'menuItem' compIndexBuilder: no visible global function definition for 'dashboardBody' compIndexBuilder: no visible global function definition for 'tabItems' compIndexBuilder: no visible global function definition for 'tabItem' compIndexBuilder: no visible global function definition for 'box' compIndexBuilder: no visible global function definition for 'plotlyOutput' compIndexBuilder : server: no visible global function definition for 'renderPlotly' compIndexBuilder : server: no visible global function definition for '%>%' compIndexBuilder : server: no visible global function definition for 'plot_ly' compIndexBuilder : server: no visible global function definition for 'layout' compIndexBuilder : server: no visible global function definition for 'ggplot' compIndexBuilder : server: no visible global function definition for 'aes' compIndexBuilder : server: no visible binding for global variable 'Group' compIndexBuilder : server: no visible binding for global variable 'Weight' compIndexBuilder : server: no visible global function definition for 'geom_bar' compIndexBuilder : server: no visible global function definition for 'theme_minimal' compIndexBuilder : server: no visible global function definition for 'theme' compIndexBuilder : server: no visible global function definition for 'element_text' compIndexBuilder : server: no visible global function definition for 'labs' compIndexBuilder : server: no visible global function definition for 'ggplotly' compIndexBuilder : server : : no visible global function definition for 'sd' compIndexBuilder : server: no visible binding for global variable 'Mean' compIndexBuilder : server: no visible global function definition for 'geom_errorbar' compIndexBuilder : server: no visible binding for global variable 'SD' compIndexBuilder : server: no visible global function definition for 'plotly_empty' compIndexBuilder : server: no visible global function definition for 'cor' compIndexBuilder : server: no visible binding for global variable 'Var1' compIndexBuilder : server: no visible binding for global variable 'Var2' compIndexBuilder : server: no visible binding for global variable 'value' compIndexBuilder : server: no visible global function definition for 'geom_tile' compIndexBuilder : server: no visible global function definition for 'scale_fill_gradient2' compIndexBuilder : server: no visible global function definition for 'element_blank' compIndexBuilder : server: no visible global function definition for 'coord_fixed' compIndexBuilder : server : : no visible global function definition for '%>%' compIndexBuilder : server : : no visible global function definition for 'plotly_empty' compIndexBuilder : server : : no visible global function definition for 'layout' compIndexBuilder : server: no visible global function definition for 'excel_sheets' compIndexBuilder : server: no visible global function definition for 'group_by' compIndexBuilder : server: no visible global function definition for 'sym' compIndexBuilder : server: no visible global function definition for 'summarise' compIndexBuilder : server: no visible global function definition for 'n' compIndexBuilder : server: no visible global function definition for 'filter' compIndexBuilder : server: no visible binding for global variable 'count' compIndexBuilder : server: no visible global function definition for 'complete.cases' compIndexBuilder : server: no visible global function definition for 'head' compIndexBuilder : server: no visible global function definition for 'median' compIndexBuilder : server: no visible global function definition for 'sd' compIndexBuilder : server: no visible global function definition for 'arrange' compIndexBuilder : server: no visible global function definition for 'desc' compIndexBuilder : server: no visible binding for global variable 'composite_index' compIndexBuilder : server: no visible global function definition for 'reorder' compIndexBuilder : server: no visible global function definition for 'geom_col' compIndexBuilder : server: no visible global function definition for 'coord_flip' compIndexBuilder : server: no visible global function definition for 'select' compIndexBuilder : server: no visible global function definition for 'all_of' compIndexBuilder : server: no visible binding for global variable 'Composite_Index' compIndexBuilder : server: no visible global function definition for 'mutate' compIndexBuilder : server: no visible global function definition for 'row_number' compIndexBuilder : server: no visible binding for global variable 'Rank' compIndexBuilder : server: no visible global function definition for 'everything' compIndexBuilder : server : : no visible global function definition for 'select' compIndexBuilder : server : : no visible global function definition for 'sym' compIndexBuilder : server : : no visible binding for global variable 'composite_index' compIndexBuilder : server : : no visible global function definition for 'arrange' compIndexBuilder : server : : no visible global function definition for 'desc' compIndexBuilder : server : : no visible global function definition for 'mutate' compIndexBuilder : server : : no visible global function definition for 'row_number' compIndexBuilder : server : : no visible binding for global variable 'Rank' compIndexBuilder : server : : no visible global function definition for 'plot_ly' compIndexBuilder : server: no visible global function definition for 'geom_line' compIndexBuilder : server: no visible global function definition for 'geom_point' compIndexBuilder : server: no visible binding for global variable 'Time' compIndexBuilder : server: no visible binding for global variable 'Value' compIndexBuilder : server: no visible binding for global variable 'Type' compIndexBuilder : server: no visible global function definition for 'geom_ribbon' compIndexBuilder : server: no visible binding for global variable 'Lower' compIndexBuilder : server: no visible binding for global variable 'Upper' compIndexBuilder : server: no visible global function definition for 'scale_color_manual' compIndexBuilder : server: no visible binding for global variable 'Equal_Weights' compIndexBuilder : server: no visible binding for global variable 'Custom_Weights' compIndexBuilder : server: no visible binding for global variable 'Equal_Rank' compIndexBuilder : server: no visible binding for global variable 'Custom_Rank' compIndexBuilder : server: no visible binding for global variable 'Rank_Change' compIndexBuilder : server: no visible binding for global variable 'Entity' compIndexBuilder : server: no visible global function definition for 'scale_fill_manual' compIndexBuilder : server: no visible binding for global variable 'Equal_Score' compIndexBuilder : server: no visible binding for global variable 'Custom_Score' compIndexBuilder : server: no visible global function definition for 'scale_linetype_manual' compIndexBuilder : server: no visible global function definition for 'geom_text' compIndexBuilder : server: no visible global function definition for 'read_excel' compIndexBuilder : server: no visible global function definition for 'read.csv' compIndexBuilder : server : load_data_with_options: no visible global function definition for 'read_excel' compIndexBuilder : server : load_data_with_options: no visible global function definition for 'read.csv' compIndexBuilder : server : load_data_with_options: no visible global function definition for 'na.approx' compIndexBuilder : server : load_data_with_options: no visible global function definition for 'ts' compIndexBuilder : server : load_data_with_options: no visible global function definition for 'HoltWinters' compIndexBuilder : server : load_data_with_options: no visible global function definition for 'fitted' compIndexBuilder : server : load_data_with_options: no visible global function definition for 'missForest' compIndexBuilder : server : load_data_with_options: no visible binding for global variable 'sd' compIndexBuilder : server : load_data_with_options : : no visible global function definition for 'sd' compIndexBuilder : server : load_data_with_options: no visible global function definition for 'prcomp' compIndexBuilder : server : load_data_with_options: no visible global function definition for 'biplot' compIndexBuilder : server : load_data_with_options : : no visible global function definition for 'text' compIndexBuilder : server : load_data_with_options: no visible global function definition for 'cor' compIndexBuilder : server : load_data_with_options: no visible global function definition for 'corrplot' compIndexBuilder : server : load_data_with_options: no visible global function definition for 'colorRampPalette' compIndexBuilder : server : load_data_with_options: no visible global function definition for 'renderSankeyNetwork' compIndexBuilder : server : load_data_with_options: no visible global function definition for 'sankeyNetwork' compIndexBuilder : server : load_data_with_options : : no visible global function definition for 'write.csv' Undefined global functions or variables: %>% Composite_Index Custom_Rank Custom_Score Custom_Weights Entity Equal_Rank Equal_Score Equal_Weights Group HoltWinters Lower Mean Rank Rank_Change SD Time Type Upper Value Var1 Var2 Weight aes all_of arrange auto.arima biplot box colorRampPalette complete.cases composite_index coord_fixed coord_flip cor corrplot count dashboardBody dashboardHeader dashboardPage dashboardSidebar desc element_blank element_text everything excel_sheets filter fitted forecast geom_bar geom_col geom_errorbar geom_line geom_point geom_ribbon geom_text geom_tile ggplot ggplotly group_by head labs layout lm median menuItem missForest mutate n na.approx plot_ly plotlyOutput plotly_empty prcomp predict pull read.csv read_excel renderPlotly renderSankeyNetwork reorder row_number sankeyNetwork scale_color_manual scale_fill_gradient2 scale_fill_manual scale_linetype_manual sd select sidebarMenu summarise sym tabItem tabItems text theme theme_minimal ts value write.csv Consider adding importFrom("grDevices", "colorRampPalette") importFrom("graphics", "box", "layout", "text") importFrom("stats", "HoltWinters", "biplot", "complete.cases", "cor", "filter", "fitted", "lm", "median", "prcomp", "predict", "reorder", "sd", "ts") importFrom("utils", "head", "read.csv", "write.csv") to your NAMESPACE file. * checking Rd files ... OK * checking Rd metadata ... OK * checking Rd line widths ... OK * checking Rd cross-references ... OK * checking for missing documentation entries ... OK * checking for code/documentation mismatches ... OK * checking Rd \usage sections ... OK * checking Rd contents ... OK * checking for unstated dependencies in examples ... OK * checking examples ... OK * checking PDF version of manual ... [13s] OK * checking HTML version of manual ... OK * DONE Status: 2 WARNINGs, 3 NOTEs