* using log directory 'd:/RCompile/CRANincoming/R-devel/compIndexBuilder.Rcheck' * using R Under development (unstable) (2025-09-22 r88868 ucrt) * using platform: x86_64-w64-mingw32 * R was compiled by gcc.exe (GCC) 14.2.0 GNU Fortran (GCC) 14.2.0 * running under: Windows Server 2022 x64 (build 20348) * using session charset: UTF-8 * checking for file 'compIndexBuilder/DESCRIPTION' ... OK * checking extension type ... Package * this is package 'compIndexBuilder' version '1.0.0' * package encoding: UTF-8 * checking CRAN incoming feasibility ... NOTE Maintainer: 'Leila Marvian Mashhad ' New submission * checking package namespace information ... OK * checking package dependencies ... OK * checking if this is a source package ... OK * checking if there is a namespace ... OK * checking for hidden files and directories ... OK * checking for portable file names ... OK * checking whether package 'compIndexBuilder' can be installed ... WARNING Found the following significant warnings: Warning: replacing previous import 'shiny::renderDataTable' by 'DT::renderDataTable' when loading 'compIndexBuilder' Warning: replacing previous import 'shiny::dataTableOutput' by 'DT::dataTableOutput' when loading 'compIndexBuilder' Warning: replacing previous import 'plotly::last_plot' by 'ggplot2::last_plot' when loading 'compIndexBuilder' Warning: replacing previous import 'DT::JS' by 'networkD3::JS' when loading 'compIndexBuilder' Warning: replacing previous import 'ggplot2::%+%' by 'psych::%+%' when loading 'compIndexBuilder' Warning: replacing previous import 'ggplot2::alpha' by 'psych::alpha' when loading 'compIndexBuilder' See 'd:/RCompile/CRANincoming/R-devel/compIndexBuilder.Rcheck/00install.out' for details. * checking installed package size ... OK * checking package directory ... OK * checking for future file timestamps ... OK * checking DESCRIPTION meta-information ... NOTE Author field differs from that derived from Authors@R Author: 'Hossein Hassani [aut], Steve Macfeely[aut], Petra Kynclova[aut], Nour Barnat[aut], Leila Marvian Mashhad [aut, cre], CANTU BAZALDUA[aut]' Authors@R: 'Hossein Hassani [aut], Steve Macfeely [aut], Petra Kynclova [aut], Nour Barnat [aut], Leila Marvian Mashhad [aut, cre], Fernando CANTU BAZALDUA [aut]' * checking top-level files ... OK * checking for left-over files ... OK * checking index information ... OK * checking package subdirectories ... OK * checking code files for non-ASCII characters ... OK * checking R files for syntax errors ... OK * checking whether the package can be loaded ... OK * checking whether the package can be loaded with stated dependencies ... OK * checking whether the package can be unloaded cleanly ... OK * checking whether the namespace can be loaded with stated dependencies ... OK * checking whether the namespace can be unloaded cleanly ... OK * checking loading without being on the library search path ... OK * checking use of S3 registration ... OK * checking dependencies in R code ... OK * checking S3 generic/method consistency ... OK * checking replacement functions ... OK * checking foreign function calls ... OK * checking R code for possible problems ... [10s] OK * checking for missing documentation entries ... WARNING Undocumented code objects: 'run_app' All user-level objects in a package should have documentation entries. See chapter 'Writing R documentation files' in the 'Writing R Extensions' manual. * checking examples ... NONE * checking PDF version of manual ... OK * checking for code which exercises the package ... WARNING No examples, no tests, no vignettes * DONE Status: 3 WARNINGs, 2 NOTEs