* using log directory 'd:/RCompile/CRANincoming/R-devel/cointsmall.Rcheck' * using R Under development (unstable) (2025-10-31 r88977 ucrt) * using platform: x86_64-w64-mingw32 * R was compiled by gcc.exe (GCC) 14.3.0 GNU Fortran (GCC) 14.3.0 * running under: Windows Server 2022 x64 (build 20348) * using session charset: UTF-8 * checking for file 'cointsmall/DESCRIPTION' ... OK * checking extension type ... Package * this is package 'cointsmall' version '0.1.0' * package encoding: UTF-8 * checking CRAN incoming feasibility ... NOTE Maintainer: 'Merwan Roudane ' New submission Possibly misspelled words in DESCRIPTION: Cointegration (3:8) MacKinnon (17:64) Trinh (13:52) cointegration (12:25) macroeconometric (18:51) Found the following (possibly) invalid DOIs: DOI: 10.1016/0304-4076(95)01751-9 From: DESCRIPTION Status: 404 Message: Not Found * checking package namespace information ... OK * checking package dependencies ... OK * checking if this is a source package ... OK * checking if there is a namespace ... OK * checking for hidden files and directories ... OK * checking for portable file names ... OK * checking whether package 'cointsmall' can be installed ... OK * checking installed package size ... OK * checking package directory ... OK * checking for future file timestamps ... OK * checking 'build' directory ... OK * checking DESCRIPTION meta-information ... OK * checking top-level files ... NOTE Non-standard file/directory found at top level: 'INSTALL_INSTRUCTIONS.md' * checking for left-over files ... OK * checking index information ... OK * checking package subdirectories ... OK * checking code files for non-ASCII characters ... OK * checking R files for syntax errors ... OK * checking whether the package can be loaded ... OK * checking whether the package can be loaded with stated dependencies ... OK * checking whether the package can be unloaded cleanly ... OK * checking whether the namespace can be loaded with stated dependencies ... OK * checking whether the namespace can be unloaded cleanly ... OK * checking loading without being on the library search path ... OK * checking use of S3 registration ... OK * checking dependencies in R code ... OK * checking S3 generic/method consistency ... OK * checking replacement functions ... OK * checking foreign function calls ... OK * checking R code for possible problems ... OK * checking for missing documentation entries ... WARNING Undocumented code objects: 'composite_cointegration_test' 'test_cointegration_breaks' 'verify_critical_values' All user-level objects in a package should have documentation entries. See chapter 'Writing R documentation files' in the 'Writing R Extensions' manual. * checking R/sysdata.rda ... OK * checking installed files from 'inst/doc' ... OK * checking files in 'vignettes' ... OK * checking examples ... NONE * checking for unstated dependencies in 'tests' ... OK * checking tests ... OK Running 'testthat.R' * checking for unstated dependencies in vignettes ... OK * checking package vignettes ... OK * checking re-building of vignette outputs ... OK * checking PDF version of manual ... [11s] OK * DONE Status: 1 WARNING, 2 NOTEs