* using log directory 'd:/RCompile/CRANincoming/R-devel/cmgnd.Rcheck' * using R Under development (unstable) (2025-07-07 r88391 ucrt) * using platform: x86_64-w64-mingw32 * R was compiled by gcc.exe (GCC) 14.2.0 GNU Fortran (GCC) 14.2.0 * running under: Windows Server 2022 x64 (build 20348) * using session charset: UTF-8 * checking for file 'cmgnd/DESCRIPTION' ... OK * checking extension type ... Package * this is package 'cmgnd' version '0.1.1' * package encoding: UTF-8 * checking CRAN incoming feasibility ... NOTE Maintainer: 'Pierdomenico Duttilo ' New submission Possibly misspelled words in DESCRIPTION: Duttilo (11:480, 11:540) Gattone (11:492) al (11:551) et (11:548) The Description field contains Gattone (2025) <10.1007/s00180-025-01638-x> and Duttilo et al. (2025) <10.48550/arXiv.2506.03285>. Please write DOIs as . * checking package namespace information ... OK * checking package dependencies ... OK * checking if this is a source package ... OK * checking if there is a namespace ... OK * checking for hidden files and directories ... OK * checking for portable file names ... OK * checking whether package 'cmgnd' can be installed ... OK * checking installed package size ... OK * checking package directory ... OK * checking for future file timestamps ... OK * checking DESCRIPTION meta-information ... OK * checking top-level files ... OK * checking for left-over files ... OK * checking index information ... OK * checking package subdirectories ... OK * checking code files for non-ASCII characters ... OK * checking R files for syntax errors ... OK * checking whether the package can be loaded ... OK * checking whether the package can be loaded with stated dependencies ... OK * checking whether the package can be unloaded cleanly ... OK * checking whether the namespace can be loaded with stated dependencies ... OK * checking whether the namespace can be unloaded cleanly ... OK * checking loading without being on the library search path ... OK * checking whether startup messages can be suppressed ... OK * checking use of S3 registration ... OK * checking dependencies in R code ... OK * checking S3 generic/method consistency ... OK * checking replacement functions ... OK * checking foreign function calls ... OK * checking R code for possible problems ... OK * checking Rd files ... OK * checking Rd metadata ... OK * checking Rd line widths ... OK * checking Rd cross-references ... OK * checking for missing documentation entries ... OK * checking for code/documentation mismatches ... OK * checking Rd \usage sections ... OK * checking Rd contents ... OK * checking for unstated dependencies in examples ... OK * checking examples ... NONE * checking PDF version of manual ... [13s] OK * checking HTML version of manual ... OK * checking for code which exercises the package ... WARNING No examples, no tests, no vignettes * DONE Status: 1 WARNING, 1 NOTE