* using log directory ‘/srv/hornik/tmp/CRAN_pretest/booklet.Rcheck’ * using R Under development (unstable) (2025-04-19 r88161) * using platform: x86_64-pc-linux-gnu * R was compiled by Debian clang version 19.1.7 (3) Debian flang-new version 19.1.7 (3) * running under: Debian GNU/Linux trixie/sid * using session charset: UTF-8 * checking for file ‘booklet/DESCRIPTION’ ... OK * checking extension type ... Package * this is package ‘booklet’ version ‘1.0.0’ * package encoding: UTF-8 * checking CRAN incoming feasibility ... [3s/5s] NOTE Maintainer: ‘Alex Yahiaoui Martinez ’ New submission * checking package namespace information ... OK * checking package dependencies ... OK * checking if this is a source package ... OK * checking if there is a namespace ... OK * checking for executable files ... OK * checking for hidden files and directories ... OK * checking for portable file names ... OK * checking for sufficient/correct file permissions ... OK * checking whether package ‘booklet’ can be installed ... [1s/1s] WARNING Found the following significant warnings: Warning: /srv/hornik/tmp/CRAN_pretest/booklet.Rcheck/00_pkg_src/booklet/man/ca_col_contrib.Rd:16: unexpected section header '\value' Warning: /srv/hornik/tmp/CRAN_pretest/booklet.Rcheck/00_pkg_src/booklet/man/ca_col_coords.Rd:15: unexpected section header '\value' Warning: /srv/hornik/tmp/CRAN_pretest/booklet.Rcheck/00_pkg_src/booklet/man/ca_col_cos2.Rd:19: unexpected section header '\value' Warning: /srv/hornik/tmp/CRAN_pretest/booklet.Rcheck/00_pkg_src/booklet/man/ca_col_inertia.Rd:12: unexpected section header '\value' Warning: /srv/hornik/tmp/CRAN_pretest/booklet.Rcheck/00_pkg_src/booklet/man/ca_row_contrib.Rd:16: unexpected section header '\value' Warning: /srv/hornik/tmp/CRAN_pretest/booklet.Rcheck/00_pkg_src/booklet/man/ca_row_coords.Rd:15: unexpected section header '\value' Warning: /srv/hornik/tmp/CRAN_pretest/booklet.Rcheck/00_pkg_src/booklet/man/ca_row_cos2.Rd:19: unexpected section header '\value' Warning: /srv/hornik/tmp/CRAN_pretest/booklet.Rcheck/00_pkg_src/booklet/man/ca_row_inertia.Rd:12: unexpected section header '\value' Warning: /srv/hornik/tmp/CRAN_pretest/booklet.Rcheck/00_pkg_src/booklet/man/ca_standardize.Rd:19: unexpected section header '\value' Warning: /srv/hornik/tmp/CRAN_pretest/booklet.Rcheck/00_pkg_src/booklet/man/ca_weighted_eigen.Rd:12: unexpected section header '\value' Warning: /srv/hornik/tmp/CRAN_pretest/booklet.Rcheck/00_pkg_src/booklet/man/facto_ca.Rd:20: unexpected section header '\value' Warning: /srv/hornik/tmp/CRAN_pretest/booklet.Rcheck/00_pkg_src/booklet/man/facto_mfa.Rd:16: unexpected section header '\value' Warning: /srv/hornik/tmp/CRAN_pretest/booklet.Rcheck/00_pkg_src/booklet/man/facto_pca.Rd:29: unexpected section header '\value' Warning: /srv/hornik/tmp/CRAN_pretest/booklet.Rcheck/00_pkg_src/booklet/man/pca_eigen.Rd:23: unexpected section header '\value' Warning: /srv/hornik/tmp/CRAN_pretest/booklet.Rcheck/00_pkg_src/booklet/man/pca_ind_contrib.Rd:20: unexpected section header '\value' Warning: /srv/hornik/tmp/CRAN_pretest/booklet.Rcheck/00_pkg_src/booklet/man/pca_ind_coords.Rd:12: unexpected section header '\value' Warning: /srv/hornik/tmp/CRAN_pretest/booklet.Rcheck/00_pkg_src/booklet/man/pca_ind_cos2.Rd:14: unexpected section header '\value' Warning: /srv/hornik/tmp/CRAN_pretest/booklet.Rcheck/00_pkg_src/booklet/man/pca_standardize_norm.Rd:21: unexpected section header '\value' Warning: /srv/hornik/tmp/CRAN_pretest/booklet.Rcheck/00_pkg_src/booklet/man/pca_var_contrib.Rd:16: unexpected section header '\value' Warning: /srv/hornik/tmp/CRAN_pretest/booklet.Rcheck/00_pkg_src/booklet/man/pca_var_coords.Rd:12: unexpected section header '\value' Warning: /srv/hornik/tmp/CRAN_pretest/booklet.Rcheck/00_pkg_src/booklet/man/pca_var_cor.Rd:12: unexpected section header '\value' Warning: /srv/hornik/tmp/CRAN_pretest/booklet.Rcheck/00_pkg_src/booklet/man/pca_var_cos2.Rd:12: unexpected section header '\value' See ‘/srv/hornik/tmp/CRAN_pretest/booklet.Rcheck/00install.out’ for details. * checking package directory ... OK * checking for future file timestamps ... OK * checking ‘build’ directory ... OK * checking DESCRIPTION meta-information ... OK * checking top-level files ... OK * checking for left-over files ... OK * checking index information ... OK * checking package subdirectories ... OK * checking code files for non-ASCII characters ... OK * checking R files for syntax errors ... OK * checking whether the package can be loaded ... [0s/0s] OK * checking whether the package can be loaded with stated dependencies ... [0s/0s] OK * checking whether the package can be unloaded cleanly ... [0s/0s] OK * checking whether the namespace can be loaded with stated dependencies ... [0s/0s] OK * checking whether the namespace can be unloaded cleanly ... [0s/0s] OK * checking loading without being on the library search path ... [0s/0s] OK * checking use of S3 registration ... OK * checking dependencies in R code ... OK * checking S3 generic/method consistency ... OK * checking replacement functions ... OK * checking foreign function calls ... OK * checking R code for possible problems ... [2s/2s] OK * checking Rd files ... [0s/0s] WARNING prepare_Rd: ./man/ca_col_contrib.Rd:16: unexpected section header '\value' checkRd: (-1) ca_col_contrib.Rd:16: Lost braces; missing escapes or markup? 16 | \value{A dataframe of col contributions.}} | ^ prepare_Rd: ./man/ca_col_coords.Rd:15: unexpected section header '\value' checkRd: (-1) ca_col_coords.Rd:15: Lost braces; missing escapes or markup? 15 | \value{A dataframe of col coordinates.}} | ^ prepare_Rd: ./man/ca_col_cos2.Rd:19: unexpected section header '\value' checkRd: (-1) ca_col_cos2.Rd:19: Lost braces; missing escapes or markup? 19 | \value{A dataframe of col squared cosines.}} | ^ prepare_Rd: ./man/ca_col_inertia.Rd:12: unexpected section header '\value' checkRd: (-1) ca_col_inertia.Rd:12: Lost braces; missing escapes or markup? 12 | \value{A dataframe of col inertia.}} | ^ prepare_Rd: ./man/ca_row_contrib.Rd:16: unexpected section header '\value' checkRd: (-1) ca_row_contrib.Rd:16: Lost braces; missing escapes or markup? 16 | \value{A dataframe of row contributions.}} | ^ prepare_Rd: ./man/ca_row_coords.Rd:15: unexpected section header '\value' checkRd: (-1) ca_row_coords.Rd:15: Lost braces; missing escapes or markup? 15 | \value{A dataframe of row coordinates.}} | ^ prepare_Rd: ./man/ca_row_cos2.Rd:19: unexpected section header '\value' checkRd: (-1) ca_row_cos2.Rd:19: Lost braces; missing escapes or markup? 19 | \value{A dataframe of row squared cosines.}} | ^ prepare_Rd: ./man/ca_row_inertia.Rd:12: unexpected section header '\value' checkRd: (-1) ca_row_inertia.Rd:12: Lost braces; missing escapes or markup? 12 | \value{A dataframe of row inertia.}} | ^ prepare_Rd: ./man/ca_standardize.Rd:19: unexpected section header '\value' checkRd: (-1) ca_standardize.Rd:19: Lost braces 19 | \value{A dataframe of the same size as \code{X}.}} | ^ prepare_Rd: ./man/ca_weighted_eigen.Rd:12: unexpected section header '\value' checkRd: (-1) ca_weighted_eigen.Rd:12: Lost braces; missing escapes or markup? 12 | \value{A list containing results of Single Value Decomposition (SVD).}} | ^ prepare_Rd: ./man/facto_ca.Rd:20: unexpected section header '\value' checkRd: (-1) facto_ca.Rd:20: Lost braces; missing escapes or markup? 20 | \value{A list containing results of FactoMineR's correspondence analysis (CA).}} | ^ prepare_Rd: ./man/facto_mfa.Rd:16: unexpected section header '\value' checkRd: (-1) facto_mfa.Rd:16: Lost braces; missing escapes or markup? 16 | \value{A list containing results of FactoMineR's multiple factor analysis (MFA).}} | ^ prepare_Rd: ./man/facto_pca.Rd:29: unexpected section header '\value' checkRd: (-1) facto_pca.Rd:29: Lost braces; missing escapes or markup? 29 | \value{A list containing results of FactoMineR's principal components analysis (PCA).}} | ^ prepare_Rd: ./man/pca_eigen.Rd:23: unexpected section header '\value' checkRd: (-1) pca_eigen.Rd:23: Lost braces; missing escapes or markup? 23 | \value{A list containing results of Single Value Decomposition (SVD).}} | ^ prepare_Rd: ./man/pca_ind_contrib.Rd:20: unexpected section header '\value' checkRd: (-1) pca_ind_contrib.Rd:20: Lost braces; missing escapes or markup? 20 | \value{A dataframe of individual contributions.}} | ^ prepare_Rd: ./man/pca_ind_coords.Rd:12: unexpected section header '\value' checkRd: (-1) pca_ind_coords.Rd:12: Lost braces; missing escapes or markup? 12 | \value{A dataframe of individual coordinates.}} | ^ prepare_Rd: ./man/pca_ind_cos2.Rd:14: unexpected section header '\value' checkRd: (-1) pca_ind_cos2.Rd:14: Lost braces; missing escapes or markup? 14 | \value{A dataframe of individual squared cosines.}} | ^ prepare_Rd: ./man/pca_standardize_norm.Rd:21: unexpected section header '\value' checkRd: (-1) pca_standardize_norm.Rd:21: Lost braces 21 | \value{A dataframe of the same size as \code{X}.}} | ^ prepare_Rd: ./man/pca_var_contrib.Rd:16: unexpected section header '\value' checkRd: (-1) pca_var_contrib.Rd:16: Lost braces; missing escapes or markup? 16 | \value{A dataframe of variable contributions.}} | ^ prepare_Rd: ./man/pca_var_coords.Rd:12: unexpected section header '\value' checkRd: (-1) pca_var_coords.Rd:12: Lost braces; missing escapes or markup? 12 | \value{A dataframe of variable coordinates.}} | ^ prepare_Rd: ./man/pca_var_cor.Rd:12: unexpected section header '\value' checkRd: (-1) pca_var_cor.Rd:12: Lost braces; missing escapes or markup? 12 | \value{A dataframe of variable correlation.}} | ^ prepare_Rd: ./man/pca_var_cos2.Rd:12: unexpected section header '\value' checkRd: (-1) pca_var_cos2.Rd:12: Lost braces; missing escapes or markup? 12 | \value{A dataframe of variable squared consines.}} | ^ * checking Rd metadata ... OK * checking Rd line widths ... OK * checking Rd cross-references ... OK * checking for missing documentation entries ... OK * checking for code/documentation mismatches ... OK * checking Rd \usage sections ... OK * checking Rd contents ... OK * checking for unstated dependencies in examples ... OK * checking installed files from ‘inst/doc’ ... OK * checking files in ‘vignettes’ ... OK * checking examples ... [1s/1s] OK * checking for unstated dependencies in vignettes ... OK * checking package vignettes ... OK * checking re-building of vignette outputs ... [6s/6s] OK * checking PDF version of manual ... [3s/2s] OK * checking HTML version of manual ... [0s/0s] OK * checking for non-standard things in the check directory ... OK * checking for detritus in the temp directory ... OK * DONE Status: 2 WARNINGs, 1 NOTE