* using log directory 'd:/RCompile/CRANincoming/R-devel/blockCV.Rcheck' * using R Under development (unstable) (2024-10-31 r87283 ucrt) * using platform: x86_64-w64-mingw32 * R was compiled by gcc.exe (GCC) 13.2.0 GNU Fortran (GCC) 13.2.0 * running under: Windows Server 2022 x64 (build 20348) * using session charset: UTF-8 * checking for file 'blockCV/DESCRIPTION' ... OK * checking extension type ... Package * this is package 'blockCV' version '3.1-5' * package encoding: UTF-8 * checking CRAN incoming feasibility ... [14s] OK * checking package namespace information ... OK * checking package dependencies ... OK * checking if this is a source package ... OK * checking if there is a namespace ... OK * checking for hidden files and directories ... OK * checking for portable file names ... OK * checking whether package 'blockCV' can be installed ... OK * used C++ compiler: 'g++.exe (GCC) 13.2.0' * checking installed package size ... OK * checking package directory ... OK * checking for future file timestamps ... OK * checking 'build' directory ... OK * checking DESCRIPTION meta-information ... NOTE 'LinkingTo' for 'Rcpp' is unused as it has no 'include' directory * checking top-level files ... OK * checking for left-over files ... OK * checking index information ... OK * checking package subdirectories ... OK * checking code files for non-ASCII characters ... OK * checking R files for syntax errors ... OK * checking whether the package can be loaded ... ERROR Loading this package had a fatal error status code 1 Loading log: Error: package or namespace load failed for 'blockCV' in loadNamespace(j <- i[[1L]], c(lib.loc, .libPaths()), versionCheck = vI[[j]]): there is no package called 'Rcpp' Execution halted * DONE Status: 1 ERROR, 1 NOTE