* using log directory ‘/srv/hornik/tmp/CRAN_pretest/bioacoustics.Rcheck’ * using R Under development (unstable) (2025-11-11 r88995) * using platform: x86_64-pc-linux-gnu * R was compiled by Debian clang version 19.1.7 (7) Debian flang-new version 19.1.7 (7) * running under: Debian GNU/Linux forky/sid * using session charset: UTF-8 * checking for file ‘bioacoustics/DESCRIPTION’ ... OK * checking extension type ... Package * this is package ‘bioacoustics’ version ‘0.2.10’ * package encoding: UTF-8 * checking CRAN incoming feasibility ... [5s/124s] NOTE Maintainer: ‘Jean Marchal ’ Found the following (possibly) invalid URLs: URL: http://www.wavx.ca From: inst/doc/tutorial.html Status: Error Message: Timeout was reached [www.wavx.ca]: Connection timed out after 60002 milliseconds * checking package namespace information ... OK * checking package dependencies ... OK * checking if this is a source package ... OK * checking if there is a namespace ... OK * checking for executable files ... OK * checking for hidden files and directories ... OK * checking for portable file names ... OK * checking for sufficient/correct file permissions ... OK * checking serialization versions ... OK * checking whether package ‘bioacoustics’ can be installed ... [2s/2s] ERROR Installation failed. See ‘/srv/hornik/tmp/CRAN_pretest/bioacoustics.Rcheck/00install.out’ for details. * DONE Status: 1 ERROR, 1 NOTE