* using log directory ‘/srv/hornik/tmp/CRAN_pretest/bhetGP.Rcheck’ * using R Under development (unstable) (2025-07-01 r88373) * using platform: x86_64-pc-linux-gnu * R was compiled by Debian clang version 19.1.7 (3) Debian flang-new version 19.1.7 (3) * running under: Debian GNU/Linux 13 (trixie) * using session charset: UTF-8 * checking for file ‘bhetGP/DESCRIPTION’ ... OK * checking extension type ... Package * this is package ‘bhetGP’ version ‘1.0’ * package encoding: UTF-8 * checking CRAN incoming feasibility ... [3s/3s] NOTE Maintainer: ‘Parul V. Patil ’ New submission Possibly misspelled words in DESCRIPTION: Heteroskedastic (3:17) OpenMP (14:42) heteroskedastic (11:14) vecchia (15:56) * checking package namespace information ... OK * checking package dependencies ... OK * checking if this is a source package ... OK * checking if there is a namespace ... OK * checking for executable files ... OK * checking for hidden files and directories ... OK * checking for portable file names ... OK * checking for sufficient/correct file permissions ... OK * checking serialization versions ... OK * checking whether package ‘bhetGP’ can be installed ... [12s/12s] ERROR Installation failed. See ‘/srv/hornik/tmp/CRAN_pretest/bhetGP.Rcheck/00install.out’ for details. * DONE Status: 1 ERROR, 1 NOTE