* using log directory ‘/srv/hornik/tmp/CRAN_pretest/bdsm.Rcheck’ * using R Under development (unstable) (2025-09-27 r88882) * using platform: x86_64-pc-linux-gnu * R was compiled by Debian clang version 19.1.7 (3+b1) Debian flang-new version 19.1.7 (3+b1) * running under: Debian GNU/Linux forky/sid * using session charset: UTF-8 * checking for file ‘bdsm/DESCRIPTION’ ... OK * this is package ‘bdsm’ version ‘0.3.0’ * package encoding: UTF-8 * checking CRAN incoming feasibility ... [5s/125s] NOTE Maintainer: ‘Marcin Dubel ’ Found the following (possibly) invalid URLs: URL: https://www.gnu.org/licenses/gpl-2.0.html From: README.md Status: Error Message: Timeout was reached [www.gnu.org]: Connection timed out after 60001 milliseconds * checking package namespace information ... OK * checking package dependencies ... OK * checking if this is a source package ... OK * checking if there is a namespace ... OK * checking for executable files ... OK * checking for hidden files and directories ... OK * checking for portable file names ... OK * checking for sufficient/correct file permissions ... OK * checking whether package ‘bdsm’ can be installed ... [16s/16s] ERROR Installation failed. See ‘/srv/hornik/tmp/CRAN_pretest/bdsm.Rcheck/00install.out’ for details. * DONE Status: 1 ERROR, 1 NOTE