* using log directory ‘/srv/hornik/tmp/CRAN_pretest/bayesQRsurvey.Rcheck’ * using R Under development (unstable) (2025-10-09 r88913) * using platform: x86_64-pc-linux-gnu * R was compiled by Debian clang version 19.1.7 (7) Debian flang-new version 19.1.7 (7) * running under: Debian GNU/Linux forky/sid * using session charset: UTF-8 * checking for file ‘bayesQRsurvey/DESCRIPTION’ ... OK * this is package ‘bayesQRsurvey’ version ‘0.1.0’ * package encoding: UTF-8 * checking CRAN incoming feasibility ... [3s/3s] NOTE Maintainer: ‘Tomás Rodríguez Taborda ’ New submission The Title field should be in title case. Current version is: ‘Bayesian quantile regression models for complex survey data analysis’ In title case that is: ‘Bayesian Quantile Regression Models for Complex Survey Data Analysis’ * checking package namespace information ... OK * checking package dependencies ... OK * checking if this is a source package ... OK * checking if there is a namespace ... OK * checking for executable files ... OK * checking for hidden files and directories ... OK * checking for portable file names ... OK * checking for sufficient/correct file permissions ... OK * checking whether package ‘bayesQRsurvey’ can be installed ... [38s/38s] ERROR Installation failed. See ‘/srv/hornik/tmp/CRAN_pretest/bayesQRsurvey.Rcheck/00install.out’ for details. * DONE Status: 1 ERROR, 1 NOTE