* using log directory 'd:/RCompile/CRANincoming/R-devel/basefun.Rcheck' * using R Under development (unstable) (2025-10-02 r88897 ucrt) * using platform: x86_64-w64-mingw32 * R was compiled by gcc.exe (GCC) 14.2.0 GNU Fortran (GCC) 14.2.0 * running under: Windows Server 2022 x64 (build 20348) * using session charset: UTF-8 * checking for file 'basefun/DESCRIPTION' ... OK * this is package 'basefun' version '1.2-5' * checking CRAN incoming feasibility ... OK * checking package namespace information ... OK * checking package dependencies ... OK * checking if this is a source package ... OK * checking if there is a namespace ... OK * checking for hidden files and directories ... OK * checking for portable file names ... OK * checking serialization versions ... OK * checking whether package 'basefun' can be installed ... OK * used C compiler: 'gcc.exe (GCC) 14.2.0' * checking installed package size ... OK * checking package directory ... OK * checking for future file timestamps ... OK * checking DESCRIPTION meta-information ... OK * checking top-level files ... OK * checking for left-over files ... OK * checking index information ... OK * checking package subdirectories ... NOTE Problems with news in 'inst/NEWS.Rd': inst/NEWS.Rd:12: unexpected section header '\section' inst/NEWS.Rd:22: unexpected section header '\section' inst/NEWS.Rd:28: unexpected section header '\section' inst/NEWS.Rd:34: unexpected section header '\section' inst/NEWS.Rd:41: unexpected section header '\section' inst/NEWS.Rd:47: unexpected section header '\section' inst/NEWS.Rd:53: unexpected section header '\section' inst/NEWS.Rd:59: unexpected section header '\section' inst/NEWS.Rd:66: unexpected section header '\section' inst/NEWS.Rd:75: unexpected section header '\section' inst/NEWS.Rd:82: unexpected section header '\section' inst/NEWS.Rd:88: unexpected section header '\section' inst/NEWS.Rd:97: unexpected section header '\section' inst/NEWS.Rd:105: unexpected section header '\section' inst/NEWS.Rd:111: unexpected section header '\section' inst/NEWS.Rd:118: unexpected section header '\section' inst/NEWS.Rd:127: unexpected section header '\section' inst/NEWS.Rd:134: unexpected section header '\section' inst/NEWS.Rd:144: unexpected section header '\section' inst/NEWS.Rd:152: unexpected section header '\section' inst/NEWS.Rd:159: unexpected section header '\section' inst/NEWS.Rd:169: unexpected section header '\section' inst/NEWS.Rd:178: unexpected section header '\section' inst/NEWS.Rd:185: unexpected section header '\section' inst/NEWS.Rd:192: unexpected section header '\section' inst/NEWS.Rd:200: unexpected section header '\section' inst/NEWS.Rd:210: unexpected section header '\section' inst/NEWS.Rd:217: unexpected section header '\section' inst/NEWS.Rd:224: unexpected section header '\section' inst/NEWS.Rd:230: unexpected END_OF_INPUT ' ' * checking code files for non-ASCII characters ... OK * checking R files for syntax errors ... OK * checking whether the package can be loaded ... OK * checking whether the package can be loaded with stated dependencies ... OK * checking whether the package can be unloaded cleanly ... OK * checking whether the namespace can be loaded with stated dependencies ... OK * checking whether the namespace can be unloaded cleanly ... OK * checking loading without being on the library search path ... OK * checking use of S3 registration ... OK * checking dependencies in R code ... OK * checking S3 generic/method consistency ... OK * checking replacement functions ... OK * checking foreign function calls ... OK * checking R code for possible problems ... OK * checking Rd files ... WARNING prepare_Rd: ./inst/NEWS.Rd:12: unexpected section header '\section' prepare_Rd: ./inst/NEWS.Rd:22: unexpected section header '\section' prepare_Rd: ./inst/NEWS.Rd:28: unexpected section header '\section' prepare_Rd: ./inst/NEWS.Rd:34: unexpected section header '\section' prepare_Rd: ./inst/NEWS.Rd:41: unexpected section header '\section' prepare_Rd: ./inst/NEWS.Rd:47: unexpected section header '\section' prepare_Rd: ./inst/NEWS.Rd:53: unexpected section header '\section' prepare_Rd: ./inst/NEWS.Rd:59: unexpected section header '\section' prepare_Rd: ./inst/NEWS.Rd:66: unexpected section header '\section' prepare_Rd: ./inst/NEWS.Rd:75: unexpected section header '\section' prepare_Rd: ./inst/NEWS.Rd:82: unexpected section header '\section' prepare_Rd: ./inst/NEWS.Rd:88: unexpected section header '\section' prepare_Rd: ./inst/NEWS.Rd:97: unexpected section header '\section' prepare_Rd: ./inst/NEWS.Rd:105: unexpected section header '\section' prepare_Rd: ./inst/NEWS.Rd:111: unexpected section header '\section' prepare_Rd: ./inst/NEWS.Rd:118: unexpected section header '\section' prepare_Rd: ./inst/NEWS.Rd:127: unexpected section header '\section' prepare_Rd: ./inst/NEWS.Rd:134: unexpected section header '\section' prepare_Rd: ./inst/NEWS.Rd:144: unexpected section header '\section' prepare_Rd: ./inst/NEWS.Rd:152: unexpected section header '\section' prepare_Rd: ./inst/NEWS.Rd:159: unexpected section header '\section' prepare_Rd: ./inst/NEWS.Rd:169: unexpected section header '\section' prepare_Rd: ./inst/NEWS.Rd:178: unexpected section header '\section' prepare_Rd: ./inst/NEWS.Rd:185: unexpected section header '\section' prepare_Rd: ./inst/NEWS.Rd:192: unexpected section header '\section' prepare_Rd: ./inst/NEWS.Rd:200: unexpected section header '\section' prepare_Rd: ./inst/NEWS.Rd:210: unexpected section header '\section' prepare_Rd: ./inst/NEWS.Rd:217: unexpected section header '\section' prepare_Rd: ./inst/NEWS.Rd:224: unexpected section header '\section' prepare_Rd: ./inst/NEWS.Rd:230: unexpected END_OF_INPUT ' ' checkRd: (-1) NEWS.Rd:12: Lost braces; missing escapes or markup? 12 | \section{Changes in Version 1.2-4 (2025-09-23)}{ | ^ checkRd: (-1) NEWS.Rd:12-20: Lost braces 12 | \section{Changes in Version 1.2-4 (2025-09-23)}{ | ^ checkRd: (-1) NEWS.Rd:22: Lost braces; missing escapes or markup? 22 | \section{Changes in Version 1.2-3 (2025-05-09)}{ | ^ checkRd: (-1) NEWS.Rd:22-26: Lost braces 22 | \section{Changes in Version 1.2-3 (2025-05-09)}{ | ^ checkRd: (-1) NEWS.Rd:28: Lost braces; missing escapes or markup? 28 | \section{Changes in Version 1.2-2 (2025-01-29)}{ | ^ checkRd: (-1) NEWS.Rd:28-32: Lost braces 28 | \section{Changes in Version 1.2-2 (2025-01-29)}{ | ^ checkRd: (-1) NEWS.Rd:34: Lost braces; missing escapes or markup? 34 | \section{Changes in Version 1.2-1 (2025-01-17)}{ | ^ checkRd: (-1) NEWS.Rd:34-38: Lost braces 34 | \section{Changes in Version 1.2-1 (2025-01-17)}{ | ^ checkRd: (-1) NEWS.Rd:41: Lost braces; missing escapes or markup? 41 | \section{Changes in Version 1.2-0 (2024-05-21)}{ | ^ checkRd: (-1) NEWS.Rd:41-45: Lost braces 41 | \section{Changes in Version 1.2-0 (2024-05-21)}{ | ^ checkRd: (-1) NEWS.Rd:47: Lost braces; missing escapes or markup? 47 | \section{Changes in Version 1.1-4 (2023-05-16)}{ | ^ checkRd: (-1) NEWS.Rd:47-51: Lost braces 47 | \section{Changes in Version 1.1-4 (2023-05-16)}{ | ^ checkRd: (-1) NEWS.Rd:53: Lost braces; missing escapes or markup? 53 | \section{Changes in Version 1.1-3 (2022-05-25)}{ | ^ checkRd: (-1) NEWS.Rd:53-57: Lost braces 53 | \section{Changes in Version 1.1-3 (2022-05-25)}{ | ^ checkRd: (-1) NEWS.Rd:59: Lost braces; missing escapes or markup? 59 | \section{Changes in Version 1.1-2 (2022-01-14)}{ | ^ checkRd: (-1) NEWS.Rd:59-63: Lost braces 59 | \section{Changes in Version 1.1-2 (2022-01-14)}{ | ^ checkRd: (-1) NEWS.Rd:66: Lost braces; missing escapes or markup? 66 | \section{Changes in Version 1.1-1 (2021-11-12)}{ | ^ checkRd: (-1) NEWS.Rd:66-73: Lost braces 66 | \section{Changes in Version 1.1-1 (2021-11-12)}{ | ^ checkRd: (-1) NEWS.Rd:75: Lost braces; missing escapes or markup? 75 | \section{Changes in Version 1.1-0 (2021-03-09)}{ | ^ checkRd: (-1) NEWS.Rd:75-80: Lost braces 75 | \section{Changes in Version 1.1-0 (2021-03-09)}{ | ^ checkRd: (-1) NEWS.Rd:82: Lost braces; missing escapes or markup? 82 | \section{Changes in Version 1.0-7 (2020-02-13)}{ | ^ checkRd: (-1) NEWS.Rd:82-86: Lost braces 82 | \section{Changes in Version 1.0-7 (2020-02-13)}{ | ^ checkRd: (-1) NEWS.Rd:88: Lost braces; missing escapes or markup? 88 | \section{Changes in Version 1.0-6 (2019-10-05)}{ | ^ checkRd: (-1) NEWS.Rd:88-94: Lost braces 88 | \section{Changes in Version 1.0-6 (2019-10-05)}{ | ^ checkRd: (-1) NEWS.Rd:97: Lost braces; missing escapes or markup? 97 | \section{Changes in Version 1.0-5 (2019-06-20)}{ | ^ checkRd: (-1) NEWS.Rd:97-102: Lost braces 97 | \section{Changes in Version 1.0-5 (2019-06-20)}{ | ^ checkRd: (-1) NEWS.Rd:105: Lost braces; missing escapes or markup? 105 | \section{Changes in Version 1.0-4 (2019-02-25)}{ | ^ checkRd: (-1) NEWS.Rd:105-109: Lost braces 105 | \section{Changes in Version 1.0-4 (2019-02-25)}{ | ^ checkRd: (-1) NEWS.Rd:111: Lost braces; missing escapes or markup? 111 | \section{Changes in Version 1.0-3 (2019-01-16)}{ | ^ checkRd: (-1) NEWS.Rd:111-116: Lost braces 111 | \section{Changes in Version 1.0-3 (2019-01-16)}{ | ^ checkRd: (-1) NEWS.Rd:118: Lost braces; missing escapes or markup? 118 | \section{Changes in Version 1.0-2 (2018-09-17)}{ | ^ checkRd: (-1) NEWS.Rd:118-124: Lost braces 118 | \section{Changes in Version 1.0-2 (2018-09-17)}{ | ^ checkRd: (-1) NEWS.Rd:127: Lost braces; missing escapes or markup? 127 | \section{Changes in Version 1.0-1 (2018-03-27)}{ | ^ checkRd: (-1) NEWS.Rd:127-131: Lost braces 127 | \section{Changes in Version 1.0-1 (2018-03-27)}{ | ^ checkRd: (-1) NEWS.Rd:134: Lost braces; missing escapes or markup? 134 | \section{Changes in Version 1.0-0 (2018-03-07)}{ | ^ checkRd: (-1) NEWS.Rd:134-141: Lost braces 134 | \section{Changes in Version 1.0-0 (2018-03-07)}{ | ^ checkRd: (-1) NEWS.Rd:144: Lost braces; missing escapes or markup? 144 | \section{Changes in Version 0.0-40 (2018-02-23)}{ | ^ checkRd: (-1) NEWS.Rd:144-150: Lost braces 144 | \section{Changes in Version 0.0-40 (2018-02-23)}{ | ^ checkRd: (-1) NEWS.Rd:152: Lost braces; missing escapes or markup? 152 | \section{Changes in Version 0.0-39 (2017-12-18)}{ | ^ checkRd: (-1) NEWS.Rd:152-156: Lost braces 152 | \section{Changes in Version 0.0-39 (2017-12-18)}{ | ^ checkRd: (-1) NEWS.Rd:159: Lost braces; missing escapes or markup? 159 | \section{Changes in Version 0.0-38 (2017-05-15)}{ | ^ checkRd: (-1) NEWS.Rd:159-165: Lost braces 159 | \section{Changes in Version 0.0-38 (2017-05-15)}{ | ^ checkRd: (-1) NEWS.Rd:169: Lost braces; missing escapes or markup? 169 | \section{Changes in Version 0.0-37 (2017-04-04)}{ | ^ checkRd: (-1) NEWS.Rd:169-175: Lost braces 169 | \section{Changes in Version 0.0-37 (2017-04-04)}{ | ^ checkRd: (-1) NEWS.Rd:178: Lost braces; missing escapes or markup? 178 | \section{Changes in Version 0.0-36 (2017-03-01)}{ | ^ checkRd: (-1) NEWS.Rd:178-182: Lost braces 178 | \section{Changes in Version 0.0-36 (2017-03-01)}{ | ^ checkRd: (-1) NEWS.Rd:185: Lost braces; missing escapes or markup? 185 | \section{Changes in Version 0.0-35 (2017-02-14)}{ | ^ checkRd: (-1) NEWS.Rd:185-189: Lost braces 185 | \section{Changes in Version 0.0-35 (2017-02-14)}{ | ^ checkRd: (-1) NEWS.Rd:192: Lost braces; missing escapes or markup? 192 | \section{Changes in Version 0.0-34 (2016-12-14)}{ | ^ checkRd: (-1) NEWS.Rd:192-198: Lost braces 192 | \section{Changes in Version 0.0-34 (2016-12-14)}{ | ^ checkRd: (-1) NEWS.Rd:200: Lost braces; missing escapes or markup? 200 | \section{Changes in Version 0.0-33 (2016-09-12)}{ | ^ checkRd: (-1) NEWS.Rd:200-208: Lost braces 200 | \section{Changes in Version 0.0-33 (2016-09-12)}{ | ^ checkRd: (-1) NEWS.Rd:210: Lost braces; missing escapes or markup? 210 | \section{Changes in Version 0.0-32 (2016-05-31)}{ | ^ checkRd: (-1) NEWS.Rd:210-214: Lost braces 210 | \section{Changes in Version 0.0-32 (2016-05-31)}{ | ^ checkRd: (-1) NEWS.Rd:217: Lost braces; missing escapes or markup? 217 | \section{Changes in Version 0.0-31 (2016-04-25)}{ | ^ checkRd: (-1) NEWS.Rd:217-222: Lost braces 217 | \section{Changes in Version 0.0-31 (2016-04-25)}{ | ^ checkRd: (-1) NEWS.Rd:224: Lost braces; missing escapes or markup? 224 | \section{Changes in Version 0.0-30 (2016-02-19)}{ | ^ checkRd: (-1) NEWS.Rd:224-229: Lost braces 224 | \section{Changes in Version 0.0-30 (2016-02-19)}{ | ^ * checking Rd metadata ... OK * checking Rd line widths ... OK * checking Rd cross-references ... OK * checking for missing documentation entries ... OK * checking for code/documentation mismatches ... OK * checking Rd \usage sections ... OK * checking Rd contents ... OK * checking for unstated dependencies in examples ... OK * checking line endings in shell scripts ... OK * checking line endings in C/C++/Fortran sources/headers ... OK * checking pragmas in C/C++ headers and code ... OK * checking compilation flags used ... OK * checking compiled code ... OK * checking examples ... OK * checking for unstated dependencies in 'tests' ... OK * checking tests ... OK Running 'Bernstein-Ex.R' Comparing 'Bernstein-Ex.Rout' to 'Bernstein-Ex.Rout.save' ... OK Running 'bases-Ex.R' Running 'bugfixes.R' Running 'formula.R' Running 'predict.R' * checking PDF version of manual ... [14s] OK * checking HTML version of manual ... OK * DONE Status: 1 WARNING, 1 NOTE