* using log directory 'd:/RCompile/CRANincoming/R-devel/autodb.Rcheck' * using R Under development (unstable) (2025-11-10 r88994 ucrt) * using platform: x86_64-w64-mingw32 * R was compiled by gcc.exe (GCC) 14.3.0 GNU Fortran (GCC) 14.3.0 * running under: Windows Server 2022 x64 (build 20348) * using session charset: UTF-8 * checking for file 'autodb/DESCRIPTION' ... OK * this is package 'autodb' version '3.2.3' * package encoding: UTF-8 * checking CRAN incoming feasibility ... OK * checking package namespace information ... OK * checking package dependencies ... OK * checking if this is a source package ... OK * checking if there is a namespace ... OK * checking for hidden files and directories ... OK * checking for portable file names ... OK * checking whether package 'autodb' can be installed ... OK * checking installed package size ... OK * checking package directory ... OK * checking for future file timestamps ... OK * checking 'build' directory ... OK * checking DESCRIPTION meta-information ... OK * checking top-level files ... OK * checking for left-over files ... OK * checking index information ... OK * checking package subdirectories ... OK * checking code files for non-ASCII characters ... OK * checking R files for syntax errors ... OK * checking whether the package can be loaded ... OK * checking whether the package can be loaded with stated dependencies ... OK * checking whether the package can be unloaded cleanly ... OK * checking whether the namespace can be loaded with stated dependencies ... OK * checking whether the namespace can be unloaded cleanly ... OK * checking loading without being on the library search path ... OK * checking use of S3 registration ... OK * checking dependencies in R code ... OK * checking S3 generic/method consistency ... OK * checking replacement functions ... OK * checking foreign function calls ... OK * checking R code for possible problems ... [10s] OK * checking Rd files ... OK * checking Rd metadata ... OK * checking Rd line widths ... OK * checking Rd cross-references ... OK * checking for missing documentation entries ... OK * checking for code/documentation mismatches ... OK * checking Rd \usage sections ... OK * checking Rd contents ... OK * checking for unstated dependencies in examples ... OK * checking contents of 'data' directory ... OK * checking data for non-ASCII characters ... OK * checking LazyData ... OK * checking data for ASCII and uncompressed saves ... OK * checking installed files from 'inst/doc' ... OK * checking files in 'vignettes' ... OK * checking examples ... OK * checking for unstated dependencies in 'tests' ... OK * checking tests ... [291s] ERROR Running 'spelling.R' Running 'testthat.R' [290s] Running the tests in 'tests/testthat.R' failed. Complete output: > library(testthat) > library(autodb) Attaching package: 'autodb' The following object is masked from 'package:stats': decompose > > test_check("autodb") Saving _problems/test-database-984.R Saving _problems/test-database_schema-746.R Saving _problems/test-functional_dependency-276.R Saving _problems/test-relation-726.R Saving _problems/test-relation_schema-620.R [ FAIL 5 | WARN 0 | SKIP 1 | PASS 774 ] ══ Skipped tests (1) ═══════════════════════════════════════════════════════════ • empty test (1): 'test-decompose.r:130:3' ══ Failed tests ════════════════════════════════════════════════════════════════ ── Failure ('test-database.r:982:5'): database / concatenates without losing attribute orderings, if consistent ── Expected exactly one failure and no successes. Actually failed 2 times ── Failure ('test-database_schema.r:744:5'): database_schema / concatenates without losing attribute orderings, if consistent ── Expected exactly one failure and no successes. Actually failed 2 times ── Failure ('test-functional_dependency.r:276:5'): functional_dependency / concatenates without losing attribute orderings, if consistent ── Expected exactly one failure and no successes. Actually failed 2 times ── Failure ('test-relation.r:726:5'): relation / concatenates without losing attribute orderings, if consistent ── Expected exactly one failure and no successes. Actually failed 2 times ── Failure ('test-relation_schema.r:620:5'): relation_schema / concatenates without losing attribute orderings, if consistent ── Expected exactly one failure and no successes. Actually failed 2 times [ FAIL 5 | WARN 0 | SKIP 1 | PASS 774 ] Error: ! Test failures. Execution halted * checking for unstated dependencies in vignettes ... OK * checking package vignettes ... OK * checking re-building of vignette outputs ... [87s] OK * checking PDF version of manual ... [13s] OK * checking HTML version of manual ... OK * DONE Status: 1 ERROR