* using log directory ‘/srv/hornik/tmp/CRAN_pretest/argostranslate.Rcheck’ * using R Under development (unstable) (2024-09-15 r87152) * using platform: x86_64-pc-linux-gnu * R was compiled by Debian clang version 18.1.8 (9) Debian flang-new version 18.1.8 (9) * running under: Debian GNU/Linux trixie/sid * using session charset: UTF-8 * checking for file ‘argostranslate/DESCRIPTION’ ... OK * this is package ‘argostranslate’ version ‘0.1.1’ * package encoding: UTF-8 * checking CRAN incoming feasibility ... [3s/5s] NOTE Maintainer: ‘John Muschelli ’ New submission * checking package namespace information ... OK * checking package dependencies ... OK * checking if this is a source package ... OK * checking if there is a namespace ... OK * checking for executable files ... OK * checking for hidden files and directories ... OK * checking for portable file names ... OK * checking for sufficient/correct file permissions ... OK * checking serialization versions ... OK * checking whether package ‘argostranslate’ can be installed ... [1s/1s] OK * checking package directory ... OK * checking for future file timestamps ... OK * checking DESCRIPTION meta-information ... OK * checking top-level files ... OK * checking for left-over files ... OK * checking index information ... OK * checking package subdirectories ... OK * checking code files for non-ASCII characters ... OK * checking R files for syntax errors ... OK * checking whether the package can be loaded ... [0s/0s] OK * checking whether the package can be loaded with stated dependencies ... [0s/0s] OK * checking whether the package can be unloaded cleanly ... [0s/0s] OK * checking whether the namespace can be loaded with stated dependencies ... [0s/0s] OK * checking whether the namespace can be unloaded cleanly ... [0s/0s] OK * checking loading without being on the library search path ... [0s/0s] OK * checking use of S3 registration ... OK * checking dependencies in R code ... OK * checking S3 generic/method consistency ... OK * checking replacement functions ... OK * checking foreign function calls ... OK * checking R code for possible problems ... [2s/2s] OK * checking Rd files ... [0s/0s] OK * checking Rd metadata ... OK * checking Rd line widths ... OK * checking Rd cross-references ... OK * checking for missing documentation entries ... OK * checking for code/documentation mismatches ... OK * checking Rd \usage sections ... OK * checking Rd contents ... OK * checking for unstated dependencies in examples ... OK * checking examples ... [2s/2s] ERROR Running examples in ‘argostranslate-Ex.R’ failed The error most likely occurred in: > base::assign(".ptime", proc.time(), pos = "CheckExEnv") > ### Name: argos_translate_only > ### Title: Translate via Argos > ### Aliases: argos_translate_only argos_translate > > ### ** Examples > > if (is_argos_installed()) { + argos_translate("Hello World") + argos_translate_only("Hello World") + } Error in py_get_attr(x, name, FALSE) : AttributeError: module 'argostranslate' has no attribute 'package' Run `reticulate::py_last_error()` for details. Calls: argos_translate ... install_language_package -> $ -> $.python.builtin.module -> py_get_attr Execution halted * checking for unstated dependencies in ‘tests’ ... OK * checking tests ... [2s/2s] OK Running ‘testthat.R’ [2s/2s] * checking PDF version of manual ... [3s/2s] OK * checking HTML version of manual ... [0s/0s] OK * checking for non-standard things in the check directory ... OK * checking for detritus in the temp directory ... OK * DONE Status: 1 ERROR, 1 NOTE