* using log directory 'd:/RCompile/CRANincoming/R-devel/aireSurfaceQuadri.Rcheck' * using R Under development (unstable) (2024-10-22 r87265 ucrt) * using platform: x86_64-w64-mingw32 * R was compiled by gcc.exe (GCC) 13.2.0 GNU Fortran (GCC) 13.2.0 * running under: Windows Server 2022 x64 (build 20348) * using session charset: UTF-8 * checking for file 'aireSurfaceQuadri/DESCRIPTION' ... OK * checking extension type ... Package * this is package 'aireSurfaceQuadri' version '0.1.0' * package encoding: UTF-8 * checking CRAN incoming feasibility ... NOTE Maintainer: 'LELE' New submission Possibly misspelled words in DESCRIPTION: CALCUL (3:8) PERIMETRE (3:15) caarre (8:15) calculer (7:36) d'un (7:72) de (7:33) et (7:58) kage (7:21) le (7:45) ou (8:22) pac (7:17) perimetre (7:48) permet (7:26) No Authors@R field in DESCRIPTION. Please add one, modifying Authors@R: c(person(given = c("LELE", "FOULLA", "BENITO"), family = "CONRAD", role = "aut"), person(family = "LELE", role = "cre", email = "foullalele10@gmail.com")) as necessary. * checking package namespace information ... OK * checking package dependencies ... OK * checking if this is a source package ... OK * checking if there is a namespace ... OK * checking for hidden files and directories ... OK * checking for portable file names ... OK * checking serialization versions ... OK * checking whether package 'aireSurfaceQuadri' can be installed ... OK * checking installed package size ... OK * checking package directory ... OK * checking for future file timestamps ... OK * checking DESCRIPTION meta-information ... NOTE Malformed Description field: should contain one or more complete sentences. License components which are templates and need '+ file LICENSE': MIT * checking top-level files ... OK * checking for left-over files ... OK * checking index information ... OK * checking package subdirectories ... OK * checking code files for non-ASCII characters ... WARNING Found the following file with non-ASCII characters: R/geoCalc.R Portable packages must use only ASCII characters in their R code and NAMESPACE directives, except perhaps in comments. Use \uxxxx escapes for other characters. Function 'tools::showNonASCIIfile' can help in finding non-ASCII characters in files. * checking R files for syntax errors ... OK * checking whether the package can be loaded ... OK * checking whether the package can be loaded with stated dependencies ... OK * checking whether the package can be unloaded cleanly ... OK * checking whether the namespace can be loaded with stated dependencies ... OK * checking whether the namespace can be unloaded cleanly ... OK * checking loading without being on the library search path ... OK * checking use of S3 registration ... OK * checking dependencies in R code ... OK * checking S3 generic/method consistency ... OK * checking replacement functions ... OK * checking foreign function calls ... OK * checking R code for possible problems ... OK * checking Rd files ... OK * checking Rd metadata ... OK * checking Rd line widths ... OK * checking Rd cross-references ... OK * checking for missing documentation entries ... OK * checking for code/documentation mismatches ... OK * checking Rd \usage sections ... OK * checking Rd contents ... OK * checking for unstated dependencies in examples ... OK * checking examples ... OK * checking PDF version of manual ... [21s] OK * checking HTML version of manual ... OK * DONE Status: 1 WARNING, 2 NOTEs