* using log directory 'd:/RCompile/CRANincoming/R-devel/agroplots.Rcheck' * using R Under development (unstable) (2025-09-19 r88859 ucrt) * using platform: x86_64-w64-mingw32 * R was compiled by gcc.exe (GCC) 14.2.0 GNU Fortran (GCC) 14.2.0 * running under: Windows Server 2022 x64 (build 20348) * using session charset: UTF-8 * checking for file 'agroplots/DESCRIPTION' ... OK * checking extension type ... Package * this is package 'agroplots' version '0.1.0' * package encoding: UTF-8 * checking CRAN incoming feasibility ... NOTE Maintainer: 'Joaquin Alejandro Salinas Angeles ' New submission Possibly misspelled words in DESCRIPTION: Agroindustria (3:56) Datos (3:44) Este (10:14) Herramientas (3:8) Su (12:23) agroindustriales (12:5) apoyar (13:7) claras (13:61) como (14:67) conjunto (10:42) contextos (11:71) datos (11:62) de (3:41, 10:51, 11:18, 11:59, 12:65, 13:22, 14:54) decisiones (13:25) el (11:33, 14:72) facilitar (10:69) ficos (11:25) funciones (10:54) grupos (13:83) lisis (11:40, 13:73) mediante (13:36) mejorar (12:38) objetivo (12:26) paquete (10:19) por (13:79) potencia (14:83) proporciona (10:27) pruebas (14:5) sticas (14:20) stico (11:53) ticas (14:34) toma (13:17) tricas (14:60) un (10:39) visualizaciones (13:45) The Title field should be in title case. Current version is: 'Herramientas para Visualización de Datos en la Agroindustria' In title case that is: 'Herramientas Para Visualización De Datos en La Agroindustria' * checking package namespace information ... OK * checking package dependencies ... OK * checking if this is a source package ... OK * checking if there is a namespace ... OK * checking for hidden files and directories ... OK * checking for portable file names ... OK * checking serialization versions ... OK * checking whether package 'agroplots' can be installed ... OK * checking installed package size ... OK * checking package directory ... OK * checking for future file timestamps ... OK * checking DESCRIPTION meta-information ... OK * checking top-level files ... OK * checking for left-over files ... OK * checking index information ... OK * checking package subdirectories ... OK * checking code files for non-ASCII characters ... OK * checking R files for syntax errors ... OK * checking whether the package can be loaded ... OK * checking whether the package can be loaded with stated dependencies ... OK * checking whether the package can be unloaded cleanly ... OK * checking whether the namespace can be loaded with stated dependencies ... OK * checking whether the namespace can be unloaded cleanly ... OK * checking loading without being on the library search path ... OK * checking use of S3 registration ... OK * checking dependencies in R code ... OK * checking S3 generic/method consistency ... OK * checking replacement functions ... OK * checking foreign function calls ... OK * checking R code for possible problems ... NOTE grafico_porgrupo: no visible binding for global variable 'cluster' grafico_porgrupo: no visible binding for global variable 'qq' grafico_porgrupo: no visible global function definition for ':=' grafico_porgrupo: no visible binding for global variable 'CV' grafico_porgrupo: no visible binding for global variable 'Power' Undefined global functions or variables: := CV Power cluster qq * checking Rd files ... OK * checking Rd metadata ... OK * checking Rd line widths ... OK * checking Rd cross-references ... OK * checking for missing documentation entries ... OK * checking for code/documentation mismatches ... OK * checking Rd \usage sections ... OK * checking Rd contents ... OK * checking for unstated dependencies in examples ... OK * checking examples ... NONE * checking PDF version of manual ... [12s] OK * checking HTML version of manual ... OK * checking for code which exercises the package ... WARNING No examples, no tests, no vignettes * DONE Status: 1 WARNING, 2 NOTEs