* using log directory ‘/srv/hornik/tmp/CRAN_pretest/agroplots.Rcheck’ * using R Under development (unstable) (2025-09-19 r88859) * using platform: x86_64-pc-linux-gnu * R was compiled by Debian clang version 19.1.7 (3+b1) Debian flang-new version 19.1.7 (3+b1) * running under: Debian GNU/Linux forky/sid * using session charset: UTF-8 * checking for file ‘agroplots/DESCRIPTION’ ... OK * checking extension type ... Package * this is package ‘agroplots’ version ‘0.1.0’ * package encoding: UTF-8 * checking CRAN incoming feasibility ... [3s/3s] NOTE Maintainer: ‘Joaquin Alejandro Salinas Angeles ’ New submission Possibly misspelled words in DESCRIPTION: Agroindustria (3:55) Datos (3:43) Este (10:14) Herramientas (3:8) Su (12:23) Visualización (3:26) agroindustriales (12:5) análisis (11:34, 13:69) apoyar (13:7) automáticas (14:26) claras (13:61) como (14:63) conjunto (10:42) contextos (11:67) creación (11:8) datos (11:58) de (3:40, 10:51, 11:17, 11:55, 12:64, 13:22, 14:51) decisiones (13:25) el (11:31, 14:68) estadísticas (14:13) estadístico (11:43) facilitar (10:69) funciones (10:54) generación (14:40) grupos (13:82) gráficos (11:20) información (12:70) interpretación (12:49) mediante (13:36) mejorar (12:38) métricas (14:54) objetivo (12:26) paquete (10:19) por (13:78) potencia (14:79) proporciona (10:27) pruebas (14:5) toma (13:17) un (10:39) visualizaciones (13:45) The Title field should be in title case. Current version is: ‘Herramientas para Visualización de Datos en la Agroindustria’ In title case that is: ‘Herramientas Para Visualización De Datos en La Agroindustria’ * checking package namespace information ... OK * checking package dependencies ... OK * checking if this is a source package ... OK * checking if there is a namespace ... OK * checking for executable files ... OK * checking for hidden files and directories ... OK * checking for portable file names ... OK * checking for sufficient/correct file permissions ... OK * checking serialization versions ... OK * checking whether package ‘agroplots’ can be installed ... [3s/3s] OK * checking package directory ... OK * checking for future file timestamps ... OK * checking DESCRIPTION meta-information ... OK * checking top-level files ... OK * checking for left-over files ... OK * checking index information ... OK * checking package subdirectories ... OK * checking code files for non-ASCII characters ... OK * checking R files for syntax errors ... OK * checking whether the package can be loaded ... [1s/1s] OK * checking whether the package can be loaded with stated dependencies ... [1s/1s] OK * checking whether the package can be unloaded cleanly ... [1s/1s] OK * checking whether the namespace can be loaded with stated dependencies ... [1s/1s] OK * checking whether the namespace can be unloaded cleanly ... [1s/1s] OK * checking loading without being on the library search path ... [1s/1s] OK * checking use of S3 registration ... OK * checking dependencies in R code ... OK * checking S3 generic/method consistency ... OK * checking replacement functions ... OK * checking foreign function calls ... OK * checking R code for possible problems ... [5s/5s] NOTE grafico_porgrupo: no visible binding for global variable ‘cluster’ grafico_porgrupo: no visible binding for global variable ‘qq’ grafico_porgrupo: no visible global function definition for ‘:=’ grafico_porgrupo: no visible binding for global variable ‘CV’ grafico_porgrupo: no visible binding for global variable ‘Power’ Undefined global functions or variables: := CV Power cluster qq * checking Rd files ... [0s/0s] OK * checking Rd metadata ... OK * checking Rd line widths ... OK * checking Rd cross-references ... OK * checking for missing documentation entries ... OK * checking for code/documentation mismatches ... OK * checking Rd \usage sections ... OK * checking Rd contents ... OK * checking for unstated dependencies in examples ... OK * checking examples ... NONE * checking PDF version of manual ... [3s/3s] OK * checking HTML version of manual ... [0s/0s] OK * checking for code which exercises the package ... WARNING No examples, no tests, no vignettes * checking for non-standard things in the check directory ... OK * checking for detritus in the temp directory ... OK * DONE Status: 1 WARNING, 2 NOTEs