* using log directory ‘/home/hornik/tmp/CRAN_recheck/XML.Rcheck’ * using R Under development (unstable) (2025-11-06 r88990) * using platform: x86_64-pc-linux-gnu * R was compiled by gcc-15 (Debian 15.2.0-4) 15.2.0 GNU Fortran (Debian 15.2.0-4) 15.2.0 * running under: Debian GNU/Linux forky/sid * using session charset: UTF-8 * checking for file ‘XML/DESCRIPTION’ ... OK * this is package ‘XML’ version ‘3.99-0.20’ * checking CRAN incoming feasibility ... [9s/10s] OK * checking package namespace information ... OK * checking package dependencies ... OK * checking if this is a source package ... OK * checking if there is a namespace ... OK * checking for executable files ... OK * checking for hidden files and directories ... OK * checking for portable file names ... OK * checking for sufficient/correct file permissions ... OK * checking whether package ‘XML’ can be installed ... [22s/23s] WARNING Found the following significant warnings: DocParse.c:67:2: warning: ‘__xmlDoValidityCheckingDefaultValue’ is deprecated [-Wdeprecated-declarations] DocParse.c:70:6: warning: ‘__xmlDoValidityCheckingDefaultValue’ is deprecated [-Wdeprecated-declarations] HTMLParse.c:143:5: warning: ‘use’ is deprecated [-Wdeprecated-declarations] HTMLParse.c:152:9: warning: ‘content’ is deprecated [-Wdeprecated-declarations] RSDTD.c:121:3: warning: ‘validate’ is deprecated [-Wdeprecated-declarations] RSDTD.c:134:7: warning: ‘xmlSkipBlankChars’ is deprecated [-Wdeprecated-declarations] RSDTD.c:135:7: warning: ‘xmlParseMarkupDecl’ is deprecated [-Wdeprecated-declarations] RUtils.c:142:5: warning: ‘xmlSubstituteEntitiesDefault’ is deprecated [-Wdeprecated-declarations] XMLTree.c:1439:5: warning: ‘use’ is deprecated [-Wdeprecated-declarations] XMLTree.c:1442:9: warning: ‘content’ is deprecated [-Wdeprecated-declarations] XMLTree.c:1444:9: warning: ‘content’ is deprecated [-Wdeprecated-declarations] See ‘/home/hornik/tmp/CRAN_recheck/XML.Rcheck/00install.out’ for details. * used C compiler: ‘gcc-15 (Debian 15.2.0-7) 15.2.0’ * checking package directory ... OK * checking for future file timestamps ... OK * checking DESCRIPTION meta-information ... OK * checking top-level files ... OK * checking for left-over files ... OK * checking index information ... OK * checking package subdirectories ... OK * checking code files for non-ASCII characters ... OK * checking R files for syntax errors ... OK * checking whether the package can be loaded ... [0s/0s] OK * checking whether the package can be loaded with stated dependencies ... [0s/0s] OK * checking whether the package can be unloaded cleanly ... [0s/0s] OK * checking whether the namespace can be loaded with stated dependencies ... [0s/0s] OK * checking whether the namespace can be unloaded cleanly ... [0s/0s] OK * checking loading without being on the library search path ... [0s/0s] OK * checking whether startup messages can be suppressed ... [0s/0s] OK * checking use of S3 registration ... OK * checking dependencies in R code ... OK * checking S3 generic/method consistency ... OK * checking replacement functions ... OK * checking foreign function calls ... OK * checking R code for possible problems ... [18s/18s] OK * checking Rd files ... [1s/1s] OK * checking Rd metadata ... OK * checking Rd line widths ... OK * checking Rd cross-references ... OK * checking for missing documentation entries ... OK * checking for code/documentation mismatches ... OK * checking Rd \usage sections ... OK * checking Rd contents ... OK * checking for unstated dependencies in examples ... OK * checking line endings in shell scripts ... OK * checking line endings in C/C++/Fortran sources/headers ... OK * checking line endings in Makefiles ... OK * checking compilation flags in Makevars ... OK * checking for GNU extensions in Makefiles ... OK * checking for portable use of $(BLAS_LIBS) and $(LAPACK_LIBS) ... OK * checking use of PKG_*FLAGS in Makefiles ... OK * checking use of SHLIB_OPENMP_*FLAGS in Makefiles ... OK * checking include directives in Makefiles ... OK * checking pragmas in C/C++ headers and code ... OK * checking compilation flags used ... OK * checking compiled code ... OK * checking examples ... [12s/12s] OK * checking PDF version of manual ... [12s/12s] OK * checking HTML version of manual ... [5s/6s] OK * checking for non-standard things in the check directory ... OK * checking for detritus in the temp directory ... OK * DONE Status: 1 WARNING