* using log directory 'd:/RCompile/CRANincoming/R-devel/WormTensor.Rcheck' * using R Under development (unstable) (2024-07-22 r86913 ucrt) * using platform: x86_64-w64-mingw32 * R was compiled by gcc.exe (GCC) 13.2.0 GNU Fortran (GCC) 13.2.0 * running under: Windows Server 2022 x64 (build 20348) * using session charset: UTF-8 * checking for file 'WormTensor/DESCRIPTION' ... OK * checking extension type ... Package * this is package 'WormTensor' version '0.1.1' * package encoding: UTF-8 * checking CRAN incoming feasibility ... Note_to_CRAN_maintainers Maintainer: 'Kentaro Yamamoto ' * checking package namespace information ... OK * checking package dependencies ... OK * checking if this is a source package ... OK * checking if there is a namespace ... OK * checking for hidden files and directories ... OK * checking for portable file names ... OK * checking whether package 'WormTensor' can be installed ... OK * checking installed package size ... OK * checking package directory ... OK * checking for future file timestamps ... OK * checking 'build' directory ... OK * checking DESCRIPTION meta-information ... OK * checking top-level files ... OK * checking for left-over files ... OK * checking index information ... OK * checking package subdirectories ... OK * checking code files for non-ASCII characters ... OK * checking R files for syntax errors ... OK * checking whether the package can be loaded ... OK * checking whether the package can be loaded with stated dependencies ... OK * checking whether the package can be unloaded cleanly ... OK * checking whether the namespace can be loaded with stated dependencies ... OK * checking whether the namespace can be unloaded cleanly ... OK * checking loading without being on the library search path ... OK * checking use of S3 registration ... OK * checking dependencies in R code ... OK * checking S3 generic/method consistency ... OK * checking replacement functions ... OK * checking foreign function calls ... OK * checking R code for possible problems ... [12s] OK * checking Rd files ... OK * checking Rd metadata ... OK * checking Rd line widths ... OK * checking Rd cross-references ... OK * checking for missing documentation entries ... OK * checking for code/documentation mismatches ... OK * checking Rd \usage sections ... OK * checking Rd contents ... OK * checking for unstated dependencies in examples ... OK * checking installed files from 'inst/doc' ... OK * checking files in 'vignettes' ... OK * checking examples ... OK * checking for unstated dependencies in 'tests' ... OK * checking tests ... [72s] ERROR Running 'testthat.R' [72s] Running the tests in 'tests/testthat.R' failed. Complete output: > library(testthat) > library(WormTensor) > > test_check("WormTensor") trying URL 'https://figshare.com/ndownloader/files/35963780' Content type 'application/octet-stream' length 3955980 bytes (3.8 MB) ================================================== downloaded 3.8 MB trying URL 'https://figshare.com/ndownloader/files/36186483' Content type 'text/csv' length 10992 bytes (10 KB) ================================================== downloaded 10 KB trying URL 'https://figshare.com/ndownloader/files/35963780' Content type 'application/octet-stream' length 3955980 bytes (3.8 MB) ================================================== downloaded 3.8 MB trying URL 'https://figshare.com/ndownloader/files/36186483' Content type 'text/csv' length 10992 bytes (10 KB) ================================================== downloaded 10 KB 1 / 30 |Previous Error - Error| / Error = 0.708289809911288 2 / 30 |Previous Error - Error| / Error = 1.57692048682204e-05 3 / 30 |Previous Error - Error| / Error = 3.81306139538638e-08 4 / 30 |Previous Error - Error| / Error = 2.12450598521719e-10 5 / 30 |Previous Error - Error| / Error = 1.92252480611294e-12 1 / 30 |Previous Error - Error| / Error = 0.699417272591358 2 / 30 |Previous Error - Error| / Error = 0.0243705863003987 3 / 30 |Previous Error - Error| / Error = 0.00547445978225641 4 / 30 |Previous Error - Error| / Error = 0.00152660294211873 5 / 30 |Previous Error - Error| / Error = 0.00375420657641944 6 / 30 |Previous Error - Error| / Error = 0.00341782912855791 7 / 30 |Previous Error - Error| / Error = 0.000335706818587341 8 / 30 |Previous Error - Error| / Error = 1.03659391720988e-05 9 / 30 |Previous Error - Error| / Error = 1.09928352697128e-06 10 / 30 |Previous Error - Error| / Error = 2.37986122119725e-07 11 / 30 |Previous Error - Error| / Error = 6.92804171469236e-08 12 / 30 |Previous Error - Error| / Error = 2.29558872609401e-08 13 / 30 |Previous Error - Error| / Error = 7.9914820429045e-09 14 / 30 |Previous Error - Error| / Error = 2.83426833465152e-09 15 / 30 |Previous Error - Error| / Error = 1.01339536165604e-09 16 / 30 |Previous Error - Error| / Error = 3.64043469967292e-10 17 / 30 |Previous Error - Error| / Error = 1.31246803809629e-10 18 / 30 |Previous Error - Error| / Error = 4.74725580097712e-11 trying URL 'https://figshare.com/ndownloader/files/35963777' Content type 'application/octet-stream' length 3990311 bytes (3.8 MB) ================================================== downloaded 3.8 MB trying URL 'https://figshare.com/ndownloader/files/36186483' Content type 'text/csv' length 10992 bytes (10 KB) ================================================== downloaded 10 KB trying URL 'https://figshare.com/ndownloader/files/35963780' Content type 'application/octet-stream' length 3955980 bytes (3.8 MB) ================================================== downloaded 3.8 MB trying URL 'https://figshare.com/ndownloader/files/36186483' Content type 'text/csv' length 10992 bytes (10 KB) ================================================== downloaded 10 KB trying URL 'https://figshare.com/ndownloader/files/35963777' Content type 'application/octet-stream' length 3990311 bytes (3.8 MB) ================================================== downloaded 3.8 MB trying URL 'https://figshare.com/ndownloader/files/36186483' Content type 'text/csv' length 10992 bytes (10 KB) ================================================== downloaded 10 KB trying URL 'https://figshare.com/ndownloader/files/35963777' Content type 'application/octet-stream' length 3990311 bytes (3.8 MB) ================================================== downloaded 3.8 MB trying URL 'https://figshare.com/ndownloader/files/36186483' Content type 'text/csv' length 10992 bytes (10 KB) ================================================== downloaded 10 KB trying URL 'https://figshare.com/ndownloader/files/35963780' Content type 'application/octet-stream' length 3955980 bytes (3.8 MB) ================================================== downloaded 3.8 MB trying URL 'https://figshare.com/ndownloader/files/36186483' Content type 'text/csv' length 10992 bytes (10 KB) ================================================== downloaded 10 KB trying URL 'https://figshare.com/ndownloader/files/35963780' Content type 'application/octet-stream' length 3955980 bytes (3.8 MB) ================================================== downloaded 3.8 MB trying URL 'https://figshare.com/ndownloader/files/36186483' Content type 'text/csv' length 10992 bytes (10 KB) ================================================== downloaded 10 KB trying URL 'https://figshare.com/ndownloader/files/35963780' Content type 'application/octet-stream' length 3955980 bytes (3.8 MB) ================================================== downloaded 3.8 MB trying URL 'https://figshare.com/ndownloader/files/36186483' Content type 'text/csv' length 10992 bytes (10 KB) ================================================== downloaded 10 KB trying URL 'https://figshare.com/ndownloader/files/35963780' Content type 'application/octet-stream' length 3955980 bytes (3.8 MB) ================================================== downloaded 3.8 MB trying URL 'https://figshare.com/ndownloader/files/36186483' Content type 'text/csv' length 10992 bytes (10 KB) ================================================== downloaded 10 KB trying URL 'https://figshare.com/ndownloader/files/35963780' Content type 'application/octet-stream' length 3955980 bytes (3.8 MB) ================================================== downloaded 3.8 MB trying URL 'https://figshare.com/ndownloader/files/36186483' Content type 'text/csv' length 10992 bytes (10 KB) ================================================== downloaded 10 KB trying URL 'https://figshare.com/ndownloader/files/35963780' Content type 'application/octet-stream' length 3955980 bytes (3.8 MB) ================================================== downloaded 3.8 MB trying URL 'https://figshare.com/ndownloader/files/36186483' Content type 'text/csv' length 10992 bytes (10 KB) ================================================== downloaded 10 KB [ FAIL 7 | WARN 1 | SKIP 0 | PASS 90 ] ══ Failed tests ════════════════════════════════════════════════════════════════ ── Failure ('test-worm_distance.R:51:1'): (code run outside of `test_that()`) ── all(lapply(Ds_Euclid, is) == "dist") is not TRUE `actual`: FALSE `expected`: TRUE ── Failure ('test-worm_distance.R:65:1'): (code run outside of `test_that()`) ── all(lapply(Ds_SBD, is) == "dist") is not TRUE `actual`: FALSE `expected`: TRUE ── Failure ('test-worm_distance.R:79:1'): (code run outside of `test_that()`) ── all(lapply(Ds_mSBD, is) == "dist") is not TRUE `actual`: FALSE `expected`: TRUE ── Failure ('test-worm_download.R:10:1'): (code run outside of `test_that()`) ── all(lapply(Ds_Euclid, is) == "dist") is not TRUE `actual`: FALSE `expected`: TRUE ── Failure ('test-worm_download.R:21:1'): (code run outside of `test_that()`) ── all(lapply(Ds_mSBD, is) == "dist") is not TRUE `actual`: FALSE `expected`: TRUE ── Failure ('test-worm_download.R:31:1'): (code run outside of `test_that()`) ── all(lapply(Ds_Euclid_warn, is) == "dist") is not TRUE `actual`: FALSE `expected`: TRUE ── Failure ('test-worm_download.R:37:1'): (code run outside of `test_that()`) ── all(lapply(Ds_Euclid_fail, is) == "dist") is not TRUE `actual`: FALSE `expected`: TRUE [ FAIL 7 | WARN 1 | SKIP 0 | PASS 90 ] Error: Test failures Execution halted * checking for unstated dependencies in vignettes ... OK * checking package vignettes ... OK * checking re-building of vignette outputs ... [57s] OK * checking PDF version of manual ... [13s] OK * checking HTML version of manual ... OK * DONE Status: 1 ERROR