* using log directory ‘/srv/hornik/tmp/CRAN_pretest/WaterBalanceR.Rcheck’ * using R Under development (unstable) (2025-11-17 r89032) * using platform: x86_64-pc-linux-gnu * R was compiled by Debian clang version 21.1.5 (1) Debian flang version 21.1.5 (1) * running under: Debian GNU/Linux forky/sid * using session charset: UTF-8 * checking for file ‘WaterBalanceR/DESCRIPTION’ ... OK * checking extension type ... Package * this is package ‘WaterBalanceR’ version ‘0.1.17’ * package encoding: UTF-8 * checking CRAN incoming feasibility ... [2s/2s] NOTE Maintainer: ‘Thomas Piernicke ’ New submission Non-FOSS package license (AGPL-3.0-only) Possibly misspelled words in DESCRIPTION: DWD (10:77, 10:111) Evapotranspiration (4:49) NDVI (4:23, 10:64) Radolan (10:115) evapotranspiration (10:91) Unknown, possibly misspelled, fields in DESCRIPTION: ‘DOI’ No Authors@R field in DESCRIPTION. Please add one, modifying Authors@R: person(given = "Thomas", family = "Piernicke", role = c("aut", "cre"), email = "thomasp@gfz-potsdam.de") as necessary. Size of tarball: 16561587 bytes * checking package namespace information ... OK * checking package dependencies ... OK * checking if this is a source package ... OK * checking if there is a namespace ... OK * checking for executable files ... OK * checking for hidden files and directories ... OK * checking for portable file names ... OK * checking for sufficient/correct file permissions ... OK * checking serialization versions ... OK * checking whether package ‘WaterBalanceR’ can be installed ... [3s/3s] OK * checking package directory ... OK * checking for future file timestamps ... OK * checking ‘build’ directory ... OK * checking DESCRIPTION meta-information ... WARNING Non-standard license specification: AGPL-3.0-only Standardizable: FALSE Missing dependency on R >= 4.1.0 because package code uses the pipe |> or function shorthand \(...) syntax added in R 4.1.0. File(s) using such syntax: ‘DownloadRaindancerCombineCharts.R’ * checking top-level files ... NOTE Non-standard files/directories found at top level: ‘AUTHORS.rst’ ‘CITATION.cff’ * checking for left-over files ... OK * checking index information ... OK * checking package subdirectories ... NOTE Found the following CITATION file in a non-standard place: CITATION.cff Most likely ‘inst/CITATION’ should be used instead. * checking code files for non-ASCII characters ... OK * checking R files for syntax errors ... OK * checking whether the package can be loaded ... [0s/0s] OK * checking whether the package can be loaded with stated dependencies ... [0s/0s] OK * checking whether the package can be unloaded cleanly ... [0s/0s] OK * checking whether the namespace can be loaded with stated dependencies ... [0s/0s] OK * checking whether the namespace can be unloaded cleanly ... [0s/0s] OK * checking loading without being on the library search path ... [0s/0s] OK * checking use of S3 registration ... OK * checking dependencies in R code ... OK * checking S3 generic/method consistency ... OK * checking replacement functions ... OK * checking foreign function calls ... OK * checking R code for possible problems ... [6s/6s] NOTE DownloadRaindancer: no visible binding for global variable ‘.’ calcWBplots: no visible binding for global variable ‘values’ calcWBplots: no visible binding for global variable ‘value’ calcWBplots: no visible binding for global variable ‘name’ Undefined global functions or variables: . name value values * checking Rd files ... [0s/0s] OK * checking Rd metadata ... OK * checking Rd line widths ... OK * checking Rd cross-references ... OK * checking for missing documentation entries ... OK * checking for code/documentation mismatches ... OK * checking Rd \usage sections ... OK * checking Rd contents ... OK * checking for unstated dependencies in examples ... OK * checking installed files from ‘inst/doc’ ... OK * checking files in ‘vignettes’ ... OK * checking examples ... NONE * checking for unstated dependencies in vignettes ... OK * checking package vignettes ... OK * checking re-building of vignette outputs ... [2s/2s] OK * checking PDF version of manual ... [3s/3s] OK * checking HTML version of manual ... [0s/0s] OK * checking for non-standard things in the check directory ... OK * checking for detritus in the temp directory ... OK * DONE Status: 1 WARNING, 4 NOTEs