* using log directory ‘/srv/hornik/tmp/CRAN/ToxicR.Rcheck’ * using R Under development (unstable) (2024-08-21 r87038) * using platform: x86_64-pc-linux-gnu * R was compiled by Debian clang version 18.1.8 (9) Debian flang-new version 18.1.8 (9) * running under: Debian GNU/Linux trixie/sid * using session charset: UTF-8 * checking for file ‘ToxicR/DESCRIPTION’ ... OK * checking extension type ... Package * this is package ‘ToxicR’ version ‘24.1.1.2.4’ * package encoding: UTF-8 * checking CRAN incoming feasibility ... [3s/5s] NOTE Maintainer: ‘Matt Wheeler ’ New submission Package was archived on CRAN Possibly misspelled words in DESCRIPTION: Bailer (70:5) Bieler (70:54) NTP (69:56) Portier (70:16) al (68:29, 68:77, 69:20) et (68:26, 68:74, 69:17) CRAN repository db overrides: X-CRAN-Comment: Archived on 2023-01-11 as issues were not corrected in time. * checking package namespace information ... OK * checking package dependencies ... OK * checking if this is a source package ... OK * checking if there is a namespace ... OK * checking for executable files ... OK * checking for hidden files and directories ... OK * checking for portable file names ... OK * checking for sufficient/correct file permissions ... OK * checking whether package ‘ToxicR’ can be installed ... [500s/490s] ERROR Installation failed. See ‘/srv/hornik/tmp/CRAN/ToxicR.Rcheck/00install.out’ for details. * DONE Status: 1 ERROR, 1 NOTE