* using log directory 'd:/RCompile/CRANincoming/R-devel/ThinkingGrid.Rcheck' * using R Under development (unstable) (2025-09-30 r88885 ucrt) * using platform: x86_64-w64-mingw32 * R was compiled by gcc.exe (GCC) 14.2.0 GNU Fortran (GCC) 14.2.0 * running under: Windows Server 2022 x64 (build 20348) * using session charset: UTF-8 * checking for file 'ThinkingGrid/DESCRIPTION' ... OK * this is package 'ThinkingGrid' version '0.1.0' * package encoding: UTF-8 * checking CRAN incoming feasibility ... NOTE Maintainer: 'Avinash Kulkarni ' New submission * checking package namespace information ... OK * checking package dependencies ... OK * checking if this is a source package ... OK * checking if there is a namespace ... OK * checking for hidden files and directories ... OK * checking for portable file names ... OK * checking whether package 'ThinkingGrid' can be installed ... OK * checking installed package size ... OK * checking package directory ... OK * checking for future file timestamps ... OK * checking 'build' directory ... OK * checking DESCRIPTION meta-information ... OK * checking top-level files ... OK * checking for left-over files ... OK * checking index information ... OK * checking package subdirectories ... OK * checking code files for non-ASCII characters ... OK * checking R files for syntax errors ... OK * checking whether the package can be loaded ... OK * checking whether the package can be loaded with stated dependencies ... OK * checking whether the package can be unloaded cleanly ... OK * checking whether the namespace can be loaded with stated dependencies ... OK * checking whether the namespace can be unloaded cleanly ... OK * checking loading without being on the library search path ... OK * checking whether startup messages can be suppressed ... OK * checking use of S3 registration ... OK * checking dependencies in R code ... OK * checking S3 generic/method consistency ... OK * checking replacement functions ... OK * checking foreign function calls ... OK * checking R code for possible problems ... [11s] OK * checking Rd files ... OK * checking Rd metadata ... OK * checking Rd line widths ... OK * checking Rd cross-references ... OK * checking for missing documentation entries ... OK * checking for code/documentation mismatches ... OK * checking Rd \usage sections ... OK * checking Rd contents ... OK * checking for unstated dependencies in examples ... OK * checking installed files from 'inst/doc' ... OK * checking files in 'vignettes' ... OK * checking examples ... [11s] ERROR Running examples in 'ThinkingGrid-Ex.R' failed The error most likely occurred in: > base::assign(".ptime", proc.time(), pos = "CheckExEnv") > ### Name: generate_survey > ### Title: Creates a Qualtrics importable survey file from a CSV file of > ### questions. > ### Aliases: generate_survey > > ### ** Examples > > # Generate survey from sample setup file > setup_file <- system.file("extdata", "sample_setup_file.csv", package = "ThinkingGrid") > if (file.exists(setup_file)) { + generate_survey(setup_file, "_temp_output_") + # Clean up + file.remove("_temp_output_-0.qsf") + } Error in py_module_import(module, convert = convert) : ModuleNotFoundError: No module named 'skimage' Run `reticulate::py_last_error()` for details. Calls: generate_survey ... import_from_path_immediate -> import -> py_module_import Execution halted * checking for unstated dependencies in 'tests' ... OK * checking tests ... [40s] OK Running 'testthat.R' [40s] * checking for unstated dependencies in vignettes ... OK * checking package vignettes ... OK * checking re-building of vignette outputs ... [25s] OK * checking PDF version of manual ... [13s] OK * checking HTML version of manual ... OK * DONE Status: 1 ERROR, 1 NOTE