* using log directory 'd:/RCompile/CRANincoming/R-devel/SMYM.Rcheck' * using R Under development (unstable) (2025-10-21 r88957 ucrt) * using platform: x86_64-w64-mingw32 * R was compiled by gcc.exe (GCC) 14.2.0 GNU Fortran (GCC) 14.2.0 * running under: Windows Server 2022 x64 (build 20348) * using session charset: UTF-8 * checking for file 'SMYM/DESCRIPTION' ... OK * checking extension type ... Package * this is package 'SMYM' version '0.0.1' * package encoding: UTF-8 * checking CRAN incoming feasibility ... NOTE Maintainer: 'Umar Aziz ' New submission Possibly misspelled words in DESCRIPTION: THI (8:76, 10:73, 14:56, 15:61) * checking package namespace information ... OK * checking package dependencies ... OK * checking if this is a source package ... OK * checking if there is a namespace ... OK * checking for hidden files and directories ... OK * checking for portable file names ... OK * checking serialization versions ... OK * checking whether package 'SMYM' can be installed ... WARNING Found the following significant warnings: Warning: D:/temp/2025_10_21_12_48_01_10927/RtmpqGzyZS/R.INSTALL5964f8c6335/SMYM/man/fit_nqr.Rd:27: unexpected section header '\value' Warning: D:/temp/2025_10_21_12_48_01_10927/RtmpqGzyZS/R.INSTALL5964f8c6335/SMYM/man/fit_nqr.Rd:36: unexpected section header '\description' Warning: D:/temp/2025_10_21_12_48_01_10927/RtmpqGzyZS/R.INSTALL5964f8c6335/SMYM/man/fit_nqr.Rd:42: unexpected section header '\examples' Warning: D:/temp/2025_10_21_12_48_01_10927/RtmpqGzyZS/R.INSTALL5964f8c6335/SMYM/man/fit_nqr.Rd:52: unexpected section header '\seealso' Warning: D:/temp/2025_10_21_12_48_01_10927/RtmpqGzyZS/R.INSTALL5964f8c6335/SMYM/man/fit_nqr.Rd:55: unexpected END_OF_INPUT ' Warning: D:/temp/2025_10_21_12_48_01_10927/RtmpqGzyZS/R.INSTALL5964f8c6335/SMYM/man/fit_qhl.Rd:27: unknown macro '\item' Warning: D:/temp/2025_10_21_12_48_01_10927/RtmpqGzyZS/R.INSTALL5964f8c6335/SMYM/man/fit_qhl.Rd:29: unknown macro '\item' Warning: D:/temp/2025_10_21_12_48_01_10927/RtmpqGzyZS/R.INSTALL5964f8c6335/SMYM/man/fit_qhl.Rd:31: unknown macro '\item' Warning: D:/temp/2025_10_21_12_48_01_10927/RtmpqGzyZS/R.INSTALL5964f8c6335/SMYM/man/fit_qhl.Rd:36: unexpected section header '\value' Warning: D:/temp/2025_10_21_12_48_01_10927/RtmpqGzyZS/R.INSTALL5964f8c6335/SMYM/man/fit_qhl.Rd:45: unexpected section header '\description' Warning: D:/temp/2025_10_21_12_48_01_10927/RtmpqGzyZS/R.INSTALL5964f8c6335/SMYM/man/fit_qhl.Rd:55: unexpected section header '\examples' Warning: D:/temp/2025_10_21_12_48_01_10927/RtmpqGzyZS/R.INSTALL5964f8c6335/SMYM/man/fit_qhl.Rd:65: unexpected section header '\seealso' Warning: D:/temp/2025_10_21_12_48_01_10927/RtmpqGzyZS/R.INSTALL5964f8c6335/SMYM/man/fit_qhl.Rd:68: unexpected END_OF_INPUT ' See 'd:/RCompile/CRANincoming/R-devel/SMYM.Rcheck/00install.out' for details. * checking installed package size ... OK * checking package directory ... OK * checking for future file timestamps ... OK * checking DESCRIPTION meta-information ... OK * checking top-level files ... OK * checking for left-over files ... OK * checking index information ... OK * checking package subdirectories ... OK * checking code files for non-ASCII characters ... OK * checking R files for syntax errors ... OK * checking whether the package can be loaded ... OK * checking whether the package can be loaded with stated dependencies ... OK * checking whether the package can be unloaded cleanly ... OK * checking whether the namespace can be loaded with stated dependencies ... OK * checking whether the namespace can be unloaded cleanly ... OK * checking loading without being on the library search path ... OK * checking use of S3 registration ... OK * checking dependencies in R code ... OK * checking S3 generic/method consistency ... OK * checking replacement functions ... OK * checking foreign function calls ... OK * checking R code for possible problems ... OK * checking Rd files ... WARNING checkRd: (-1) compute_thi.Rd:28: Lost braces; missing escapes or markup? 28 | {THI = (1.8*T_db + 32) - [(0.55 - 0.0055*RH)*(1.8*T_db - 26.8)]} | ^ prepare_Rd: ./man/fit_nqr.Rd:27: unexpected section header '\value' prepare_Rd: ./man/fit_nqr.Rd:36: unexpected section header '\description' prepare_Rd: ./man/fit_nqr.Rd:42: unexpected section header '\examples' prepare_Rd: ./man/fit_nqr.Rd:52: unexpected section header '\seealso' prepare_Rd: ./man/fit_nqr.Rd:55: unexpected END_OF_INPUT ' ' checkRd: (-1) fit_nqr.Rd:27-35: Lost braces 27 | \value{ | ^ checkRd: (-1) fit_nqr.Rd:36-41: Lost braces 36 | \description{ | ^ checkRd: (-1) fit_nqr.Rd:42-51: Lost braces 42 | \examples{ | ^ checkRd: (-1) fit_nqr.Rd:52-54: Lost braces 52 | \seealso{ | ^ prepare_Rd: ./man/fit_qhl.Rd:27: unknown macro '\item' prepare_Rd: ./man/fit_qhl.Rd:29: unknown macro '\item' prepare_Rd: ./man/fit_qhl.Rd:31: unknown macro '\item' prepare_Rd: ./man/fit_qhl.Rd:36: unexpected section header '\value' prepare_Rd: ./man/fit_qhl.Rd:45: unexpected section header '\description' prepare_Rd: ./man/fit_qhl.Rd:55: unexpected section header '\examples' prepare_Rd: ./man/fit_qhl.Rd:65: unexpected section header '\seealso' prepare_Rd: ./man/fit_qhl.Rd:68: unexpected END_OF_INPUT ' ' checkRd: (-1) fit_qhl.Rd:27: Lost braces 27 | \item{tau_h}{Numeric heat‑stress threshold. Defaults to 68.} | ^ checkRd: (-1) fit_qhl.Rd:27: Lost braces 27 | \item{tau_h}{Numeric heat‑stress threshold. Defaults to 68.} | ^ checkRd: (-1) fit_qhl.Rd:29: Lost braces 29 | \item{tau_c}{Numeric cold‑stress threshold. Defaults to 10.} | ^ checkRd: (-1) fit_qhl.Rd:29: Lost braces 29 | \item{tau_c}{Numeric cold‑stress threshold. Defaults to 10.} | ^ checkRd: (-1) fit_qhl.Rd:31: Lost braces 31 | \item{start}{Optional named numeric vector giving initial values for | ^ checkRd: (-1) fit_qhl.Rd:31-34: Lost braces 31 | \item{start}{Optional named numeric vector giving initial values for | ^ checkRd: (-1) fit_qhl.Rd:36-44: Lost braces 36 | \value{ | ^ checkRd: (-1) fit_qhl.Rd:45-54: Lost braces 45 | \description{ | ^ checkRd: (-1) fit_qhl.Rd:55-64: Lost braces 55 | \examples{ | ^ checkRd: (-1) fit_qhl.Rd:65-67: Lost braces 65 | \seealso{ | ^ checkRd: (-1) predict_qhl.Rd:61: Lost braces 61 | {Y_hat_t = beta0 + beta1*THI_t + beta2*THI_t^2 - lambda_h*[(THI_t - tau_h)_+^2 + w1*(THI_{t-1} - tau_h)_+^2 + w2*(THI_{t-2} - tau_h)_+^2] - lambda_c*(tau_c - T_t)_+^2} | ^ checkRd: (-1) predict_qhl.Rd:61: Lost braces; missing escapes or markup? 61 | {Y_hat_t = beta0 + beta1*THI_t + beta2*THI_t^2 - lambda_h*[(THI_t - tau_h)_+^2 + w1*(THI_{t-1} - tau_h)_+^2 + w2*(THI_{t-2} - tau_h)_+^2] - lambda_c*(tau_c - T_t)_+^2} | ^ checkRd: (-1) predict_qhl.Rd:61: Lost braces; missing escapes or markup? 61 | {Y_hat_t = beta0 + beta1*THI_t + beta2*THI_t^2 - lambda_h*[(THI_t - tau_h)_+^2 + w1*(THI_{t-1} - tau_h)_+^2 + w2*(THI_{t-2} - tau_h)_+^2] - lambda_c*(tau_c - T_t)_+^2} | ^ * checking Rd metadata ... OK * checking Rd line widths ... OK * checking Rd cross-references ... OK * checking for missing documentation entries ... OK * checking for code/documentation mismatches ... OK * checking Rd \usage sections ... WARNING Undocumented arguments in Rd file 'fit_qhl.Rd' 'tau_h' 'tau_c' 'start' Functions with \usage entries need to have the appropriate \alias entries, and all their arguments documented. The \usage entries must correspond to syntactically valid R code. See chapter 'Writing R documentation files' in the 'Writing R Extensions' manual. * checking Rd contents ... NOTE Rd files without \description: 'fit_nqr.Rd' 'fit_qhl.Rd' * checking for unstated dependencies in examples ... OK * checking examples ... OK * checking PDF version of manual ... [10s] WARNING LaTeX errors when creating PDF version. This typically indicates Rd problems. LaTeX errors found: ! LaTeX Error: Unicode character 【 (U+3010) not set up for use with LaTeX. See the LaTeX manual or LaTeX Companion for explanation. Type H for immediate help. ! LaTeX Error: Unicode character 】 (U+3011) not set up for use with LaTeX. See the LaTeX manual or LaTeX Companion for explanation. Type H for immediate help. ! LaTeX Error: Unicode character 【 (U+3010) not set up for use with LaTeX. See the LaTeX manual or LaTeX Companion for explanation. Type H for immediate help. ! LaTeX Error: Unicode character 】 (U+3011) not set up for use with LaTeX. See the LaTeX manual or LaTeX Companion for explanation. Type H for immediate help. ! LaTeX Error: Unicode character 【 (U+3010) not set up for use with LaTeX. See the LaTeX manual or LaTeX Companion for explanation. Type H for immediate help. ! LaTeX Error: Unicode character 】 (U+3011) not set up for use with LaTeX. See the LaTeX manual or LaTeX Companion for explanation. Type H for immediate help. ! LaTeX Error: Unicode character 【 (U+3010) not set up for use with LaTeX. See the LaTeX manual or LaTeX Companion for explanation. Type H for immediate help. ! LaTeX Error: Unicode character 】 (U+3011) not set up for use with LaTeX. See the LaTeX manual or LaTeX Companion for explanation. Type H for immediate help. * checking PDF version of manual without index ... ERROR * checking HTML version of manual ... OK * DONE Status: 1 ERROR, 4 WARNINGs, 2 NOTEs