* using log directory 'd:/RCompile/CRANincoming/R-devel/SMLE.Rcheck' * using R Under development (unstable) (2025-01-13 r87564 ucrt) * using platform: x86_64-w64-mingw32 * R was compiled by gcc.exe (GCC) 13.3.0 GNU Fortran (GCC) 13.3.0 * running under: Windows Server 2022 x64 (build 20348) * using session charset: UTF-8 * checking for file 'SMLE/DESCRIPTION' ... OK * this is package 'SMLE' version '2.2-2' * package encoding: UTF-8 * checking CRAN incoming feasibility ... WARNING Maintainer: 'Qianxiang Zang , Kelly Burkett ' The maintainer field is invalid or specifies more than one person New maintainer: Qianxiang Zang , Kelly Burkett Old maintainer(s): Qianxiang Zang No Authors@R field in DESCRIPTION. Please add one, modifying Authors@R: c(person(family = "c", role = "aut", comment = "\"aut\", \"cre\""), person(given = c("email", "="), family = "\"qzang023@uottawa.ca\")", role = "aut"), person(family = "person", role = "aut", comment = "given = \"Chen\",\n family = \"Xu\",\n role = \"aut\""), person(family = "person", role = "aut", comment = "\"aut\", \"cre\""), person(given = c("email", "="), family = "\"kburkett@uottawa.ca\")))", role = "aut"), person(given = "Qianxiang", family = "Zang", role = "cre", email = "qzang023@uottawa.ca"), person(given = "Kelly", family = "Burkett", role = "cre", email = "SMLEmantainter@gmail.com")) as necessary. Author field should be Authors@R. Current value is: c(person(given = "Qianxiang", family = "Zang", role = c("aut", "cre"), email = "qzang023@uottawa.ca"), person(given = "Chen", family = "Xu", role = "aut"), person(given = "Kelly", family = "Burkett,", role = c("aut", "cre"), email = "kburkett@uottawa.ca"))) * checking package namespace information ... OK * checking package dependencies ... OK * checking if this is a source package ... OK * checking if there is a namespace ... OK * checking for hidden files and directories ... OK * checking for portable file names ... OK * checking whether package 'SMLE' can be installed ... OK * checking installed package size ... OK * checking package directory ... OK * checking for future file timestamps ... OK * checking 'build' directory ... OK * checking DESCRIPTION meta-information ... OK * checking top-level files ... OK * checking for left-over files ... OK * checking index information ... OK * checking package subdirectories ... OK * checking code files for non-ASCII characters ... OK * checking R files for syntax errors ... OK * checking whether the package can be loaded ... OK * checking whether the package can be loaded with stated dependencies ... OK * checking whether the package can be unloaded cleanly ... OK * checking whether the namespace can be loaded with stated dependencies ... OK * checking whether the namespace can be unloaded cleanly ... OK * checking loading without being on the library search path ... OK * checking use of S3 registration ... OK * checking dependencies in R code ... OK * checking S3 generic/method consistency ... OK * checking replacement functions ... OK * checking foreign function calls ... OK * checking R code for possible problems ... OK * checking Rd files ... OK * checking Rd metadata ... OK * checking Rd line widths ... OK * checking Rd cross-references ... OK * checking for missing documentation entries ... OK * checking for code/documentation mismatches ... OK * checking Rd \usage sections ... OK * checking Rd contents ... OK * checking for unstated dependencies in examples ... OK * checking contents of 'data' directory ... OK * checking data for non-ASCII characters ... OK * checking LazyData ... OK * checking data for ASCII and uncompressed saves ... OK * checking installed files from 'inst/doc' ... OK * checking files in 'vignettes' ... OK * checking examples ... [19s] OK * checking for unstated dependencies in 'tests' ... OK * checking tests ... [28s] OK Running 'testthat.R' [28s] * checking for unstated dependencies in vignettes ... OK * checking package vignettes ... OK * checking re-building of vignette outputs ... [119s] OK * checking PDF version of manual ... [13s] OK * checking HTML version of manual ... OK * DONE Status: 1 WARNING