* using log directory 'd:/RCompile/CRANincoming/R-devel/SHAKTI.Rcheck' * using R Under development (unstable) (2025-11-26 r89066 ucrt) * using platform: x86_64-w64-mingw32 * R was compiled by gcc.exe (GCC) 14.3.0 GNU Fortran (GCC) 14.3.0 * running under: Windows Server 2022 x64 (build 20348) * using session charset: UTF-8 * checking for file 'SHAKTI/DESCRIPTION' ... OK * checking extension type ... Package * this is package 'SHAKTI' version '0.1.0' * package encoding: UTF-8 * checking CRAN incoming feasibility ... NOTE Maintainer: 'Debopam Rakshit ' New submission Possibly misspelled words in DESCRIPTION: al (5:1549) energetics (5:1468) enthalpy (5:174) et (5:1546) favourability (5:854) sorption (5:315, 5:1034) The Title field should be in title case. Current version is: 'Suite for Heat-related Adsorption Knowledge and Thermodynamic Inference' In title case that is: 'Suite for Heat-Related Adsorption Knowledge and Thermodynamic Inference' The Description field contains . Please write DOIs as . * checking package namespace information ... OK * checking package dependencies ... OK * checking if this is a source package ... OK * checking if there is a namespace ... OK * checking for hidden files and directories ... OK * checking for portable file names ... OK * checking serialization versions ... OK * checking whether package 'SHAKTI' can be installed ... WARNING Found the following significant warnings: Warning: D:/temp/2025_11_27_17_45_17_1803/RtmpmiWy6R/R.INSTALL417c3b3a7a82/SHAKTI/man/Thermo_parameters.Rd:27: unknown macro '\Delta' Warning: D:/temp/2025_11_27_17_45_17_1803/RtmpmiWy6R/R.INSTALL417c3b3a7a82/SHAKTI/man/Thermo_parameters.Rd:27: unknown macro '\odot' Warning: replacing previous import 'dplyr::lag' by 'stats::lag' when loading 'SHAKTI' Warning: replacing previous import 'dplyr::filter' by 'stats::filter' when loading 'SHAKTI' See 'd:/RCompile/CRANincoming/R-devel/SHAKTI.Rcheck/00install.out' for details. * checking installed package size ... OK * checking package directory ... OK * checking for future file timestamps ... OK * checking DESCRIPTION meta-information ... OK * checking top-level files ... OK * checking for left-over files ... OK * checking index information ... OK * checking package subdirectories ... OK * checking code files for non-ASCII characters ... OK * checking R files for syntax errors ... OK * checking whether the package can be loaded ... OK * checking whether the package can be loaded with stated dependencies ... OK * checking whether the package can be unloaded cleanly ... OK * checking whether the namespace can be loaded with stated dependencies ... OK * checking whether the namespace can be unloaded cleanly ... OK * checking loading without being on the library search path ... OK * checking use of S3 registration ... OK * checking dependencies in R code ... OK * checking S3 generic/method consistency ... OK * checking replacement functions ... OK * checking foreign function calls ... OK * checking R code for possible problems ... OK * checking Rd files ... WARNING prepare_Rd: ./man/Thermo_parameters.Rd:27: unknown macro '\Delta' prepare_Rd: ./man/Thermo_parameters.Rd:27: unknown macro '\odot' * checking Rd metadata ... OK * checking Rd line widths ... OK * checking Rd cross-references ... OK * checking for missing documentation entries ... OK * checking for code/documentation mismatches ... OK * checking Rd \usage sections ... OK * checking Rd contents ... OK * checking for unstated dependencies in examples ... OK * checking examples ... OK * checking PDF version of manual ... WARNING LaTeX errors when creating PDF version. This typically indicates Rd problems. LaTeX errors found: ! LaTeX Error: Unicode character Δ (U+0394) not set up for use with LaTeX. See the LaTeX manual or LaTeX Companion for explanation. Type H for immediate help. ! LaTeX Error: Unicode character Δ (U+0394) not set up for use with LaTeX. See the LaTeX manual or LaTeX Companion for explanation. Type H for immediate help. ! LaTeX Error: Unicode character Δ (U+0394) not set up for use with LaTeX. See the LaTeX manual or LaTeX Companion for explanation. Type H for immediate help. ! LaTeX Error: Unicode character Δ (U+0394) not set up for use with LaTeX. See the LaTeX manual or LaTeX Companion for explanation. Type H for immediate help. * checking PDF version of manual without index ... ERROR * checking HTML version of manual ... OK * DONE Status: 1 ERROR, 3 WARNINGs, 1 NOTE