* using log directory 'd:/RCompile/CRANincoming/R-devel/SEQuential.Rcheck' * using R Under development (unstable) (2025-08-19 r88650 ucrt) * using platform: x86_64-w64-mingw32 * R was compiled by gcc.exe (GCC) 14.2.0 GNU Fortran (GCC) 14.2.0 * running under: Windows Server 2022 x64 (build 20348) * using session charset: UTF-8 * checking for file 'SEQuential/DESCRIPTION' ... OK * checking extension type ... Package * this is package 'SEQuential' version '0.11.8' * package encoding: UTF-8 * checking CRAN incoming feasibility ... [10s] ERROR Maintainer: 'Ryan O'Dea ' New submission Conflicting package names (submitted: SEQuential, existing: Sequential [https://bioconductor.statistik.tu-dortmund.de/cran]) Conflicting package names (submitted: SEQuential, existing: Sequential [CRAN archive]) Possibly misspelled words in DESCRIPTION: Implemention (24:14) SEQuential (25:9, 26:32) Found the following (possibly) invalid URLs: URL: https://causalinference.github.io/SEQuential (moved to https://causalinference.github.io/SEQuential/) From: README.md Status: 301 Message: Moved Permanently URL: https://codecov.io/gh/CausalInference/SEQuential (moved to https://app.codecov.io/gh/CausalInference/SEQuential) From: README.md Status: 301 Message: Moved Permanently URL: https://github.com/CausalInference/SEQuential-private/actions/workflows/R-CMD-check.yaml From: README.md Status: 404 Message: Not Found URL: https://github.com/CausalInference/SEQuential/discussions/categories/q-a From: README.md Status: 404 Message: Not Found URL: https://github.com/CausalInference/SEQuential/issues From: README.md Status: 404 Message: Not Found For content that is 'Moved Permanently', please change http to https, add trailing slashes, or replace the old by the new URL. The Title field starts with the package name. * checking package namespace information ... OK * checking package dependencies ... OK * checking if this is a source package ... OK * checking if there is a namespace ... OK * checking for hidden files and directories ... OK * checking for portable file names ... OK * checking whether package 'SEQuential' can be installed ... OK * checking installed package size ... OK * checking package directory ... OK * checking for future file timestamps ... OK * checking 'build' directory ... OK * checking DESCRIPTION meta-information ... NOTE Authors@R field gives persons with duplicated ROR identifiers: 03vek6s52 03vek6s52 * checking top-level files ... OK * checking for left-over files ... OK * checking index information ... OK * checking package subdirectories ... OK * checking code files for non-ASCII characters ... OK * checking R files for syntax errors ... OK * checking whether the package can be loaded ... OK * checking whether the package can be loaded with stated dependencies ... OK * checking whether the package can be unloaded cleanly ... OK * checking whether the namespace can be loaded with stated dependencies ... OK * checking whether the namespace can be unloaded cleanly ... OK * checking loading without being on the library search path ... OK * checking use of S3 registration ... OK * checking dependencies in R code ... OK * checking S3 generic/method consistency ... OK * checking replacement functions ... OK * checking foreign function calls ... OK * checking R code for possible problems ... [22s] OK * checking Rd files ... OK * checking Rd metadata ... OK * checking Rd line widths ... OK * checking Rd cross-references ... OK * checking for missing documentation entries ... OK * checking for code/documentation mismatches ... OK * checking Rd \usage sections ... OK * checking Rd contents ... OK * checking for unstated dependencies in examples ... OK * checking contents of 'data' directory ... OK * checking data for non-ASCII characters ... OK * checking LazyData ... OK * checking data for ASCII and uncompressed saves ... OK * checking installed files from 'inst/doc' ... OK * checking files in 'vignettes' ... OK * checking examples ... OK * checking for unstated dependencies in 'tests' ... OK * checking tests ... [279s] OK Running 'testthat.R' [279s] * checking for unstated dependencies in vignettes ... OK * checking package vignettes ... OK * checking re-building of vignette outputs ... OK * checking PDF version of manual ... [20s] OK * checking HTML version of manual ... OK * DONE Status: 1 ERROR, 1 NOTE