* using log directory 'd:/RCompile/CRANincoming/R-devel/SCoRES.Rcheck' * using R Under development (unstable) (2025-11-04 r88984 ucrt) * using platform: x86_64-w64-mingw32 * R was compiled by gcc.exe (GCC) 14.3.0 GNU Fortran (GCC) 14.3.0 * running under: Windows Server 2022 x64 (build 20348) * using session charset: UTF-8 * checking for file 'SCoRES/DESCRIPTION' ... OK * this is package 'SCoRES' version '0.1.1' * package encoding: UTF-8 * checking CRAN incoming feasibility ... NOTE Maintainer: 'Zhuoran Yu ' New submission Possibly misspelled words in DESCRIPTION: Crainiceanu (22:20) Ren (21:3) SCBs (17:80, 21:76) SCRs (18:72, 20:20) Sommerfeld (19:3) Telschow (23:7) al (19:17, 21:10, 22:35, 23:19) et (19:14, 21:7, 22:32, 23:16) * checking package namespace information ... OK * checking package dependencies ... OK * checking if this is a source package ... OK * checking if there is a namespace ... OK * checking for hidden files and directories ... OK * checking for portable file names ... OK * checking whether package 'SCoRES' can be installed ... ERROR Installation failed. See 'd:/RCompile/CRANincoming/R-devel/SCoRES.Rcheck/00install.out' for details. * DONE Status: 1 ERROR, 1 NOTE