* using log directory 'd:/RCompile/CRANincoming/R-devel/Rdimtools.Rcheck' * using R Under development (unstable) (2025-09-21 r88861 ucrt) * using platform: x86_64-w64-mingw32 * R was compiled by gcc.exe (GCC) 14.2.0 GNU Fortran (GCC) 14.2.0 * running under: Windows Server 2022 x64 (build 20348) * using session charset: UTF-8 * checking for file 'Rdimtools/DESCRIPTION' ... OK * checking extension type ... Package * this is package 'Rdimtools' version '1.1.3' * package encoding: UTF-8 * checking CRAN incoming feasibility ... [12s] NOTE Maintainer: 'Kisung You ' New maintainer: Kisung You Old maintainer(s): Kisung You Found the following (possibly) invalid URLs: URL: https://travis-ci.org/kisungyou/Rdimtools (moved to https://app.travis-ci.com/kisungyou/Rdimtools) From: README.md Status: 301 Message: Moved Permanently For content that is 'Moved Permanently', please change http to https, add trailing slashes, or replace the old by the new URL. * checking package namespace information ... OK * checking package dependencies ... OK * checking if this is a source package ... OK * checking if there is a namespace ... OK * checking for hidden files and directories ... OK * checking for portable file names ... OK * checking serialization versions ... OK * checking whether package 'Rdimtools' can be installed ... WARNING Found the following significant warnings: methods_linear.cpp:989:22: warning: 'arma::Mat arma::syl(const Base&, const Base&, const Base&, const typename arma_blas_real_or_cx_only::result*) [with T1 = Mat; T2 = Mat; T3 = Mat; typename T1::elem_type = double; typename T1::elem_type = double; typename parent::elem_type = double; typename arma_blas_real_or_cx_only::result = double; typename T1::elem_type = double]' is deprecated: use sylvester() instead [-Wdeprecated-declarations] See 'd:/RCompile/CRANincoming/R-devel/Rdimtools.Rcheck/00install.out' for details. * used C++ compiler: 'g++.exe (GCC) 14.2.0' * checking installed package size ... OK * checking package directory ... OK * checking for future file timestamps ... OK * checking 'build' directory ... OK * checking DESCRIPTION meta-information ... OK * checking top-level files ... OK * checking for left-over files ... OK * checking index information ... OK * checking package subdirectories ... OK * checking code files for non-ASCII characters ... OK * checking R files for syntax errors ... OK * checking whether the package can be loaded ... OK * checking whether the package can be loaded with stated dependencies ... OK * checking whether the package can be unloaded cleanly ... OK * checking whether the namespace can be loaded with stated dependencies ... OK * checking whether the namespace can be unloaded cleanly ... OK * checking loading without being on the library search path ... OK * checking whether startup messages can be suppressed ... OK * checking use of S3 registration ... OK * checking dependencies in R code ... OK * checking S3 generic/method consistency ... OK * checking replacement functions ... OK * checking foreign function calls ... OK * checking R code for possible problems ... [34s] OK * checking Rd files ... OK * checking Rd metadata ... OK * checking Rd line widths ... OK * checking Rd cross-references ... OK * checking for missing documentation entries ... OK * checking for code/documentation mismatches ... OK * checking Rd \usage sections ... OK * checking Rd contents ... OK * checking for unstated dependencies in examples ... OK * checking contents of 'data' directory ... OK * checking data for non-ASCII characters ... OK * checking LazyData ... OK * checking data for ASCII and uncompressed saves ... OK * checking line endings in C/C++/Fortran sources/headers ... OK * checking line endings in Makefiles ... OK * checking compilation flags in Makevars ... OK * checking for GNU extensions in Makefiles ... OK * checking for portable use of $(BLAS_LIBS) and $(LAPACK_LIBS) ... OK * checking use of PKG_*FLAGS in Makefiles ... OK * checking use of SHLIB_OPENMP_*FLAGS in Makefiles ... OK * checking pragmas in C/C++ headers and code ... OK * checking compilation flags used ... OK * checking compiled code ... OK * checking sizes of PDF files under 'inst/doc' ... OK * checking installed files from 'inst/doc' ... OK * checking files in 'vignettes' ... OK * checking examples ... [39s] OK * checking for unstated dependencies in vignettes ... OK * checking package vignettes ... OK * checking re-building of vignette outputs ... OK * checking PDF version of manual ... [18s] OK * checking HTML version of manual ... [27s] OK * DONE Status: 1 WARNING, 1 NOTE