* using log directory 'd:/RCompile/CRANincoming/R-devel/ROracle.Rcheck' * using R Under development (unstable) (2025-10-16 r88927 ucrt) * using platform: x86_64-w64-mingw32 * R was compiled by gcc.exe (GCC) 14.2.0 GNU Fortran (GCC) 14.2.0 * running under: Windows Server 2022 x64 (build 20348) * using session charset: UTF-8 * checking for file 'ROracle/DESCRIPTION' ... OK * this is package 'ROracle' version '1.5-1' * checking CRAN incoming feasibility ... NOTE Maintainer: 'Rajendra S. Pingte ' The Date field is over a month old. * checking package namespace information ... OK * checking package dependencies ... OK * checking if this is a source package ... OK * checking if there is a namespace ... OK * checking for hidden files and directories ... OK * checking for portable file names ... OK * checking whether package 'ROracle' can be installed ... WARNING Found the following significant warnings: rodbi.c:1367:24: warning: ISO C does not support '__FUNCTION__' predefined identifier [-Wpedantic] rodbi.c:1374:24: warning: ISO C does not support '__FUNCTION__' predefined identifier [-Wpedantic] rodbi.c:1540:26: warning: ISO C does not support '__FUNCTION__' predefined identifier [-Wpedantic] rodbi.c:1594:14: warning: ISO C does not support '__FUNCTION__' predefined identifier [-Wpedantic] rodbi.c:1592:28: warning: ISO C does not support '__FUNCTION__' predefined identifier [-Wpedantic] rodbi.c:1639:26: warning: ISO C does not support '__FUNCTION__' predefined identifier [-Wpedantic] rodbi.c:1741:26: warning: ISO C does not support '__FUNCTION__' predefined identifier [-Wpedantic] rodbi.c:1761:26: warning: ISO C does not support '__FUNCTION__' predefined identifier [-Wpedantic] rodbi.c:1797:24: warning: ISO C does not support '__FUNCTION__' predefined identifier [-Wpedantic] rodbi.c:1853:26: warning: ISO C does not support '__FUNCTION__' predefined identifier [-Wpedantic] rodbi.c:1857:24: warning: ISO C does not support '__FUNCTION__' predefined identifier [-Wpedantic] rodbi.c:1908:26: warning: ISO C does not support '__FUNCTION__' predefined identifier [-Wpedantic] rodbi.c:1994:28: warning: ISO C does not support '__FUNCTION__' predefined identifier [-Wpedantic] rodbi.c:2074:19: warning: ISO C does not support '__FUNCTION__' predefined identifier [-Wpedantic] rodbi.c:2236:25: warning: ISO C does not support '__FUNCTION__' predefined identifier [-Wpedantic] rodbi.c:2259:21: warning: ISO C does not support '__FUNCTION__' predefined identifier [-Wpedantic] rodbi.c:2285:30: warning: ISO C does not support '__FUNCTION__' predefined identifier [-Wpedantic] rodbi.c:2293:24: warning: ISO C does not support '__FUNCTION__' predefined identifier [-Wpedantic] rodbi.c:2348:44: warning: ISO C does not support '__FUNCTION__' predefined identifier [-Wpedantic] rodbi.c:2374:55: warning: ISO C does not support '__FUNCTION__' predefined identifier [-Wpedantic] rodbi.c:2401:30: warning: ISO C does not support '__FUNCTION__' predefined identifier [-Wpedantic] rodbi.c:2408:24: warning: ISO C does not support '__FUNCTION__' predefined identifier [-Wpedantic] rodbi.c:2427:44: warning: ISO C does not support '__FUNCTION__' predefined identifier [-Wpedantic] rodbi.c:2449:29: warning: ISO C does not support '__FUNCTION__' predefined identifier [-Wpedantic] rodbi.c:2475:24: warning: ISO C does not support '__FUNCTION__' predefined identifier [-Wpedantic] rodbi.c:2578:26: warning: ISO C does not support '__FUNCTION__' predefined identifier [-Wpedantic] rodbi.c:2758:30: warning: ISO C does not support '__FUNCTION__' predefined identifier [-Wpedantic] rodbi.c:2784:30: warning: ISO C does not support '__FUNCTION__' predefined identifier [-Wpedantic] rodbi.c:2961:28: warning: ISO C does not support '__FUNCTION__' predefined identifier [-Wpedantic] rodbi.c:2970:28: warning: ISO C does not support '__FUNCTION__' predefined identifier [-Wpedantic] rodbi.c:2981:28: warning: ISO C does not support '__FUNCTION__' predefined identifier [-Wpedantic] rodbi.c:2991:28: warning: ISO C does not support '__FUNCTION__' predefined identifier [-Wpedantic] rodbi.c:3000:28: warning: ISO C does not support '__FUNCTION__' predefined identifier [-Wpedantic] rodbi.c:3017:32: warning: ISO C does not support '__FUNCTION__' predefined identifier [-Wpedantic] rodbi.c:3022:32: warning: ISO C does not support '__FUNCTION__' predefined identifier [-Wpedantic] rodbi.c:3041:28: warning: ISO C does not support '__FUNCTION__' predefined identifier [-Wpedantic] rodbi.c:3283:30: warning: ISO C does not support '__FUNCTION__' predefined identifier [-Wpedantic] rodbi.c:3309:30: warning: ISO C does not support '__FUNCTION__' predefined identifier [-Wpedantic] rodbi.c:3601:28: warning: ISO C does not support '__FUNCTION__' predefined identifier [-Wpedantic] rodbi.c:3609:28: warning: ISO C does not support '__FUNCTION__' predefined identifier [-Wpedantic] rodbi.c:3619:28: warning: ISO C does not support '__FUNCTION__' predefined identifier [-Wpedantic] rodbi.c:3628:28: warning: ISO C does not support '__FUNCTION__' predefined identifier [-Wpedantic] rodbi.c:3636:28: warning: ISO C does not support '__FUNCTION__' predefined identifier [-Wpedantic] rodbi.c:3647:30: warning: ISO C does not support '__FUNCTION__' predefined identifier [-Wpedantic] rodbi.c:3652:30: warning: ISO C does not support '__FUNCTION__' predefined identifier [-Wpedantic] rodbi.c:3737:30: warning: ISO C does not support '__FUNCTION__' predefined identifier [-Wpedantic] rodbi.c:3779:34: warning: ISO C does not support '__FUNCTION__' predefined identifier [-Wpedantic] rodbi.c:3798:34: warning: ISO C does not support '__FUNCTION__' predefined identifier [-Wpedantic] rodbi.c:3804:34: warning: ISO C does not support '__FUNCTION__' predefined identifier [-Wpedantic] rodbi.c:3862:36: warning: ISO C does not support '__FUNCTION__' predefined identifier [-Wpedantic] rodbi.c:3909:34: warning: ISO C does not support '__FUNCTION__' predefined identifier [-Wpedantic] rodbi.c:3932:26: warning: ISO C does not support '__FUNCTION__' predefined identifier [-Wpedantic] rodbi.c:3962:26: warning: ISO C does not support '__FUNCTION__' predefined identifier [-Wpedantic] rodbi.c:4138:29: warning: ISO C does not support '__FUNCTION__' predefined identifier [-Wpedantic] rodbi.c:4144:23: warning: ISO C does not support '__FUNCTION__' predefined identifier [-Wpedantic] rodbi.c:4165:34: warning: ISO C does not support '__FUNCTION__' predefined identifier [-Wpedantic] rodbi.c:4201:34: warning: ISO C does not support '__FUNCTION__' predefined identifier [-Wpedantic] rodbi.c:4209:36: warning: ISO C does not support '__FUNCTION__' predefined identifier [-Wpedantic] rodbi.c:4236:34: warning: ISO C does not support '__FUNCTION__' predefined identifier [-Wpedantic] rodbi.c:4252:32: warning: ISO C does not support '__FUNCTION__' predefined identifier [-Wpedantic] rodbi.c:4260:32: warning: ISO C does not support '__FUNCTION__' predefined identifier [-Wpedantic] rodbi.c:4270:34: warning: ISO C does not support '__FUNCTION__' predefined identifier [-Wpedantic] rodbi.c:4294:36: warning: ISO C does not support '__FUNCTION__' predefined identifier [-Wpedantic] rodbi.c:4305:23: warning: ISO C does not support '__FUNCTION__' predefined identifier [-Wpedantic] rodbi.c:4378:23: warning: ISO C does not support '__FUNCTION__' predefined identifier [-Wpedantic] rodbi.c:4404:23: warning: ISO C does not support '__FUNCTION__' predefined identifier [-Wpedantic] rodbi.c:4409:32: warning: ISO C does not support '__FUNCTION__' predefined identifier [-Wpedantic] rodbi.c:4417:32: warning: ISO C does not support '__FUNCTION__' predefined identifier [-Wpedantic] rodbi.c:4424:23: warning: ISO C does not support '__FUNCTION__' predefined identifier [-Wpedantic] rodbi.c:963:19: warning: ISO C does not support '__FUNCTION__' predefined identifier [-Wpedantic] rodbi.c:1024:19: warning: ISO C does not support '__FUNCTION__' predefined identifier [-Wpedantic] rodbi.c:4545:38: warning: ISO C does not support '__FUNCTION__' predefined identifier [-Wpedantic] rodbi.c:4563:38: warning: ISO C does not support '__FUNCTION__' predefined identifier [-Wpedantic] rodbi.c:4619:23: warning: ISO C does not support '__FUNCTION__' predefined identifier [-Wpedantic] rodbi.c:4623:23: warning: ISO C does not support '__FUNCTION__' predefined identifier [-Wpedantic] rodbi.c:4684:30: warning: ISO C does not support '__FUNCTION__' predefined identifier [-Wpedantic] rodbi.c:4703:32: warning: ISO C does not support '__FUNCTION__' predefined identifier [-Wpedantic] rodbi.c:4715:32: warning: ISO C does not support '__FUNCTION__' predefined identifier [-Wpedantic] rodbi.c:4834:28: warning: ISO C does not support '__FUNCTION__' predefined identifier [-Wpedantic] rodbi.c:4843:28: warning: ISO C does not support '__FUNCTION__' predefined identifier [-Wpedantic] rodbi.c:4924:23: warning: ISO C does not support '__FUNCTION__' predefined identifier [-Wpedantic] rodbi.c:4973:38: warning: ISO C does not support '__FUNCTION__' predefined identifier [-Wpedantic] rodbi.c:5031:36: warning: ISO C does not support '__FUNCTION__' predefined identifier [-Wpedantic] rodbi.c:5038:38: warning: ISO C does not support '__FUNCTION__' predefined identifier [-Wpedantic] rodbi.c:5078:26: warning: ISO C does not support '__FUNCTION__' predefined identifier [-Wpedantic] rodbi.c:5128:36: warning: ISO C does not support '__FUNCTION__' predefined identifier [-Wpedantic] rodbi.c:5160:34: warning: ISO C does not support '__FUNCTION__' predefined identifier [-Wpedantic] rodbi.c:5172:34: warning: ISO C does not support '__FUNCTION__' predefined identifier [-Wpedantic] rodbi.c:5179:34: warning: ISO C does not support '__FUNCTION__' predefined identifier [-Wpedantic] rodbi.c:5190:25: warning: ISO C does not support '__FUNCTION__' predefined identifier [-Wpedantic] rodbi.c:5343:17: warning: ISO C does not support '__FUNCTION__' predefined identifier [-Wpedantic] rodbi.c:5357:24: warning: ISO C does not support '__FUNCTION__' predefined identifier [-Wpedantic] rodbi.c:5444:26: warning: ISO C does not support '__FUNCTION__' predefined identifier [-Wpedantic] rodbi.c:5749:24: warning: ISO C does not support '__FUNCTION__' predefined identifier [-Wpedantic] rooci.c:312:25: warning: ISO C does not support '__FUNCTION__' predefined identifier [-Wpedantic] rooci.c:353:26: warning: ISO C does not support '__FUNCTION__' predefined identifier [-Wpedantic] roociload.c:160:27: warning: ISO C does not support '__FUNCTION__' predefined identifier [-Wpedantic] roociload.c:161:38: warning: ISO C does not support '__FUNCTION__' predefined identifier [-Wpedantic] See 'd:/RCompile/CRANincoming/R-devel/ROracle.Rcheck/00install.out' for details. * used C compiler: 'gcc.exe (GCC) 14.2.0' * checking installed package size ... OK * checking package directory ... OK * checking for future file timestamps ... OK * checking DESCRIPTION meta-information ... OK * checking top-level files ... OK * checking for left-over files ... OK * checking index information ... OK * checking package subdirectories ... OK * checking code files for non-ASCII characters ... OK * checking R files for syntax errors ... OK * checking whether the package can be loaded ... OK * checking whether the package can be loaded with stated dependencies ... OK * checking whether the package can be unloaded cleanly ... OK * checking whether the namespace can be loaded with stated dependencies ... OK * checking whether the namespace can be unloaded cleanly ... OK * checking loading without being on the library search path ... OK * checking whether startup messages can be suppressed ... OK * checking use of S3 registration ... OK * checking dependencies in R code ... OK * checking S3 generic/method consistency ... OK * checking replacement functions ... OK * checking foreign function calls ... OK * checking R code for possible problems ... OK * checking Rd files ... OK * checking Rd metadata ... OK * checking Rd line widths ... OK * checking Rd cross-references ... OK * checking for missing documentation entries ... OK * checking for code/documentation mismatches ... OK * checking Rd \usage sections ... OK * checking Rd contents ... OK * checking for unstated dependencies in examples ... OK * checking line endings in shell scripts ... OK * checking line endings in C/C++/Fortran sources/headers ... OK * checking line endings in Makefiles ... OK * checking compilation flags in Makevars ... OK * checking for GNU extensions in Makefiles ... OK * checking for portable use of $(BLAS_LIBS) and $(LAPACK_LIBS) ... OK * checking use of PKG_*FLAGS in Makefiles ... OK * checking use of SHLIB_OPENMP_*FLAGS in Makefiles ... OK * checking pragmas in C/C++ headers and code ... OK * checking compilation flags used ... OK * checking compiled code ... OK * checking installed files from 'inst/doc' ... OK * checking examples ... OK * checking PDF version of manual ... [20s] OK * checking HTML version of manual ... OK * DONE Status: 1 WARNING, 1 NOTE