* using log directory 'd:/RCompile/CRANincoming/R-devel/ROpenCV.Rcheck' * using R Under development (unstable) (2025-01-27 r87654 ucrt) * using platform: x86_64-w64-mingw32 * R was compiled by gcc.exe (GCC) 13.3.0 GNU Fortran (GCC) 13.3.0 * running under: Windows Server 2022 x64 (build 20348) * using session charset: UTF-8 * checking for file 'ROpenCV/DESCRIPTION' ... OK * this is package 'ROpenCV' version '1.0' * package encoding: UTF-8 * checking CRAN incoming feasibility ... [19s] NOTE Maintainer: 'Pinyong Zhao ' New submission Possibly misspelled words in DESCRIPTION: OpenCV (4:35, 9:66) ROpenCV (4:8) The Title field starts with the package name. The Description field should not start with the package name, 'This package' or similar. * checking package namespace information ... OK * checking package dependencies ... OK * checking if this is a source package ... OK * checking if there is a namespace ... OK * checking for hidden files and directories ... OK * checking for portable file names ... OK * checking serialization versions ... OK * checking whether package 'ROpenCV' can be installed ... WARNING Found the following significant warnings: cv_imgproc.cpp:430:18: warning: ISO C++ forbids variable length array '_ranges' [-Wvla] cv_imgproc.cpp:464:18: warning: ISO C++ forbids variable length array '_ranges' [-Wvla] cv_imgproc.cpp:523:18: warning: ISO C++ forbids variable length array '_ranges' [-Wvla] cv_imgproc.cpp:559:18: warning: ISO C++ forbids variable length array '_ranges' [-Wvla] cv_imgproc.cpp:1464:22: warning: ISO C++ forbids variable length array '_pts' [-Wvla] cv_imgproc.cpp:2777:16: warning: ISO C++ forbids variable length array '_pts' [-Wvla] cv_objtrack.cpp:141:49: warning: 'cv::Mat cv::estimateRigidTransform(InputArray, InputArray, bool)' is deprecated [-Wdeprecated-declarations] See 'd:/RCompile/CRANincoming/R-devel/ROpenCV.Rcheck/00install.out' for details. * used C++ compiler: 'g++.exe (GCC) 13.3.0' * checking installed package size ... OK * checking package directory ... OK * checking for future file timestamps ... OK * checking DESCRIPTION meta-information ... OK * checking top-level files ... OK * checking for left-over files ... OK * checking index information ... OK * checking package subdirectories ... OK * checking code files for non-ASCII characters ... OK * checking R files for syntax errors ... OK * checking whether the package can be loaded ... [13s] OK * checking whether the package can be loaded with stated dependencies ... [11s] OK * checking whether the package can be unloaded cleanly ... [11s] OK * checking whether the namespace can be loaded with stated dependencies ... [10s] OK * checking whether the namespace can be unloaded cleanly ... [11s] OK * checking loading without being on the library search path ... [11s] OK * checking whether startup messages can be suppressed ... [12s] OK * checking use of S3 registration ... OK * checking dependencies in R code ... WARNING '::' or ':::' imports not declared from: 'Range' 'SimpleBlobDetector' * checking S3 generic/method consistency ... OK * checking replacement functions ... OK * checking foreign function calls ... OK * checking R code for possible problems ... [79s] NOTE Warning: : ..3 may be used in an incorrect context .onLoad : : no visible binding for global variable 'DECOMP_LU' .onLoad : : no visible binding for global variable 'keypoints' .onLoad : : no visible binding for global variable 'oldaddr_keypoint' .onLoad : : no visible binding for global variable 'newaddr_keypoint' AKAZE: no visible binding for global variable 'DESCRIPTOR_MLDB' AKAZE: no visible binding for global variable 'DIFF_PM_G2' AgastFeatureDetector: no visible binding for global variable 'TYPE_9_16' AgastFeatureDetector: no visible binding for global variable 'scoreType' BFMatcher: no visible binding for global variable 'NORM_L2' BackgroundSubtractorKNN: no visible binding for global variable 'true' FastFeatureDetector: no visible binding for global variable 'TYPE_9_16' FastFeatureDetector: no visible binding for global variable 'scoreType' HOGDescriptor: no visible binding for global variable 'L2Hys' HOGDescriptor: no visible binding for global variable 'DEFAULT_NLEVELS' RangeAll: no visible global function definition for 'cvRange_all' cv_AGAST: no visible binding for global variable 'OAST_9_16' cv_FAST: no visible binding for global variable 'TYPE_9_16' cv_GaussianBlur: no visible binding for global variable 'BORDER_DEFAULT' cv_GaussianBlur: no visible binding for global variable 'ALGO_HINT_DEFAULT' cv_Laplacian: no visible binding for global variable 'BORDER_DEFAULT' cv_Scharr: no visible binding for global variable 'BORDER_DEFAULT' cv_Sobel: no visible binding for global variable 'BORDER_DEFAULT' cv_batchDistance: no visible binding for global variable 'NORM_L2' cv_bilateralFilter: no visible binding for global variable 'BORDER_DEFAULT' cv_blur: no visible binding for global variable 'BORDER_DEFAULT' cv_boxFilter: no visible binding for global variable 'BORDER_DEFAULT' cv_buildOpticalFlowPyramid: no visible binding for global variable 'BORDER_REFLECT_101' cv_buildOpticalFlowPyramid: no visible binding for global variable 'BORDER_CONSTANT' cv_buildPyramid: no visible binding for global variable 'BORDER_DEFAULT' cv_calcCovarMatrix01: no visible binding for global variable 'CV_64F' cv_calcCovarMatrix02: no visible binding for global variable 'CV_64F' cv_calcOpticalFlowPyrLK: no visible binding for global variable 'COUNT' cv_calcOpticalFlowPyrLK: no visible binding for global variable 'EPS' cv_calibrateCamera01: no visible binding for global variable 'COUNT' cv_calibrateCamera01: no visible binding for global variable 'EPS' cv_calibrateCamera02: no visible binding for global variable 'COUNT' cv_calibrateCamera02: no visible binding for global variable 'EPS' cv_calibrateCamera02: no visible binding for global variable 'DBL_EPSILON' cv_calibrateCameraRO01: no visible binding for global variable 'COUNT' cv_calibrateCameraRO01: no visible binding for global variable 'EPS' cv_calibrateCameraRO01: no visible binding for global variable 'DBL_EPSILON' cv_calibrateCameraRO02: no visible binding for global variable 'COUNT' cv_calibrateCameraRO02: no visible binding for global variable 'EPS' cv_calibrateCameraRO02: no visible binding for global variable 'DBL_EPSILON' cv_calibrateHandEye: no visible binding for global variable 'CALIB_HAND_EYE_TSAI' cv_calibrateHandEye: no visible global function definition for 'cv_calib_calibrateHandEye' cv_calibrateRobotWorldHandEye: no visible binding for global variable 'CALIB_ROBOT_WORLD_HAND_EYE_SHAH' cv_checkHardwareSupport: no visible global function definition for 'cv_core_utility_checkHardwareSupport' cv_circle: no visible binding for global variable 'LINE_8' cv_connectedComponents02: no visible binding for global variable 'CV_32S' cv_connectedComponentsWithStats02: no visible binding for global variable 'CV_32S' cv_cornerEigenValsAndVecs: no visible binding for global variable 'BORDER_DEFAULT' cv_cornerHarris: no visible binding for global variable 'BORDER_DEFAULT' cv_cornerMinEigenVal: no visible binding for global variable 'BORDER_DEFAULT' cv_cvtColor: no visible binding for global variable 'ALGO_HINT_DEFAULT' cv_cvtColorTwoPlane: no visible binding for global variable 'ALGO_HINT_DEFAULT' cv_dilate: no visible binding for global variable 'BORDER_CONSTANT' cv_distanceTransform01: no visible binding for global variable 'CV_32F' cv_distanceTransform02: no visible binding for global variable 'DIST_LABEL_CCOMP' cv_drawContours: no visible binding for global variable 'LINE_8' cv_drawKeypoints: no visible binding for global variable 'DEFAULT' cv_drawMarker: no visible binding for global variable 'MARKER_CROSS' cv_drawMatches01: no visible binding for global variable 'DEFAULT' cv_drawMatches02: no visible binding for global variable 'DEFAULT' cv_drawMatches03: no visible binding for global variable 'DEFAULT' cv_ellipse01: no visible binding for global variable 'LINE_8' cv_ellipse02: no visible binding for global variable 'LINE_8' cv_erode: no visible binding for global variable 'BORDER_CONSTANT' cv_estimateAffine2D01: no visible binding for global variable 'RANSAC' cv_estimateAffine3D01: no visible binding for global variable 'nullptr' cv_estimateAffinePartial2D: no visible binding for global variable 'RANSAC' cv_evaluateFeatureDetector: no visible global function definition for 'XPtrFeatureDetector' cv_fillConvexPoly01: no visible binding for global variable 'LINE_8' cv_fillConvexPoly02: no visible binding for global variable 'LINE_8' cv_fillPoly01: no visible binding for global variable 'LINE_8' cv_fillPoly02: no visible binding for global variable 'LINE_8' cv_filter2D01: no visible global function definition for 'Filter2DParams' cv_filter2D02: no visible binding for global variable 'BORDER_DEFAULT' cv_findChessboardCorners: no visible binding for global variable 'CALIB_CB_ADAPTIVE_THRESH' cv_findChessboardCorners: no visible binding for global variable 'CALIB_CB_NORMALIZE_IMAGE' cv_findCirclesGrid02: no visible binding for global variable 'CALIB_CB_SYMMETRIC_GRID' cv_findEssentialMat01: no visible binding for global variable 'RANSAC' cv_findEssentialMat02: no visible binding for global variable 'RANSAC' cv_findEssentialMat04: no visible binding for global variable 'RANSAC' cv_findFundamentalMat02: no visible binding for global variable 'FM_RANSAC' cv_findFundamentalMat04: no visible binding for global variable 'FM_RANSAC' cv_findTransformECC02: no visible binding for global variable 'MOTION_AFFINE' cv_findTransformECC02: no visible binding for global variable 'COUNT' cv_findTransformECC02: no visible binding for global variable 'EPS' cv_fisheye_solvePnP: no visible binding for global variable 'SOLVEPNP_ITERATIVE' cv_fisheye_solvePnP: no visible binding for global variable 'MAX_ITER' cv_fisheye_solvePnP: no visible binding for global variable 'EPS' cv_fisheye_stereoCalibrate01: no visible binding for global variable 'CALIB_FIX_INTRINSIC' cv_fisheye_stereoCalibrate01: no visible binding for global variable 'COUNT' cv_fisheye_stereoCalibrate01: no visible binding for global variable 'EPS' cv_fisheye_stereoCalibrate01: no visible binding for global variable 'DBL_EPSILON' cv_fisheye_stereoCalibrate02: no visible binding for global variable 'CALIB_FIX_INTRINSIC' cv_fisheye_stereoCalibrate02: no visible binding for global variable 'COUNT' cv_fisheye_stereoCalibrate02: no visible binding for global variable 'EPS' cv_fisheye_stereoCalibrate02: no visible binding for global variable 'DBL_EPSILON' cv_fisheye_undistortPoints: no visible binding for global variable 'MAX_ITER' cv_fisheye_undistortPoints: no visible binding for global variable 'EPS' cv_getDerivKernels: no visible binding for global variable 'CV_32F' cv_getGaborKernel: no visible binding for global variable 'CV_64F' cv_getGaussianKernel: no visible binding for global variable 'CV_64F' cv_getPerspectiveTransform: ..3 may be used in an incorrect context cv_getPerspectiveTransform01: no visible binding for global variable 'DECOMP_LU' cv_getPerspectiveTransform02: no visible binding for global variable 'DECOMP_LU' cv_getTextSize02: no visible binding for global variable 'PUT_TEXT_ALIGN_LEFT' cv_grabCut: no visible binding for global variable 'GC_EVAL' cv_imcount: no visible binding for global variable 'IMREAD_ANYCOLOR' cv_imread01: no visible binding for global variable 'IMREAD_COLOR_BGR' cv_imread02: no visible binding for global variable 'IMREAD_COLOR_BGR' cv_imreadmulti01: no visible binding for global variable 'IMREAD_ANYCOLOR' cv_imreadmulti02: no visible binding for global variable 'IMREAD_ANYCOLOR' cv_initUndistortRectifyMap: no visible global function definition for 'cv_3d_initUndistortRectifyMap' cv_initWideAngleProjMap01: no visible binding for global variable 'PROJ_SPHERICAL_EQRECT' cv_invert: no visible binding for global variable 'DECOMP_LU' cv_line: no visible binding for global variable 'LINE_8' cv_morphologyEx: no visible binding for global variable 'BORDER_CONSTANT' cv_namedWindow: no visible binding for global variable 'WINDOW_AUTOSIZE' cv_norm02: no visible binding for global variable 'NORM_L2' cv_norm03: no visible binding for global variable 'NORM_L2' cv_normalize02: no visible binding for global variable 'NORM_L2' cv_polylines01: no visible binding for global variable 'LINE_8' cv_polylines02: no visible binding for global variable 'LINE_8' cv_preCornerDetect: no visible binding for global variable 'BORDER_DEFAULT' cv_putText01: no visible binding for global variable 'LINE_8' cv_putText02: no visible binding for global variable 'PUT_TEXT_ALIGN_LEFT' cv_pyrDown: no visible binding for global variable 'BORDER_DEFAULT' cv_pyrMeanShiftFiltering: no visible binding for global variable 'MAX_ITER' cv_pyrMeanShiftFiltering: no visible binding for global variable 'EPS' cv_pyrUp: no visible binding for global variable 'BORDER_DEFAULT' cv_recoverPose04: no visible binding for global variable 'RANSAC' cv_rectangle01: no visible binding for global variable 'LINE_8' cv_rectangle02: no visible binding for global variable 'LINE_8' cv_registerCameras01: no visible binding for global variable 'COUNT' cv_registerCameras01: no visible binding for global variable 'EPS' cv_registerCameras02: no visible binding for global variable 'COUNT' cv_registerCameras02: no visible binding for global variable 'EPS' cv_remap: no visible binding for global variable 'BORDER_CONSTANT' cv_resize: no visible binding for global variable 'INTER_LINEAR' cv_sepFilter2D: no visible binding for global variable 'BORDER_DEFAULT' cv_solve: no visible binding for global variable 'DECOMP_LU' cv_solvePnP: no visible binding for global variable 'SOLVEPNP_ITERATIVE' cv_solvePnPGeneric: no visible binding for global variable 'SOLVEPNP_ITERATIVE' cv_solvePnPRansac01: no visible binding for global variable 'SOLVEPNP_ITERATIVE' cv_solvePnPRansac02: no visible global function definition for 'UsacParams' cv_solvePnPRefineLM: no visible binding for global variable 'EPS' cv_solvePnPRefineLM: no visible binding for global variable 'COUNT' cv_solvePnPRefineLM: no visible binding for global variable 'FLT_EPSILON' cv_solvePnPRefineVVS: no visible binding for global variable 'EPS' cv_solvePnPRefineVVS: no visible binding for global variable 'COUNT' cv_solvePnPRefineVVS: no visible binding for global variable 'FLT_EPSILON' cv_spatialGradient: no visible binding for global variable 'BORDER_DEFAULT' cv_sqrBoxFilter: no visible binding for global variable 'BORDER_DEFAULT' cv_stereoCalibrate01: no visible binding for global variable 'CALIB_FIX_INTRINSIC' cv_stereoCalibrate01: no visible binding for global variable 'COUNT' cv_stereoCalibrate01: no visible binding for global variable 'EPS' cv_stereoCalibrate02: no visible binding for global variable 'CALIB_FIX_INTRINSIC' cv_stereoCalibrate02: no visible binding for global variable 'COUNT' cv_stereoCalibrate02: no visible binding for global variable 'EPS' cv_stereoCalibrate03: no visible binding for global variable 'CALIB_FIX_INTRINSIC' cv_stereoCalibrate03: no visible binding for global variable 'COUNT' cv_stereoCalibrate03: no visible binding for global variable 'EPS' cv_triangleRasterize: no visible global function definition for 'TriangleRasterizeSettings' cv_triangleRasterizeColor: no visible global function definition for 'TriangleRasterizeSettings' cv_triangleRasterizeDepth: no visible global function definition for 'TriangleRasterizeSettings' cv_undistortImagePoints: no visible binding for global variable 'MAX_ITER' cv_undistortImagePoints: no visible binding for global variable 'EPS' cv_undistortPoints: no visible binding for global variable 'MAX_ITER' cv_warpAffine: no visible binding for global variable 'INTER_LINEAR' cv_warpAffine: no visible binding for global variable 'BORDER_CONSTANT' cv_warpPerspective: no visible binding for global variable 'INTER_LINEAR' cv_warpPerspective: no visible binding for global variable 'BORDER_CONSTANT' Undefined global functions or variables: ALGO_HINT_DEFAULT BORDER_CONSTANT BORDER_DEFAULT BORDER_REFLECT_101 CALIB_CB_ADAPTIVE_THRESH CALIB_CB_NORMALIZE_IMAGE CALIB_CB_SYMMETRIC_GRID CALIB_FIX_INTRINSIC CALIB_HAND_EYE_TSAI CALIB_ROBOT_WORLD_HAND_EYE_SHAH COUNT CV_32F CV_32S CV_64F DBL_EPSILON DECOMP_LU DEFAULT DEFAULT_NLEVELS DESCRIPTOR_MLDB DIFF_PM_G2 DIST_LABEL_CCOMP EPS FLT_EPSILON FM_RANSAC Filter2DParams GC_EVAL IMREAD_ANYCOLOR IMREAD_COLOR_BGR INTER_LINEAR L2Hys LINE_8 MARKER_CROSS MAX_ITER MOTION_AFFINE NORM_L2 OAST_9_16 PROJ_SPHERICAL_EQRECT PUT_TEXT_ALIGN_LEFT RANSAC SOLVEPNP_ITERATIVE TYPE_9_16 TriangleRasterizeSettings UsacParams WINDOW_AUTOSIZE XPtrFeatureDetector cvRange_all cv_3d_initUndistortRectifyMap cv_calib_calibrateHandEye cv_core_utility_checkHardwareSupport keypoints newaddr_keypoint nullptr oldaddr_keypoint scoreType true Warning: : ..3 may be used in an incorrect context * checking Rd files ... OK * checking Rd metadata ... OK * checking Rd line widths ... OK * checking Rd cross-references ... NOTE Found the following Rd file(s) with Rd \link{} targets missing package anchors: Rcpp_cvAKAZE.rd: C++Object-class Rcpp_cvAgastFeatureDetector.rd: C++Object-class Rcpp_cvAlgorithm.rd: C++Object-class Rcpp_cvBFMatcher.rd: C++Object-class Rcpp_cvBackgroundSubtractorKNN.rd: C++Object-class Rcpp_cvBackgroundSubtractorMOG.rd: C++Object-class Rcpp_cvBackgroundSubtractorMOG2.rd: C++Object-class Rcpp_cvCascadeClassifier.rd: C++Object-class Rcpp_cvDMatch.rd: C++Object-class Rcpp_cvDetectionROI.rd: C++Object-class Rcpp_cvFastFeatureDetector.rd: C++Object-class Rcpp_cvFileNode.rd: C++Object-class Rcpp_cvFileNodeIterator.rd: C++Object-class Rcpp_cvFileStorage.rd: C++Object-class Rcpp_cvFilter2DParams.rd: C++Object-class Rcpp_cvFlannBasedMatcher.rd: C++Object-class Rcpp_cvFontFace.rd: C++Object-class Rcpp_cvHOGDescriptorv.rd: C++Object-class Rcpp_cvKAZE.rd: C++Object-class Rcpp_cvKeyPoint.rd: C++Object-class Rcpp_cvMat.rd: C++Object-class Rcpp_cvMatSize.rd: C++Object-class Rcpp_cvMoments.rd: C++Object-class Rcpp_cvORB.rd: C++Object-class Rcpp_cvPoint.rd: C++Object-class Rcpp_cvPoint2d.rd: C++Object-class Rcpp_cvPoint2f.rd: C++Object-class Rcpp_cvPoint2i.rd: C++Object-class Rcpp_cvPoint2l.rd: C++Object-class Rcpp_cvPoint3d.rd: C++Object-class Rcpp_cvPoint3f.rd: C++Object-class Rcpp_cvPoint3i.rd: C++Object-class Rcpp_cvRNG.rd: C++Object-class Rcpp_cvRange.rd: C++Object-class Rcpp_cvRect.rd: C++Object-class Rcpp_cvRect2d.rd: C++Object-class Rcpp_cvRect2f.rd: C++Object-class Rcpp_cvRect2i.rd: C++Object-class Rcpp_cvRotatedRect.rd: C++Object-class Rcpp_cvSIFT.rd: C++Object-class Rcpp_cvSURF.rd: C++Object-class Rcpp_cvScalar.rd: C++Object-class Rcpp_cvSize.rd: C++Object-class Rcpp_cvSize2d.rd: C++Object-class Rcpp_cvSize2f.rd: C++Object-class Rcpp_cvSize2l.rd: C++Object-class Rcpp_cvSparseMat.rd: C++Object-class Rcpp_cvTermCriteria.rd: C++Object-class Rcpp_cvUMat.rd: C++Object-class Rcpp_cvVec2b.rd: C++Object-class Rcpp_cvVec2d.rd: C++Object-class Rcpp_cvVec2f.rd: C++Object-class Rcpp_cvVec2i.rd: C++Object-class Rcpp_cvVec2l.rd: C++Object-class Rcpp_cvVec2s.rd: C++Object-class Rcpp_cvVec2w.rd: C++Object-class Rcpp_cvVec3f.rd: C++Object-class Rcpp_cvVec4f.rd: C++Object-class Rcpp_cvVec4i.rd: C++Object-class Rcpp_cvVec5i.rd: C++Object-class Rcpp_cvVideoCapture.rd: C++Object-class Rcpp_stdVectorOfDMatch.rd: C++Object-class Rcpp_stdVectorOfKeyPoint.rd: C++Object-class Rcpp_stdVectorOfMat.rd: C++Object-class Rcpp_stdVectorOfPoint.rd: C++Object-class Rcpp_stdVectorOfPoint2d.rd: C++Object-class Rcpp_stdVectorOfPoint2f.rd: C++Object-class Rcpp_stdVectorOfPoint3d.rd: C++Object-class Rcpp_stdVectorOfPoint3f.rd: C++Object-class Rcpp_stdVectorOfPoint3i.rd: C++Object-class Rcpp_stdVectorOfRect.rd: C++Object-class Rcpp_stdVectorOfString.rd: C++Object-class Rcpp_stdVectorOfVec2f.rd: C++Object-class Rcpp_stdVectorOfVec3f.rd: C++Object-class Rcpp_stdVectorOfVec4f.rd: C++Object-class Rcpp_stdVectorOfVec4i.rd: C++Object-class Rcpp_stdVectorOfVec6f.rd: C++Object-class Rcpp_stdVectorOfVectorOfDMatch.rd: C++Object-class Rcpp_stdVectorOfVectorOfKeyPoint.rd: C++Object-class Rcpp_stdVectorOfVectorOfPoint.rd: C++Object-class Rcpp_stdVectorOfVectorOfPoint2d.rd: C++Object-class Rcpp_stdVectorOfVectorOfPoint2f.rd: C++Object-class Rcpp_stdVectorOfVectorOfPoint3d.rd: C++Object-class Rcpp_stdVectorOfVectorOfPoint3f.rd: C++Object-class Rcpp_stdVectorOfVectorOfPoint3i.rd: C++Object-class Rcpp_stdVectorOfVectorOfc.rd: C++Object-class Rcpp_stdVectorOfc.rd: C++Object-class Rcpp_stdVectorOfd.rd: C++Object-class Rcpp_stdVectorOff.rd: C++Object-class Rcpp_stdVectorOfi.rd: C++Object-class Rcpp_stdVectorOfuc.rd: C++Object-class Please provide package anchors for all Rd \link{} targets not in the package itself and the base packages. * checking for missing documentation entries ... WARNING Undocumented code objects: 'FastLineDetector_' 'OpenCVEnv' 'cvAKAZE' 'cvAgastFeatureDetector' 'cvAlgorithm' 'cvBFMatcher' 'cvBackgroundSubtractorKNN' 'cvBackgroundSubtractorMOG' 'cvBackgroundSubtractorMOG2' 'cvCascadeClassifier' 'cvDMatch' 'cvDetectionROI' 'cvFastFeatureDetector' 'cvFileNode' 'cvFileNodeIterator' 'cvFileStorage' 'cvFilter2DParams' 'cvFlannBasedMatcher' 'cvFontFace' 'cvHOGDescriptor' 'cvKAZE' 'cvKeyPoint' 'cvMat' 'cvMatExpr' 'cvMatSize' 'cvMoments' 'cvORB' 'cvPoint' 'cvPoint2d' 'cvPoint2f' 'cvPoint2i' 'cvPoint2l' 'cvPoint3d' 'cvPoint3f' 'cvPoint3i' 'cvRNG' 'cvRange' 'cvRect' 'cvRect2d' 'cvRect2f' 'cvRect2i' 'cvRotatedRect' 'cvSIFT' 'cvSURF' 'cvScalar' 'cvSize' 'cvSize2d' 'cvSize2f' 'cvSize2l' 'cvSparseMat' 'cvTermCriteria' 'cvUMat' 'cvVec2b' 'cvVec2d' 'cvVec2f' 'cvVec2i' 'cvVec2l' 'cvVec2s' 'cvVec2w' 'cvVec3f' 'cvVec4f' 'cvVec4i' 'cvVec5i' 'cvVideoCapture' 'isItXPtr2Anything' 'stdVectorOfDMatch' 'stdVectorOfKeyPoint' 'stdVectorOfMat' 'stdVectorOfPoint' 'stdVectorOfPoint2d' 'stdVectorOfPoint2f' 'stdVectorOfPoint3d' 'stdVectorOfPoint3f' 'stdVectorOfPoint3i' 'stdVectorOfRect' 'stdVectorOfString' 'stdVectorOfVec2f' 'stdVectorOfVec3f' 'stdVectorOfVec4f' 'stdVectorOfVec4i' 'stdVectorOfVec6f' 'stdVectorOfVectorOfDMatch' 'stdVectorOfVectorOfKeyPoint' 'stdVectorOfVectorOfPoint' 'stdVectorOfVectorOfPoint2d' 'stdVectorOfVectorOfPoint2f' 'stdVectorOfVectorOfPoint3d' 'stdVectorOfVectorOfPoint3f' 'stdVectorOfVectorOfPoint3i' 'stdVectorOfVectorOfc' 'stdVectorOfc' 'stdVectorOfd' 'stdVectorOff' 'stdVectorOfi' 'stdVectorOfuc' Undocumented S4 classes: 'Rcpp_cvMatExpr' All user-level objects in a package (including S4 classes and methods) should have documentation entries. See chapter 'Writing R documentation files' in the 'Writing R Extensions' manual. * checking for code/documentation mismatches ... OK * checking Rd \usage sections ... OK * checking Rd contents ... OK * checking for unstated dependencies in examples ... OK * checking line endings in C/C++/Fortran sources/headers ... OK * checking line endings in Makefiles ... OK * checking compilation flags in Makevars ... OK * checking for GNU extensions in Makefiles ... OK * checking for portable use of $(BLAS_LIBS) and $(LAPACK_LIBS) ... OK * checking use of PKG_*FLAGS in Makefiles ... OK * checking use of SHLIB_OPENMP_*FLAGS in Makefiles ... OK * checking pragmas in C/C++ headers and code ... OK * checking compilation flags used ... OK * checking compiled code ... OK * checking examples ... [24s] OK * checking PDF version of manual ... [29s] OK * checking HTML version of manual ... [165s] OK * DONE Status: 3 WARNINGs, 3 NOTEs