* using log directory 'd:/RCompile/CRANincoming/R-devel/OnlineDetection.Rcheck' * using R Under development (unstable) (2025-11-06 r88990 ucrt) * using platform: x86_64-w64-mingw32 * R was compiled by gcc.exe (GCC) 14.3.0 GNU Fortran (GCC) 14.3.0 * running under: Windows Server 2022 x64 (build 20348) * using session charset: UTF-8 * checking for file 'OnlineDetection/DESCRIPTION' ... OK * checking extension type ... Package * this is package 'OnlineDetection' version '0.1.0' * package encoding: UTF-8 * checking CRAN incoming feasibility ... NOTE Maintainer: 'Xiaoyu Ma' New submission No Authors@R field in DESCRIPTION. Please add one, modifying Authors@R: c(person(given = "Jun", family = "Lu", role = "aut"), person(given = "Xiaoyu", family = "Ma", role = c("aut", "cre"), email = "xyu.ma@outlook.com")) as necessary. The Title field should be in title case. Current version is: 'Change point detection for the streaming data' In title case that is: 'Change Point Detection for the Streaming Data' This build time stamp is over a month old. * checking package namespace information ... OK * checking package dependencies ... OK * checking if this is a source package ... OK * checking if there is a namespace ... OK * checking for hidden files and directories ... OK * checking for portable file names ... OK * checking serialization versions ... OK * checking whether package 'OnlineDetection' can be installed ... WARNING Found the following significant warnings: Warning: D:/temp/2025_11_08_09_05_16_11395/RtmpCyWbAv/R.INSTALL87241ebd1f82/OnlineDetection/man/ista_HQ.Rd:21: unexpected TEXT ' ', expecting '{' Warning: D:/temp/2025_11_08_09_05_16_11395/RtmpCyWbAv/R.INSTALL87241ebd1f82/OnlineDetection/man/ista_HQ.Rd:22: unknown macro '\item' See 'd:/RCompile/CRANincoming/R-devel/OnlineDetection.Rcheck/00install.out' for details. * checking installed package size ... OK * checking package directory ... OK * checking for future file timestamps ... OK * checking DESCRIPTION meta-information ... OK * checking top-level files ... OK * checking for left-over files ... OK * checking index information ... OK * checking package subdirectories ... OK * checking code files for non-ASCII characters ... OK * checking R files for syntax errors ... OK * checking whether the package can be loaded ... OK * checking whether the package can be loaded with stated dependencies ... OK * checking whether the package can be unloaded cleanly ... OK * checking whether the namespace can be loaded with stated dependencies ... OK * checking whether the namespace can be unloaded cleanly ... OK * checking loading without being on the library search path ... OK * checking use of S3 registration ... OK * checking dependencies in R code ... OK * checking S3 generic/method consistency ... OK * checking replacement functions ... OK * checking foreign function calls ... OK * checking R code for possible problems ... OK * checking Rd files ... WARNING prepare_Rd: ./man/ista_HQ.Rd:21: unexpected TEXT ' ', expecting '{' prepare_Rd: ./man/ista_HQ.Rd:22: unknown macro '\item' checkRd: (-1) ista_HQ.Rd:21: Lost braces 21 | \item {beta}{The solution for the HQ optimization.} | ^ checkRd: (-1) ista_HQ.Rd:22: Lost braces; missing escapes or markup? 22 | \item {costS}{The cost valueS at each step.} | ^ checkRd: (-1) ista_HQ.Rd:22: Lost braces 22 | \item {costS}{The cost valueS at each step.} | ^ * checking Rd metadata ... OK * checking Rd line widths ... OK * checking Rd cross-references ... OK * checking for missing documentation entries ... OK * checking for code/documentation mismatches ... OK * checking Rd \usage sections ... OK * checking Rd contents ... OK * checking for unstated dependencies in examples ... OK * checking examples ... NONE * checking PDF version of manual ... [19s] OK * checking HTML version of manual ... OK * checking for code which exercises the package ... WARNING No examples, no tests, no vignettes * DONE Status: 3 WARNINGs, 1 NOTE