* using log directory ‘/srv/hornik/tmp/CRAN_pretest/NPtestIndep.Rcheck’ * using R Under development (unstable) (2025-11-11 r89006) * using platform: x86_64-pc-linux-gnu * R was compiled by Debian clang version 19.1.7 (7) Debian flang-new version 19.1.7 (7) * running under: Debian GNU/Linux forky/sid * using session charset: UTF-8 * checking for file ‘NPtestIndep/DESCRIPTION’ ... OK * checking extension type ... Package * this is package ‘NPtestIndep’ version ‘1.0’ * package encoding: UTF-8 * checking CRAN incoming feasibility ... [3s/3s] NOTE Maintainer: ‘Haiyan Wang ’ New submission Possibly misspelled words in DESCRIPTION: NPtest (11:64) PSSIM (12:14) indep (11:71) No Authors@R field in DESCRIPTION. Please add one, modifying Authors@R: c(person(given = c("Brady", "Eisert", "&", "Haiyan"), family = "Wang", role = "aut"), person(given = "Haiyan", family = "Wang", role = "cre", email = "hwang@ksu.edu")) as necessary. The Title field should be in title case. Current version is: ‘Nonparametric test of independence in presence of treatment effects’ In title case that is: ‘Nonparametric Test of Independence in Presence of Treatment Effects’ The Description field should not start with the package name, 'This package' or similar. The Date field is over a month old. * checking package namespace information ... OK * checking package dependencies ... OK * checking if this is a source package ... OK * checking if there is a namespace ... OK * checking for executable files ... OK * checking for hidden files and directories ... OK * checking for portable file names ... OK * checking for sufficient/correct file permissions ... OK * checking serialization versions ... OK * checking whether package ‘NPtestIndep’ can be installed ... [9s/9s] ERROR Installation failed. See ‘/srv/hornik/tmp/CRAN_pretest/NPtestIndep.Rcheck/00install.out’ for details. * DONE Status: 1 ERROR, 1 NOTE