* using log directory 'd:/RCompile/CRANincoming/R-devel/MultiTraits.Rcheck' * using R Under development (unstable) (2025-09-30 r88885 ucrt) * using platform: x86_64-w64-mingw32 * R was compiled by gcc.exe (GCC) 14.2.0 GNU Fortran (GCC) 14.2.0 * running under: Windows Server 2022 x64 (build 20348) * using session charset: UTF-8 * checking for file 'MultiTraits/DESCRIPTION' ... OK * checking extension type ... Package * this is package 'MultiTraits' version '0.6.0' * package encoding: UTF-8 * checking CRAN incoming feasibility ... [10s] NOTE Maintainer: 'Yan He ' Found the following URLs which should use \doi (with the DOI name only): File 'CSR.Rd': https://doi.org/10.1111/1365-2435.12722 File 'CSR_plot.Rd': https://doi.org/10.1111/1365-2435.12722 File 'LHS.Rd': https://doi.org/10.1023/A:1004327224729 https://doi.org/10.1016/j.foreco.2022.120540 File 'LHS_plot.Rd': https://doi.org/10.1023/A:1004327224729 https://doi.org/10.1016/j.foreco.2022.120540 File 'LHS_strategy_scheme.Rd': https://doi.org/10.1023/A:1004327224729 https://doi.org/10.1016/j.foreco.2022.120540 File 'NPT_continuous.Rd': https://doi.org/10.1111/ele.12462 https://doi.org/10.3389/fpls.2020.00841 File 'NPT_continuous_plot.Rd': https://doi.org/10.1111/ele.12462 https://doi.org/10.3389/fpls.2020.00841 File 'NPT_discrete.Rd': https://doi.org/10.1111/ele.12462 https://doi.org/10.1086/693781 File 'NPT_discrete_plot.Rd': https://doi.org/10.1111/ele.12462 https://doi.org/10.1086/693781 File 'PFF.Rd': https://doi.org/10.1111/j.1365-2435.2009.01672.x File 'PFF_tree.Rd': https://doi.org/10.1111/j.1365-2435.2009.01672.x File 'PTN.Rd': https://doi.org/10.1016/j.tree.2020.06.003 https://doi.org/10.1111/ele.14009 File 'PTN_corr.Rd': https://doi.org/10.1016/j.tree.2020.06.003 https://doi.org/10.1111/ele.14009 File 'PTN_metrics.Rd': https://doi.org/10.1016/j.tree.2020.06.003 https://doi.org/10.1111/ele.14009 File 'PTN_plot.Rd': https://doi.org/10.1016/j.tree.2020.06.003 https://doi.org/10.1111/ele.14009 * checking package namespace information ... OK * checking package dependencies ... OK * checking if this is a source package ... OK * checking if there is a namespace ... OK * checking for hidden files and directories ... OK * checking for portable file names ... OK * checking whether package 'MultiTraits' can be installed ... ERROR Installation failed. See 'd:/RCompile/CRANincoming/R-devel/MultiTraits.Rcheck/00install.out' for details. * DONE Status: 1 ERROR, 1 NOTE