* using log directory 'd:/RCompile/CRANincoming/R-devel/MikeMAP.Rcheck' * using R Under development (unstable) (2025-11-11 r89006 ucrt) * using platform: x86_64-w64-mingw32 * R was compiled by gcc.exe (GCC) 14.3.0 GNU Fortran (GCC) 14.3.0 * running under: Windows Server 2022 x64 (build 20348) * using session charset: UTF-8 * checking for file 'MikeMAP/DESCRIPTION' ... OK * checking extension type ... Package * this is package 'MikeMAP' version '0.1.1' * package encoding: UTF-8 * checking CRAN incoming feasibility ... NOTE Maintainer: 'Mike Dereviankin ' New submission Possibly misspelled words in DESCRIPTION: MNIST (11:75) UMAP (3:8, 10:32) embeddings (10:37) Found the following (possibly) invalid URLs: URL: https://mikedereviankin.github.io/Mike-MAP From: README.md Status: 404 Message: Not Found * checking package namespace information ... OK * checking package dependencies ... OK * checking if this is a source package ... OK * checking if there is a namespace ... OK * checking for hidden files and directories ... NOTE Found the following hidden files and directories: man/figures/.gitkeep These were most likely included in error. See section 'Package structure' in the 'Writing R Extensions' manual. CRAN-pack does not know about man/figures/.gitkeep * checking for portable file names ... OK * checking whether package 'MikeMAP' can be installed ... ERROR Installation failed. See 'd:/RCompile/CRANincoming/R-devel/MikeMAP.Rcheck/00install.out' for details. * DONE Status: 1 ERROR, 2 NOTEs